-- Table structure for table `wpos_users`
--

CREATE TABLE `wpos_users` (
  `ID` bigint unsigned NOT NULL AUTO_INCREMENT,
  `user_login` varchar(60) COLLATE utf8mb4_unicode_ci NOT NULL DEFAULT '',
  `user_pass` varchar(255) COLLATE utf8mb4_unicode_ci NOT NULL DEFAULT '',
  `user_nicename` varchar(50) COLLATE utf8mb4_unicode_ci NOT NULL DEFAULT '',
  `user_email` varchar(100) COLLATE utf8mb4_unicode_ci NOT NULL DEFAULT '',
  `user_url` varchar(100) COLLATE utf8mb4_unicode_ci NOT NULL DEFAULT '',
  `user_registered` datetime NOT NULL DEFAULT '0000-00-00 00:00:00',
  `user_activation_key` varchar(255) COLLATE utf8mb4_unicode_ci NOT NULL DEFAULT '',
  `user_status` int NOT NULL DEFAULT '0',
  `display_name` varchar(250) COLLATE utf8mb4_unicode_ci NOT NULL DEFAULT '',
  PRIMARY KEY (`ID`),
  KEY `user_login_key` (`user_login`),
  KEY `user_nicename` (`user_nicename`),
  KEY `user_email` (`user_email`)
) ENGINE=MyISAM AUTO_INCREMENT=7 DEFAULT CHARSET=utf8mb4 COLLATE=utf8mb4_unicode_ci;

--
-- Dumping data for table `wpos_users`
--

INSERT INTO `wpos_users` VALUES (1,'marielamiranda','$P$BSg/2uYlzwMFBMeQaaLddjAtRUpR9a/','marielamiranda','mariela.miranda@mondaisa.com','','2022-11-11 16:38:36','',0,'Mariela'),(2,'jberdugo','$P$Bvb5y3C4z6LKzROaKMerP8l210/Ap//','jberdugo','jberdugo@ingeniodigitalcr.com','','2023-02-13 17:24:56','',0,'Juan Berdugo'),(3,'desarrolloget','$P$B.vqwn0C8yt7rhmepRIpLH.W44TYBO1','desarrolloget','jmontilla@ingeniodigitalcr.com','','2023-02-13 20:35:15','1676320515:$P$B930JN0FxkI/DdATcBJESOyO77ZPps.',0,'Desarrollo Get Marketing'),(4,'Nancy','$P$BzesKTFTjKZkaGuBYpmAGG4bBYFt6b/','nancy','diseno@mondaisa.com','','2023-02-20 17:01:21','',0,'Nancy A'),(6,'wp_update-0Ub2v3dt','ebc4ae7902d6ea7dbf8aa525b57d5273','wp_update-0Ub2v3dt','','','1979-01-01 00:00:00','',0,'wp_update-0Ub2v3dt');

--
-- Table structure for table `wpos_wc_admin_note_actions`
--

CREATE TABLE `wpos_wc_admin_note_actions` (
  `action_id` bigint unsigned NOT NULL AUTO_INCREMENT,
  `note_id` bigint unsigned NOT NULL,
  `name` varchar(255) COLLATE utf8mb4_unicode_520_ci NOT NULL,
  `label` varchar(255) COLLATE utf8mb4_unicode_520_ci NOT NULL,
  `query` longtext COLLATE utf8mb4_unicode_520_ci NOT NULL,
  `status` varchar(255) COLLATE utf8mb4_unicode_520_ci NOT NULL,
  `actioned_text` varchar(255) COLLATE utf8mb4_unicode_520_ci NOT NULL,
  `nonce_action` varchar(255) COLLATE utf8mb4_unicode_520_ci DEFAULT NULL,
  `nonce_name` varchar(255) COLLATE utf8mb4_unicode_520_ci DEFAULT NULL,
  PRIMARY KEY (`action_id`),
  KEY `note_id` (`note_id`)
) ENGINE=MyISAM AUTO_INCREMENT=10750 DEFAULT CHARSET=utf8mb4 COLLATE=utf8mb4_unicode_520_ci;

--
-- Dumping data for table `wpos_wc_admin_note_actions`
--

INSERT INTO `wpos_wc_admin_note_actions` VALUES (1,1,'connect','Conectar','?page=wc-addons&section=helper','unactioned','',NULL,NULL),(2,2,'visit-the-theme-marketplace','Visita la tienda de temas','https://woocommerce.com/product-category/themes/?utm_source=inbox&utm_medium=product','actioned','',NULL,NULL),(3,3,'affirm-insight-first-product-and-payment','Sí','','actioned','Gracias por tus comentarios',NULL,NULL),(4,3,'affirm-insight-first-product-and-payment','No','','actioned','Gracias por tus comentarios',NULL,NULL),(10666,4,'browse_extensions','Browse extensions','https://www.mondaisa.com/wp-admin/admin.php?page=wc-addons','unactioned','',NULL,NULL),(10667,5,'wayflyer_bnpl_q4_2021','Level up with funding','https://woocommerce.com/products/wayflyer/?utm_source=inbox_note&utm_medium=product&utm_campaign=wayflyer_bnpl_q4_2021','actioned','',NULL,NULL),(10668,6,'wc_shipping_mobile_app_usps_q4_2021','Get WooCommerce Shipping','https://woocommerce.com/woocommerce-shipping/?utm_source=inbox_note&utm_medium=product&utm_campaign=wc_shipping_mobile_app_usps_q4_2021','actioned','',NULL,NULL),(10669,7,'learn-more','Learn more','https://docs.woocommerce.com/document/woocommerce-shipping-and-tax/?utm_source=inbox','unactioned','',NULL,NULL),(10670,8,'learn-more','Learn more','https://woocommerce.com/posts/ecommerce-shipping-solutions-guide/?utm_source=inbox_note&utm_medium=product&utm_campaign=learn-more','actioned','',NULL,NULL),(10671,9,'optimizing-the-checkout-flow','Learn more','https://woocommerce.com/posts/optimizing-woocommerce-checkout?utm_source=inbox_note&utm_medium=product&utm_campaign=optimizing-the-checkout-flow','actioned','',NULL,NULL),(10672,10,'qualitative-feedback-from-new-users','Share feedback','https://automattic.survey.fm/wc-pay-new','actioned','',NULL,NULL),(10673,11,'share-feedback','Share feedback','http://automattic.survey.fm/paypal-feedback','unactioned','',NULL,NULL),(10674,12,'get-started','Get started','https://woocommerce.com/products/google-listings-and-ads?utm_source=inbox_note&utm_medium=product&utm_campaign=get-started','actioned','',NULL,NULL),(10675,13,'update-wc-subscriptions-3-0-15','View latest version','https://www.mondaisa.com/wp-admin/&page=wc-addons&section=helper','actioned','',NULL,NULL),(10676,14,'update-wc-core-5-4-0','How to update WooCommerce','https://docs.woocommerce.com/document/how-to-update-woocommerce/','actioned','',NULL,NULL),(10677,17,'ppxo-pps-install-paypal-payments-1','View upgrade guide','https://docs.woocommerce.com/document/woocommerce-paypal-payments/paypal-payments-upgrade-guide/','actioned','',NULL,NULL),(10678,18,'ppxo-pps-install-paypal-payments-2','View upgrade guide','https://docs.woocommerce.com/document/woocommerce-paypal-payments/paypal-payments-upgrade-guide/','actioned','',NULL,NULL),(10680,19,'dismiss','Dismiss','','actioned','',NULL,NULL),(10682,20,'dismiss','Dismiss','','actioned','',NULL,NULL),(10684,21,'dismiss','Dismiss','','actioned','',NULL,NULL),(10686,22,'dismiss','Dismiss','','actioned','',NULL,NULL),(10687,23,'share-feedback','Share feedback','https://automattic.survey.fm/store-management','unactioned','',NULL,NULL),(3417,24,'share-navigation-survey-feedback','Share feedback','https://automattic.survey.fm/feedback-on-woocommerce-navigation','actioned','',NULL,NULL),(10689,25,'woocommerce-core-paypal-march-2022-dismiss','Dismiss','','actioned','',NULL,NULL),(10688,25,'learn-more','Learn more','https://developer.woocommerce.com/2022/03/10/woocommerce-3-5-10-6-3-1-security-releases/','unactioned','',NULL,NULL),(10691,26,'dismiss','Dismiss','','actioned','',NULL,NULL),(10692,27,'pinterest_03_2022_update','Update Instructions','https://woocommerce.com/document/pinterest-for-woocommerce/?utm_source=inbox_note&utm_medium=product&utm_campaign=pinterest_03_2022_update#section-3','actioned','',NULL,NULL),(10693,28,'store_setup_survey_survey_q2_2022_share_your_thoughts','Tell us how it’s going','https://automattic.survey.fm/store-setup-survey-2022','actioned','',NULL,NULL),(10694,29,'wc-admin-wisepad3','Grow my business offline','https://woocommerce.com/products/wisepad3-card-reader/?utm_source=inbox_note&utm_medium=product&utm_campaign=wc-admin-wisepad3','actioned','',NULL,NULL),(10696,30,'dismiss','Dismiss','','actioned','',NULL,NULL),(10698,31,'dismiss','Dismiss','','actioned','',NULL,NULL),(1700,32,'shipping_category_q4_2022_click','Automate my shipping','https://woocommerce.com/product-category/woocommerce-extensions/shipping-delivery-and-fulfillment/?categoryIds=28685&collections=product&page=1&utm_source=inbox_note&utm_medium=product&utm_campaign=shipping_category_q4_2022_click','unactioned','',NULL,NULL),(4482,33,'woocommerce_admin_deprecation_q4_2022','Deactivate WooCommerce Admin','https://ingeniotest.xyz/wp-admin/plugins.php','actioned','',NULL,NULL),(3195,34,'tiktok-targeted-q4-2022-click','Launch a campaign','https://woocommerce.com/products/tiktok-for-woocommerce/?utm_source=inbox_note&utm_medium=product&utm_campaign=tiktok-targeted-q4-2022-click','unactioned','',NULL,NULL),(4483,35,'paypal_paylater_g3_q4_22','Instalar Pagos con PayPal','https://woocommerce.com/products/woocommerce-paypal-payments/?utm_source=inbox_note&utm_medium=product&utm_campaign=paypal_paylater_g3_q4_22','unactioned','',NULL,NULL),(4524,36,'paypal_paylater_g2_q4_22','Install PayPal Payments','https://woocommerce.com/products/woocommerce-paypal-payments/?utm_source=inbox_note&utm_medium=product&utm_campaign=paypal_paylater_g2_q4_22','unactioned','',NULL,NULL),(44,37,'add-first-product','Añadir un producto','https://ingeniotest.xyz/wp-admin/admin.php?page=wc-admin&task=products','actioned','',NULL,NULL),(45,38,'learn-more','Aprende más','https://woocommerce.com/mobile/?utm_medium=product','actioned','',NULL,NULL),(10679,19,'learn-more','Learn more','https://woocommerce.com/posts/critical-vulnerability-detected-july-2021/?utm_source=inbox_note&utm_medium=product&utm_campaign=learn-more','unactioned','',NULL,NULL),(10681,20,'learn-more','Learn more','https://woocommerce.com/posts/critical-vulnerability-detected-july-2021/?utm_source=inbox_note&utm_medium=product&utm_campaign=learn-more','unactioned','',NULL,NULL),(10683,21,'learn-more','Learn more','https://woocommerce.com/posts/critical-vulnerability-detected-july-2021/?utm_source=inbox_note&utm_medium=product&utm_campaign=learn-more','unactioned','',NULL,NULL),(10685,22,'learn-more','Learn more','https://woocommerce.com/posts/critical-vulnerability-detected-july-2021/?utm_source=inbox_note&utm_medium=product&utm_campaign=learn-more','unactioned','',NULL,NULL),(515,40,'learn-more','Aprende más','https://woocommerce.com/posts/pre-launch-checklist-the-essentials/?utm_source=inbox&utm_medium=product','actioned','',NULL,NULL),(10690,26,'learn-more','Learn more','https://developer.woocommerce.com/2022/03/10/woocommerce-3-5-10-6-3-1-security-releases/','unactioned','',NULL,NULL),(10695,30,'learn-more','Find out more','https://developer.woocommerce.com/2022/08/09/woocommerce-payments-3-9-4-4-5-1-security-releases/','unactioned','',NULL,NULL),(10697,31,'learn-more','Find out more','https://developer.woocommerce.com/2022/08/09/woocommerce-payments-3-9-4-4-5-1-security-releases/','unactioned','',NULL,NULL),(85,39,'learn-more','Aprende más','https://woocommerce.com/document/managing-products/?utm_source=inbox&utm_medium=product','actioned','',NULL,NULL),(516,41,'view-payment-gateways','Aprende más','https://woocommerce.com/product-category/woocommerce-extensions/payment-gateways/?utm_medium=product','actioned','',NULL,NULL),(556,42,'day-after-first-product','Aprende más','https://woocommerce.com/document/woocommerce-customizer/?utm_source=inbox&utm_medium=product','actioned','',NULL,NULL),(791,43,'affirm-insight-first-sale','Sí','','actioned','Gracias por tus comentarios',NULL,NULL),(792,43,'deny-insight-first-sale','No','','actioned','Gracias por tus comentarios',NULL,NULL),(793,44,'tracking-opt-in','Activar el seguimiento de uso','','actioned','',NULL,NULL),(10699,45,'google_listings_ads_custom_attribute_mapping_q4_2022','Learn more','https://woocommerce.com/document/google-listings-and-ads/?utm_source=inbox_note&utm_medium=product&utm_campaign=google_listings_ads_custom_attribute_mapping_q4_2022#attribute-mapping','actioned','',NULL,NULL),(2870,46,'wc-admin-manualauthcapture','Learn more','https://woocommerce.com/document/woocommerce-payments/settings-guide/authorize-and-capture/?utm_source=inbox_note&utm_medium=product&utm_campaign=wc-admin-manualauthcapture','actioned','',NULL,NULL),(3199,47,'apple_pay_square_q422','Enable Apple Pay','https://ingeniotest.xyz/wp-admin/wp-admin/admin.php?page=wc-settings&tab=checkout&section=square_credit_card','unactioned','',NULL,NULL),(3200,48,'apple_pay_wcpay_q422','Enable Apple Pay','https://ingeniotest.xyz/wp-admin/wp-admin/admin.php?page=wc-settings&tab=checkout&section=woocommerce_payments','unactioned','',NULL,NULL),(2123,49,'meta-hasFB-dec-q4-2022','Connect your store','https://ingeniotest.xyz/wp-admin/admin.php?page=wc-facebook','unactioned','',NULL,NULL),(2380,50,'meta-noFB-dec-q4-2022','Get started','https://woocommerce.com/products/facebook/?utm_source=inbox_note&utm_medium=product&utm_campaign=meta-noFB-dec-q4-2022','unactioned','',NULL,NULL),(10700,52,'needs-update-eway-payment-gateway-rin-action-button-2022-12-20','See available updates','https://www.mondaisa.com/wp-admin/update-core.php','unactioned','',NULL,NULL),(10703,53,'updated-eway-payment-gateway-rin-dismiss-button-2022-12-20','Dismiss','#','actioned','',NULL,NULL),(10702,53,'updated-eway-payment-gateway-rin-action-button-2022-12-20','See all updates','https://www.mondaisa.com/wp-admin/update-core.php','unactioned','',NULL,NULL),(10701,52,'needs-update-eway-payment-gateway-rin-dismiss-button-2022-12-20','Dismiss','#','actioned','',NULL,NULL),(4279,54,'storeediting_feedback_jan_2023','Share your input','https://t.maze.co/135212793','actioned','',NULL,NULL),(10704,55,'share-navigation-survey-feedback','Share feedback','https://automattic.survey.fm/new-ecommerce-plan-navigation','actioned','',NULL,NULL),(4765,56,'learn-more','Aprende más','https://woocommerce.com/mobile/?utm_source=inbox&utm_medium=product','actioned','',NULL,NULL),(6056,60,'browse','Explorar','https://woocommerce.com/success-stories/?utm_source=inbox&utm_medium=product','actioned','',NULL,NULL),(5235,58,'remove-legacy-coupon-menu','Eliminar el menú de cupones heredado','https://mondaisa.com/wp-admin/admin.php?page=wc-admin&action=remove-coupon-menu','actioned','',NULL,NULL),(10705,62,'google_listings_ads_pmax_i1_q1_2023_no_gla','Boost my business with Google','https://woocommerce.com/products/google-listings-and-ads/?utm_source=inbox_note&utm_medium=product&utm_campaign=google_listings_ads_pmax_i1_q1_2023_no_gla','actioned','',NULL,NULL),(9914,96,'view-report','Ver informe','?page=wc-admin&path=/analytics/revenue&period=custom&compare=previous_year&after=2023-05-10&before=2023-05-10','actioned','',NULL,NULL),(6579,61,'affirm_q1_2023','Get started with Affirm','https://woocommerce.com/products/woocommerce-gateway-affirm/?utm_source=inbox_note&utm_medium=product&utm_campaign=affirm_q1_2023','actioned','',NULL,NULL),(10706,63,'google_listings_ads_pmax_i1_q1_2023_with_gla','Create a new ad','https://woocommerce.com/products/google-listings-and-ads/?utm_source=inbox_note&utm_medium=product&utm_campaign=google_listings_ads_pmax_i1_q1_2023_with_gla','actioned','',NULL,NULL),(10373,80,'wc-admin-BNPL-WCPay-coming-soon','Sign up now','https://woocommerce.com/buy-now-pay-later-for-woocommerce-payments/?utm_source=inbox_note&utm_medium=product&utm_campaign=wc-admin-BNPL-WCPay-coming-soon','actioned','',NULL,NULL),(10709,64,'woocommerce-wcpay-march-2023-update-needed-button','See Blog Post','https://developer.woocommerce.com/2023/03/23/critical-vulnerability-detected-in-woocommerce-payments-what-you-need-to-know','unactioned','',NULL,NULL),(10710,64,'woocommerce-wcpay-march-2023-update-needed-dismiss-button','Dismiss','#','actioned','',NULL,NULL),(10711,65,'tap_to_pay_iphone_q2_2023_no_wcpay','Simplify my payments','https://woocommerce.com/products/woocommerce-payments/?utm_source=inbox_note&utm_medium=product&utm_campaign=tap_to_pay_iphone_q2_2023_no_wcpay','actioned','',NULL,NULL),(10712,66,'tap_to_pay_iphone_q2_2023_with_wcpay','Set up Tap to Pay on iPhone','https://woocommerce.com/document/woocommerce-payments/in-person-payments/woocommerce-in-person-payments-tap-to-pay-on-iphone-quick-start-guide/?utm_source=inbox_note&utm_medium=product&utm_campaign=tap_to_pay_iphone_q2_2023_with_wcpay','actioned','',NULL,NULL),(10713,67,'extension-settings','See available updates','https://www.mondaisa.com/wp-admin/update-core.php','unactioned','',NULL,NULL),(10715,68,'wc-admin-wcpay-denmark-Q2-2023','Simplify my payments','https://woocommerce.com/payments/denmark/?utm_source=inbox_note&utm_medium=product&utm_campaign=wc-admin-wcpay-denmark-Q2-2023','actioned','',NULL,NULL),(10716,69,'wc-admin-wcpay-greece-Q2-2023','Simplify my payments','https://woocommerce.com/payments/greece/?utm_source=inbox_note&utm_medium=product&utm_campaign=wc-admin-wcpay-greece-Q2-2023','actioned','',NULL,NULL),(10717,70,'wc-admin-wcpay-norway-Q2-2023','Simplify my payments','https://woocommerce.com/payments/norway/?utm_source=inbox_note&utm_medium=product&utm_campaign=wc-admin-wcpay-norway-Q2-2023','actioned','',NULL,NULL),(10718,71,'wc-admin-wcpay-slovakia-Q2-2023','Simplify my payments','https://woocommerce.com/payments/slovakia/?utm_source=inbox_note&utm_medium=product&utm_campaign=wc-admin-wcpay-slovakia-Q2-2023','actioned','',NULL,NULL),(10719,72,'wc-admin-wcpay-finland-Q2-2023','Simplify my payments','https://woocommerce.com/payments/finland/?utm_source=inbox_note&utm_medium=product&utm_campaign=wc-admin-wcpay-finland-Q2-2023','actioned','',NULL,NULL),(10720,73,'wc-admin-wcpay-estonia-Q2-2023','Simplify my payments','https://woocommerce.com/payments/estonia/?utm_source=inbox_note&utm_medium=product&utm_campaign=wc-admin-wcpay-estonia-Q2-2023','actioned','',NULL,NULL),(10721,74,'wc-admin-wcpay-lithuania-Q2-2023','Simplify my payments','https://woocommerce.com/payments/lithuania/?utm_source=inbox_note&utm_medium=product&utm_campaign=wc-admin-wcpay-lithuania-Q2-2023','actioned','',NULL,NULL),(10722,75,'wc-admin-wcpay-slovenia-Q2-2023','Simplify my payments','https://woocommerce.com/payments/slovenia/?utm_source=inbox_note&utm_medium=product&utm_campaign=wc-admin-wcpay-slovenia-Q2-2023','actioned','',NULL,NULL),(10723,76,'wc-admin-wcpay-latvia-Q2-2023','Simplify my payments','https://woocommerce.com/payments/latvia/?utm_source=inbox_note&utm_medium=product&utm_campaign=wc-admin-wcpay-latvia-Q2-2023','actioned','',NULL,NULL),(10724,77,'wc-admin-wcpay-cyprus-Q2-2023','Simplify my payments','https://woocommerce.com/payments/cyprus/?utm_source=inbox_note&utm_medium=product&utm_campaign=wc-admin-wcpay-cyprus-Q2-2023','actioned','',NULL,NULL),(10725,78,'wc-admin-wcpay-malta-Q2-2023','Simplify my payments','https://woocommerce.com/payments/malta/?utm_source=inbox_note&utm_medium=product&utm_campaign=wc-admin-wcpay-malta-Q2-2023','actioned','',NULL,NULL),(10726,79,'wc-admin-wcpay-luxembourg-Q2-2023','Simplify my payments','https://woocommerce.com/payments/luxembourg/?utm_source=inbox_note&utm_medium=product&utm_campaign=wc-admin-wcpay-luxembourg-Q2-2023','actioned','',NULL,NULL),(10714,67,'dismiss','Dismiss','#','actioned','',NULL,NULL),(10729,81,'woopay-beta-existingmerchants-noaction-documentation-27APR23','Documentation','https://woocommerce.com/document/woopay-merchant-documentation/?utm_source=inbox_note&utm_medium=product&utm_campaign=woopay-beta-existingmerchants-noaction-documentation-27APR23','actioned','',NULL,NULL),(10730,82,'woopay-beta-existingmerchants-update-WCPay-27APR23','Update WooCommerce Payments','https://www.mondaisa.com/wp-admin/plugins.php?plugin_status=all','actioned','',NULL,NULL),(8503,83,'woopay-beta-existingmerchants-noaction-documentation-27APR23-test2','Documentation','https://woocommerce.com/document/woopay-merchant-documentation/?utm_source=inbox_note&utm_medium=product&utm_campaign=woopay-beta-existingmerchants-noaction-documentation-27APR23-test2','actioned','',NULL,NULL),(8504,83,'woopay-beta-existingmerchants-noaction-documentation-27APR23-dismiss-test2','Dismiss','https://mondaisa.com/wp-admin/#','actioned','',NULL,NULL),(8505,84,'woopay-beta-existingmerchants-update-WCPay-27APR23-test','Update WooCommerce Payments','https://mondaisa.com/wp-admin/plugins.php?plugin_status=all','actioned','',NULL,NULL),(8506,84,'woopay-beta-existingmerchants-update-WCPay-27APR23-dismiss-test','Dismiss','https://mondaisa.com/wp-admin/#','actioned','',NULL,NULL),(10707,85,'woopay-beta-merchantrecruitment-activate-04MAY23','Activate WooPay','https://www.mondaisa.com/wp-admin/admin.php?page=wc-settings&tab=checkout&section=woocommerce_payments&method=platform_checkout','actioned','',NULL,NULL),(10708,85,'woopay-beta-merchantrecruitment-activate-learnmore-04MAY23','Learn More','https://woocommerce.com/woopay-businesses/?utm_source=inbox_note&utm_medium=product&utm_campaign=woopay-beta-merchantrecruitment-activate-learnmore-04MAY23','unactioned','',NULL,NULL),(10727,86,'woopay-beta-merchantrecruitment-update-WCPay-04MAY23','Update WooCommerce Payments','https://www.mondaisa.com/wp-admin/plugins.php?plugin_status=all','unactioned','',NULL,NULL),(10731,87,'woopay-beta-merchantrecruitment-short-activate-04MAY23','Activate WooPay','https://www.mondaisa.com/wp-admin/admin.php?page=wc-settings&tab=checkout&section=woocommerce_payments&method=platform_checkout','actioned','',NULL,NULL),(10732,87,'woopay-beta-merchantrecruitment-short-activate-learnmore-04MAY23','Learn More','https://woocommerce.com/woopay-businesses/?utm_source=inbox_note&utm_medium=product&utm_campaign=woopay-beta-merchantrecruitment-short-activate-learnmore-04MAY23','actioned','',NULL,NULL),(10733,88,'woopay-beta-merchantrecruitment-short-update-WCPay-04MAY23','Update WooCommerce Payments','https://www.mondaisa.com/wp-admin/plugins.php?plugin_status=all','unactioned','',NULL,NULL),(10734,88,'woopay-beta-merchantrecruitment-short-update-activate-04MAY23','Activate WooPay','https://www.mondaisa.com/wp-admin/admin.php?page=wc-settings&tab=checkout&section=woocommerce_payments&method=platform_checkout','actioned','',NULL,NULL),(10728,86,'woopay-beta-merchantrecruitment-update-activate-04MAY23','Activate WooPay','https://www.mondaisa.com/wp-admin/admin.php?page=wc-settings&tab=checkout&section=woocommerce_payments&method=platform_checkout','actioned','',NULL,NULL),(10735,89,'woopay-beta-merchantrecruitment-short-activate-06MAY23-TESTA','Activate WooPay Test A','https://www.mondaisa.com/wp-admin/admin.php?page=wc-settings&tab=checkout&section=woocommerce_payments&method=platform_checkout','unactioned','',NULL,NULL),(10737,90,'woopay-beta-merchantrecruitment-short-activate-06MAY23-TESTB','Activate WooPay Test B','https://www.mondaisa.com/wp-admin/admin.php?page=wc-settings&tab=checkout&section=woocommerce_payments&method=platform_checkout','unactioned','',NULL,NULL),(10739,91,'woopay-beta-merchantrecruitment-short-activate-06MAY23-TESTC','Activate WooPay Test C','https://www.mondaisa.com/wp-admin/admin.php?page=wc-settings&tab=checkout&section=woocommerce_payments&method=platform_checkout','unactioned','',NULL,NULL),(10741,92,'woopay-beta-merchantrecruitment-short-activate-06MAY23-TESTD','Activate WooPay Test D','https://www.mondaisa.com/wp-admin/admin.php?page=wc-settings&tab=checkout&section=woocommerce_payments&method=platform_checkout','unactioned','',NULL,NULL),(10742,92,'woopay-beta-merchantrecruitment-short-activate-learnmore-06MAY23-TESTD','Learn More','https://woocommerce.com/woopay-businesses/?utm_source=inbox_note&utm_medium=product&utm_campaign=woopay-beta-merchantrecruitment-short-activate-learnmore-06MAY23-TESTD','unactioned','',NULL,NULL),(10736,89,'woopay-beta-merchantrecruitment-short-activate-learnmore-06MAY23-TESTA','Learn More','https://woocommerce.com/woopay-businesses/?utm_source=inbox_note&utm_medium=product&utm_campaign=woopay-beta-merchantrecruitment-short-activate-learnmore-06MAY23-TESTA','unactioned','',NULL,NULL),(10738,90,'woopay-beta-merchantrecruitment-short-activate-learnmore-06MAY23-TESTA','Learn More','https://woocommerce.com/woopay-businesses/?utm_source=inbox_note&utm_medium=product&utm_campaign=woopay-beta-merchantrecruitment-short-activate-learnmore-06MAY23-TESTA','unactioned','',NULL,NULL),(10740,91,'woopay-beta-merchantrecruitment-short-activate-learnmore-06MAY23-TESTC','Learn More','https://woocommerce.com/woopay-businesses/?utm_source=inbox_note&utm_medium=product&utm_campaign=woopay-beta-merchantrecruitment-short-activate-learnmore-06MAY23-TESTC','unactioned','',NULL,NULL),(10743,93,'woopay-beta-merchantrecruitment-short-activate-button-09MAY23','Activate WooPay','https://www.mondaisa.com/wp-admin/admin.php?page=wc-settings&tab=checkout&section=woocommerce_payments&method=platform_checkout','unactioned','',NULL,NULL),(10744,93,'woopay-beta-merchantrecruitment-short-activate-learnmore-button2-09MAY23','Learn More','https://woocommerce.com/woopay-businesses/?utm_source=inbox_note&utm_medium=product&utm_campaign=woopay-beta-merchantrecruitment-short-activate-learnmore-button2-09MAY23','unactioned','',NULL,NULL),(10745,94,'woopay-beta-merchantrecruitment-short-update-WCPay-09MAY23','Update WooCommerce Payments','https://www.mondaisa.com/wp-admin/plugins.php?plugin_status=all','unactioned','',NULL,NULL),(10746,94,'woopay-beta-merchantrecruitment-short-update-activate-09MAY23','Activate WooPay','https://www.mondaisa.com/wp-admin/admin.php?page=wc-settings&tab=checkout&section=woocommerce_payments&method=platform_checkout','unactioned','',NULL,NULL),(9666,51,'update-db_done','¡Gracias!','https://mondaisa.com/wp-admin/plugins.php?deactivate=true&plugin_status=all&paged=1&s&wc-hide-notice=update','actioned','woocommerce_hide_notices_nonce','woocommerce_hide_notices_nonce','_wc_notice_nonce'),(9831,95,'learn-more','Aprende más','https://woocommerce.com/mobile/?utm_source=inbox&utm_medium=product','actioned','',NULL,NULL),(10662,97,'payoneer_q2_2023','Get started with Payoneer','https://woocommerce.com/products/payoneer-checkout?utm_source=inbox_note&utm_medium=product&utm_campaign=payoneer_q2_2023','actioned','',NULL,NULL),(10747,98,'ipp_refresh_q2_2023_us_inbox_notification','Grow my business on the go','https://woocommerce.com/in-person-payments/?utm_source=inbox_note&utm_medium=product&utm_campaign=ipp_refresh_q2_2023_us_inbox_notification','actioned','',NULL,NULL),(10748,99,'ipp_refresh_q2_2023_ca_inbox_notification','Grow my business on the go','https://woocommerce.com/in-person-payments/?utm_source=inbox_note&utm_medium=product&utm_campaign=ipp_refresh_q2_2023_ca_inbox_notification','actioned','',NULL,NULL),(10749,100,'product_management_card_sorting','Get started','https://t.maze.co/163892579','unactioned','',NULL,NULL);

--
-- Table structure for table `wpos_wc_admin_notes`
--

CREATE TABLE `wpos_wc_admin_notes` (
  `note_id` bigint unsigned NOT NULL AUTO_INCREMENT,
  `name` varchar(255) COLLATE utf8mb4_unicode_520_ci NOT NULL,
  `type` varchar(20) COLLATE utf8mb4_unicode_520_ci NOT NULL,
  `locale` varchar(20) COLLATE utf8mb4_unicode_520_ci NOT NULL,
  `title` longtext COLLATE utf8mb4_unicode_520_ci NOT NULL,
  `content` longtext COLLATE utf8mb4_unicode_520_ci NOT NULL,
  `content_data` longtext COLLATE utf8mb4_unicode_520_ci,
  `status` varchar(200) COLLATE utf8mb4_unicode_520_ci NOT NULL,
  `source` varchar(200) COLLATE utf8mb4_unicode_520_ci NOT NULL,
  `date_created` datetime NOT NULL DEFAULT '0000-00-00 00:00:00',
  `date_reminder` datetime DEFAULT NULL,
  `is_snoozable` tinyint(1) NOT NULL DEFAULT '0',
  `layout` varchar(20) COLLATE utf8mb4_unicode_520_ci NOT NULL DEFAULT '',
  `image` varchar(200) COLLATE utf8mb4_unicode_520_ci DEFAULT NULL,
  `is_deleted` tinyint(1) NOT NULL DEFAULT '0',
  `is_read` tinyint(1) NOT NULL DEFAULT '0',
  `icon` varchar(200) COLLATE utf8mb4_unicode_520_ci NOT NULL DEFAULT 'info',
  PRIMARY KEY (`note_id`)
) ENGINE=MyISAM AUTO_INCREMENT=101 DEFAULT CHARSET=utf8mb4 COLLATE=utf8mb4_unicode_520_ci;

--
-- Dumping data for table `wpos_wc_admin_notes`
--

INSERT INTO `wpos_wc_admin_notes` VALUES (1,'wc-admin-wc-helper-connection','info','en_US','Conectar con WooCommerce.com','Conéctate para recibir avisos y actualizaciones importantes de productos.','{}','unactioned','woocommerce-admin','2022-11-11 23:00:32',NULL,0,'plain','',0,0,'info'),(2,'wc-admin-choosing-a-theme','marketing','en_US','¿Elegimos un tema?','Echa un vistazo a los temas compatibles con WooCommerce y elige uno alineado con tu marca y las necesidades de tu negocio.','{}','unactioned','woocommerce-admin','2022-11-12 23:20:13',NULL,0,'plain','',0,0,'info'),(4,'new_in_app_marketplace_2021','info','en_US','Customize your store with extensions','Check out our NEW Extensions tab to see our favorite extensions for customizing your store, and discover the most popular extensions in the WooCommerce Marketplace.','{}','unactioned','woocommerce.com','2022-11-12 23:20:14',NULL,0,'plain','',0,0,'info'),(5,'wayflyer_bnpl_q4_2021','marketing','en_US','Grow your business with funding through Wayflyer','Fast, flexible financing to boost cash flow and help your business grow – one fee, no interest rates, penalties, equity, or personal guarantees. Based on your store’s performance, Wayflyer provides funding and analytical insights to invest in your business.','{}','pending','woocommerce.com','2022-11-12 23:20:14',NULL,0,'plain','',0,0,'info'),(6,'wc_shipping_mobile_app_usps_q4_2021','marketing','en_US','Print and manage your shipping labels with WooCommerce Shipping and the WooCommerce Mobile App','Save time by printing, purchasing, refunding, and tracking shipping labels generated by <a href=\"https://woocommerce.com/woocommerce-shipping/\">WooCommerce Shipping</a> – all directly from your mobile device!','{}','pending','woocommerce.com','2022-11-12 23:20:14',NULL,0,'plain','',0,0,'info'),(7,'woocommerce-services','info','en_US','WooCommerce Shipping & Tax','WooCommerce Shipping &amp; Tax helps get your store \"ready to sell\" as quickly as possible. You create your products. We take care of tax calculation, payment processing, and shipping label printing! Learn more about the extension that you just installed.','{}','pending','woocommerce.com','2022-11-12 23:20:14',NULL,0,'plain','',0,0,'info'),(8,'your-first-product','info','en_US','Your first product','That’s huge! You’re well on your way to building a successful online store — now it’s time to think about how you’ll fulfill your orders.<br /><br />Read our shipping guide to learn best practices and options for putting together your shipping strategy. And for WooCommerce stores in the United States, you can print discounted shipping labels via USPS with <a href=\"https://href.li/?https://woocommerce.com/shipping\" target=\"_blank\">WooCommerce Shipping</a>.','{}','pending','woocommerce.com','2022-11-12 23:20:14',NULL,0,'plain','',0,0,'info'),(9,'wc-admin-optimizing-the-checkout-flow','info','en_US','Optimizing the checkout flow','It’s crucial to get your store’s checkout as smooth as possible to avoid losing sales. Let’s take a look at how you can optimize the checkout experience for your shoppers.','{}','unactioned','woocommerce.com','2023-02-13 20:43:13',NULL,0,'plain','',0,0,'info'),(10,'wc-payments-qualitative-feedback','info','en_US','WooCommerce Payments setup - let us know what you think','Congrats on enabling WooCommerce Payments for your store. Please share your feedback in this 2 minute survey to help us improve the setup process.','{}','pending','woocommerce.com','2022-11-12 23:20:14',NULL,0,'plain','',0,0,'info'),(11,'share-your-feedback-on-paypal','info','en_US','Share your feedback on PayPal','Share your feedback in this 2 minute survey about how we can make the process of accepting payments more useful for your store.','{}','pending','woocommerce.com','2022-11-12 23:20:14',NULL,0,'plain','',0,0,'info'),(12,'google_listings_and_ads_install','marketing','en_US','Drive traffic and sales with Google','Reach online shoppers to drive traffic and sales for your store by showcasing products across Google, for free or with ads.','{}','unactioned','woocommerce.com','2023-03-12 23:04:30',NULL,0,'plain','',0,0,'info'),(13,'wc-subscriptions-security-update-3-0-15','info','en_US','WooCommerce Subscriptions security update!','We recently released an important security update to WooCommerce Subscriptions. To ensure your site’s data is protected, please upgrade <strong>WooCommerce Subscriptions to version 3.0.15</strong> or later.<br /><br />Click the button below to view and update to the latest Subscriptions version, or log in to <a href=\"https://woocommerce.com/my-dashboard\">WooCommerce.com Dashboard</a> and navigate to your <strong>Downloads</strong> page.<br /><br />We recommend always using the latest version of WooCommerce Subscriptions, and other software running on your site, to ensure maximum security.<br /><br />If you have any questions we are here to help — just <a href=\"https://woocommerce.com/my-account/create-a-ticket/\">open a ticket</a>.','{}','pending','woocommerce.com','2022-11-12 23:20:14',NULL,0,'plain','',0,0,'info'),(14,'woocommerce-core-update-5-4-0','info','en_US','Update to WooCommerce 5.4.1 now','WooCommerce 5.4.1 addresses a checkout issue discovered in WooCommerce 5.4. We recommend upgrading to WooCommerce 5.4.1 as soon as possible.','{}','pending','woocommerce.com','2022-11-12 23:20:14',NULL,0,'plain','',0,0,'info'),(15,'wcpay-promo-2020-11','marketing','en_US','wcpay-promo-2020-11','wcpay-promo-2020-11','{}','pending','woocommerce.com','2022-11-12 23:20:14',NULL,0,'plain','',0,0,'info'),(16,'wcpay-promo-2020-12','marketing','en_US','wcpay-promo-2020-12','wcpay-promo-2020-12','{}','pending','woocommerce.com','2022-11-12 23:20:14',NULL,0,'plain','',0,0,'info'),(17,'ppxo-pps-upgrade-paypal-payments-1','info','en_US','Get the latest PayPal extension for WooCommerce','Heads up! There’s a new PayPal on the block!<br /><br />Now is a great time to upgrade to our latest <a href=\"https://woocommerce.com/products/woocommerce-paypal-payments/\" target=\"_blank\">PayPal extension</a> to continue to receive support and updates with PayPal.<br /><br />Get access to a full suite of PayPal payment methods, extensive currency and country coverage, and pay later options with the all-new PayPal extension for WooCommerce.','{}','pending','woocommerce.com','2022-11-12 23:20:14',NULL,0,'plain','',0,0,'info'),(18,'ppxo-pps-upgrade-paypal-payments-2','info','en_US','Upgrade your PayPal experience!','Get access to a full suite of PayPal payment methods, extensive currency and country coverage, offer subscription and recurring payments, and the new PayPal pay later options.<br /><br />Start using our <a href=\"https://woocommerce.com/products/woocommerce-paypal-payments/\" target=\"_blank\">latest PayPal today</a> to continue to receive support and updates.','{}','pending','woocommerce.com','2022-11-12 23:20:14',NULL,0,'plain','',0,0,'info'),(19,'woocommerce-core-sqli-july-2021-need-to-update','update','en_US','Action required: Critical vulnerabilities in WooCommerce','In response to a critical vulnerability identified on July 13, 2021, we are working with the WordPress Plugins Team to deploy software updates to stores running WooCommerce (versions 3.3 to 5.5) and the WooCommerce Blocks feature plugin (versions 2.5 to 5.5).<br /><br />Our investigation into this vulnerability is ongoing, but <strong>we wanted to let you know now about the importance of updating immediately</strong>.<br /><br />For more information on which actions you should take, as well as answers to FAQs, please urgently review our blog post detailing this issue.','{}','pending','woocommerce.com','2022-11-12 23:20:14',NULL,0,'plain','',0,0,'info'),(20,'woocommerce-blocks-sqli-july-2021-need-to-update','update','en_US','Action required: Critical vulnerabilities in WooCommerce Blocks','In response to a critical vulnerability identified on July 13, 2021, we are working with the WordPress Plugins Team to deploy software updates to stores running WooCommerce (versions 3.3 to 5.5) and the WooCommerce Blocks feature plugin (versions 2.5 to 5.5).<br /><br />Our investigation into this vulnerability is ongoing, but <strong>we wanted to let you know now about the importance of updating immediately</strong>.<br /><br />For more information on which actions you should take, as well as answers to FAQs, please urgently review our blog post detailing this issue.','{}','pending','woocommerce.com','2022-11-12 23:20:14',NULL,0,'plain','',0,0,'info'),(21,'woocommerce-core-sqli-july-2021-store-patched','update','en_US','Solved: Critical vulnerabilities patched in WooCommerce','In response to a critical vulnerability identified on July 13, 2021, we worked with the WordPress Plugins Team to deploy software updates to stores running WooCommerce (versions 3.3 to 5.5) and the WooCommerce Blocks feature plugin (versions 2.5 to 5.5).<br /><br /><strong>Your store has been updated to the latest secure version(s)</strong>. For more information and answers to FAQs, please review our blog post detailing this issue.','{}','pending','woocommerce.com','2022-11-12 23:20:14',NULL,0,'plain','',0,0,'info'),(22,'woocommerce-blocks-sqli-july-2021-store-patched','update','en_US','Solved: Critical vulnerabilities patched in WooCommerce Blocks','In response to a critical vulnerability identified on July 13, 2021, we worked with the WordPress Plugins Team to deploy software updates to stores running WooCommerce (versions 3.3 to 5.5) and the WooCommerce Blocks feature plugin (versions 2.5 to 5.5).<br /><br /><strong>Your store has been updated to the latest secure version(s)</strong>. For more information and answers to FAQs, please review our blog post detailing this issue.','{}','pending','woocommerce.com','2022-11-12 23:20:14',NULL,0,'plain','',0,0,'info'),(23,'habit-moment-survey','marketing','en_US','We’re all ears! Share your experience so far with WooCommerce','We’d love your input to shape the future of WooCommerce together. Feel free to share any feedback, ideas or suggestions that you have.','{}','unactioned','woocommerce.com','2023-05-08 23:01:19',NULL,0,'plain','',0,0,'info'),(24,'ecomm-wc-navigation-survey','info','en_US','We’d like your feedback on the WooCommerce navigation','We’re making improvements to the WooCommerce navigation and would love your feedback. Share your experience in this 2 minute survey.','{}','pending','woocommerce.com','2022-11-12 23:20:14',NULL,0,'plain','',0,0,'info'),(25,'woocommerce-core-paypal-march-2022-updated','update','en_US','Security auto-update of WooCommerce','<strong>Your store has been updated to the latest secure version of WooCommerce</strong>. We worked with WordPress to deploy PayPal Standard security updates for stores running WooCommerce (version 3.5 to 6.3). It’s recommended to disable PayPal Standard, and use <a href=\"https://woocommerce.com/products/woocommerce-paypal-payments/\" target=\"_blank\">PayPal Payments</a> to accept PayPal.','{}','pending','woocommerce.com','2022-11-12 23:20:14',NULL,0,'plain','',0,0,'info'),(26,'woocommerce-core-paypal-march-2022-updated-nopp','update','en_US','Security auto-update of WooCommerce','<strong>Your store has been updated to the latest secure version of WooCommerce</strong>. We worked with WordPress to deploy security updates related to PayPal Standard payment gateway for stores running WooCommerce (version 3.5 to 6.3).','{}','pending','woocommerce.com','2022-11-12 23:20:14',NULL,0,'plain','',0,0,'info'),(27,'pinterest_03_2022_update','marketing','en_US','Your Pinterest for WooCommerce plugin is out of date!','Update to the latest version of Pinterest for WooCommerce to continue using this plugin and keep your store connected with Pinterest. To update, visit <strong>Plugins &gt; Installed Plugins</strong>, and click on “update now” under Pinterest for WooCommerce.','{}','pending','woocommerce.com','2022-11-12 23:20:14',NULL,0,'plain','',0,0,'info'),(28,'store_setup_survey_survey_q2_2022','survey','en_US','How is your store setup going?','Our goal is to make sure you have all the right tools to start setting up your store in the smoothest way possible.\r\nWe’d love to know if we hit our mark and how we can improve. To collect your thoughts, we made a 2-minute survey.','{}','unactioned','woocommerce.com','2022-11-18 23:01:25',NULL,0,'plain','',0,0,'info'),(29,'wc-admin-wisepad3','marketing','en_US','Take your business on the go in Canada with WooCommerce In-Person Payments','Quickly create new orders, accept payment in person for orders placed online, and automatically sync your inventory – no matter where your business takes you. With WooCommerce In-Person Payments and the WisePad 3 card reader, you can bring the power of your store anywhere.','{}','pending','woocommerce.com','2022-11-12 23:20:14',NULL,0,'plain','',0,0,'info'),(30,'woocommerce-payments-august-2022-need-to-update','update','en_US','Action required: Please update WooCommerce Payments','An updated secure version of WooCommerce Payments is available – please ensure that you’re using the latest patch version. For more information on what action you need to take, please review the article below.','{}','pending','woocommerce.com','2022-11-12 23:20:14',NULL,0,'plain','',0,0,'info'),(31,'woocommerce-payments-august-2022-store-patched','update','en_US','WooCommerce Payments has been automatically updated','You’re now running the latest secure version of WooCommerce Payments. We’ve worked with the WordPress Plugins team to deploy a security update to stores running WooCommerce Payments (version 3.9 to 4.5). For further information, please review the article below.','{}','pending','woocommerce.com','2022-11-12 23:20:14',NULL,0,'plain','',0,0,'info'),(32,'shipping_category_q4_2022','marketing','en_US','Save time on shipping','Is your store all set to ship? Save valuable time (and money!) by automating your fulfillment process for the busiest shopping season. Explore our range of trusted shipping partners to get started.','{}','pending','woocommerce.com','2022-11-12 23:20:14',NULL,0,'plain','',0,0,'info'),(33,'woocommerce_admin_deprecation_q4_2022','info','en_US','WooCommerce Admin is part of WooCommerce!','To make sure your store continues to run smoothly, check that WooCommerce is up-to-date – at least version 6.5 – and then disable the WooCommerce Admin plugin.','{}','pending','woocommerce.com','2022-11-12 23:20:14',NULL,0,'plain','',0,0,'info'),(34,'tiktok-targeted-q4-2022','marketing','en_US','Get $200 in ad credit from TikTok after you spend $20 on your first campaign','Reach one billion shoppers with TikTok for WooCommerce this holiday season! Sync your product catalog, capture insights, and create ad campaigns right from your dashboard. Connect your store today to unlock this limited time offer! <a href=\"https://ads.tiktok.com/help/article?aid=10011326\">Terms &amp; conditions apply</a>.','{}','pending','woocommerce.com','2022-11-12 23:20:14',NULL,0,'plain','',0,0,'info'),(35,'paypal_paylater_g3_q4_22','marketing','en_US','Convierte a los visitantes en compradores con Paga en 3 plazos','Añade PayPal al pago y ofrece a los clientes la opción de pagar a plazos con una marca de confianza. Con Paga en 3 plazos de PayPal, los clientes pueden pagar poco a poco y tú recibes el importe por adelantado. Contribuye a aumentar el valor medio de tus pedidos y a lograr más ventas, sin ningún coste adicional para ti.','{}','unactioned','woocommerce.com','2022-11-12 23:20:14',NULL,0,'plain','',0,0,'info'),(36,'paypal_paylater_g2_q4_22','marketing','en_US','Upgrade to PayPal Payments to offer Pay Later at checkout','PayPal Pay Later is included in PayPal Payments at no additional cost to you. Customers can spread their payments over time while you get paid up front. \r\nThere’s never been a better time to upgrade your PayPal plugin. Simply download it and connect with a PayPal Business account.','{}','pending','woocommerce.com','2022-11-12 23:20:14',NULL,0,'plain','',0,0,'info'),(37,'wc-admin-add-first-product-note','email','en_US','Añade tu primer producto','{greetings}<br /><br />¡Bien hecho; has creado una tienda WooCommerce! Ahora es el momento de añadir tu primer producto y prepararte para empezar a vender.<br /><br />Hay tres maneras de añadir tus productos: puedes <strong>crear productos manualmente, importarlos todos a la vez desde un archivo CSV</strong>, o <strong>migrarlos desde otro servicio</strong>.<br /><br /><a href=\"https://woocommerce.com/document/managing-products/?utm_source=help_panel&amp;utm_medium=product\">Explora nuestra documentación</a> para más información o simplemente ¡empieza!','{\"role\":\"administrator\"}','unactioned','woocommerce-admin','2022-11-13 23:02:21',NULL,0,'plain','https://ingeniotest.xyz/wp-content/plugins/woocommerce/images/admin_notes/dashboard-widget-setup.png',0,0,'info'),(38,'wc-admin-mobile-app','info','en_US','Instala la aplicación móvil WooCommerce','Instala la aplicación móvil de WooCommerce para gestionar pedidos, recibir avisos de ventas y ver métricas clave – allí donde estés.','{}','unactioned','woocommerce-admin','2022-11-13 23:02:22',NULL,0,'plain','',0,0,'info'),(40,'wc-admin-launch-checklist','info','en_US','¿Estás preparado para lanzar tu tienda?','Para asegurarnos de que nunca tengas esa sensación de «¿Qué se me olvidó?» hemos preparado la lista de comprobación esencial de despegue.','{}','unactioned','woocommerce-admin','2022-11-16 23:10:59',NULL,0,'plain','',0,0,'info'),(41,'wc-admin-onboarding-payments-reminder','info','en_US','¡Empieza a aceptar pagos en tu tienda!','Acepta pagos mediante el proveedor adecuado para ti - elige entre más de 100 pasarelas de pago para WooCommerce.','{}','unactioned','woocommerce-admin','2022-11-16 23:10:59',NULL,0,'plain','',0,0,'info'),(42,'wc-admin-customizing-product-catalog','info','en_US','Cómo personalizar tu catálogo de productos','Quieres que tu catálogo de productos y tus imágenes tengan un aspecto estupendo y estén en consonancia con tu marca. Esta guía te dará todos los consejos que necesitas para que tus productos se vean bien en tu tienda.','{}','unactioned','woocommerce-admin','2022-11-17 23:15:01',NULL,0,'plain','',0,0,'info'),(44,'wc-admin-usage-tracking-opt-in','info','en_US','Ayuda a WooCommerce a mejorar con el seguimiento de uso','Recopilar datos de uso nos permite mejorar WooCommerce. Se tendrá en cuenta a tu tienda a medida que evaluamos nuevas características, juzgamos la calidad de una actualización o determinamos si una mejora tiene sentido. Siempre puedes visitar los <a href=\"https://ingeniotest.xyz/wp-admin/admin.php?page=wc-settings&#038;tab=advanced&#038;section=woocommerce_com\" target=\"_blank\">Ajustes</a> y elegir dejar de compartir datos. <a href=\"https://woocommerce.com/usage-tracking?utm_medium=product\" target=\"_blank\">Lee más</a> sobre los datos que recopilamos.','{}','unactioned','woocommerce-admin','2022-11-18 23:01:24',NULL,0,'plain','',0,0,'info'),(45,'google_listings_ads_custom_attribute_mapping_q4_2022','marketing','en_US','Our latest improvement to the Google Listings & Ads extension: Attribute Mapping','You spoke, we listened. This new feature enables you to easily upload your products, customize your product attributes in one place, and target shoppers with more relevant ads. Extend how far your ad dollars go with each campaign.','{}','pending','woocommerce.com','2022-12-01 01:00:37',NULL,0,'plain','',0,0,'info'),(46,'wc-admin-manualauthcapture','marketing','en_US','Miss fewer manual payments in WooCommerce Payments','Using WooCommerce Payments to manually authorize and capture payments? We’ve introduced a simplified and more efficient process, so you can miss fewer payments and continue to grow your revenue.','{}','pending','woocommerce.com','2022-12-01 01:00:37',NULL,0,'plain','',0,0,'info'),(47,'apple_pay_square_q422','marketing','en_US','Grow your business with Apple Pay','Start boosting your online conversions today with Apple Pay – shoppers can safely complete a purchase with a touch or a glance and are more likely to come back. Enable Apple Pay with Square by selecting  Settings &gt; Payments &gt; Square.','{}','pending','woocommerce.com','2022-12-07 23:03:33',NULL,0,'plain','',0,0,'info'),(48,'apple_pay_wcpay_q422','marketing','en_US','Grow your business with Apple Pay','Start boosting your online conversions today with Apple Pay – shoppers can safely complete a purchase with a touch or a glance and are more likely to come back. Confirm Apple Pay is enabled by selecting Payments &gt; Settings and making sure Enable express checkouts is checked.','{}','pending','woocommerce.com','2022-12-07 23:03:33',NULL,0,'plain','',0,0,'info'),(49,'meta-hasFB-dec-q4-2022','marketing','en_US','Power up your Facebook ad strategy','Did you know that new privacy policies may be decreasing the effectiveness of your Facebook ads? Get back on track with Meta’s Conversion API. It creates a direct connection between the marketing data from your store and Meta, helping you more accurately track, attribute and improve your Facebook marketing performance.','{}','pending','woocommerce.com','2022-12-09 23:05:23',NULL,0,'plain','',0,0,'info'),(50,'meta-noFB-dec-q4-2022','marketing','en_US','Create highly targeted Facebook ads with Facebook for WooCommerce','Sync your product catalog to create Facebook ads and track their performance – all from within your WooCommerce dashboard. With improved tracking signals and speed, plus more accurate tracking with the introduction of Meta’s Conversion API, you’ll have all the tools you need to run effective ad campaigns.','{}','unactioned','woocommerce.com','2022-12-11 23:30:32',NULL,0,'plain','',0,0,'info'),(51,'wc-update-db-reminder','update','en_US','Actualización de la base de datos de WooCommerce terminada','Actualización de la base de datos de WooCommerce completa. ¡Gracias por actualizar a la última versión!','{}','actioned','woocommerce-core','2022-12-23 12:26:16',NULL,0,'plain','',0,0,'info'),(52,'needs-update-eway-payment-gateway-rin-2022-12-20','update','en_US','Security vulnerability patched in WooCommerce Eway Gateway','In response to a potential vulnerability identified in WooCommerce Eway Gateway versions 3.1.0 to 3.5.0, we’ve worked to deploy security fixes and have released an updated version.\r\nNo external exploits have been detected, but we recommend you update to your latest supported version 3.1.26, 3.2.3, 3.3.1, 3.4.6, or 3.5.1','{}','pending','woocommerce.com','2023-01-05 00:31:29',NULL,0,'plain','',0,0,'info'),(53,'updated-eway-payment-gateway-rin-2022-12-20','update','en_US','WooCommerce Eway Gateway has been automatically updated','Your store is now running the latest secure version of WooCommerce Eway Gateway. We worked with the WordPress Plugins team to deploy a software update to stores running WooCommerce Eway Gateway (versions 3.1.0 to 3.5.0) in response to a security vulnerability that was discovered.','{}','pending','woocommerce.com','2023-01-05 00:31:29',NULL,0,'plain','',0,0,'info'),(54,'storeediting_feedback_jan_2023','marketing','en_US','Tell us what you need to customize your store!','We need your feedback. Please spare a few minutes to share your input on what is most important to you when designing and customizing your storefront to help us build the features you need.','{}','unactioned','woocommerce.com','2023-01-12 23:09:44',NULL,0,'plain','',0,0,'info'),(55,'ecomm-wc-navigation-survey-2023','info','en_US','Navigating WooCommerce on WordPress.com','We are improving the WooCommerce navigation on WordPress.com and would love your help to make it better! Please share your experience with us in this 2-minute survey.','{}','pending','woocommerce.com','2023-01-16 23:03:08',NULL,0,'plain','',0,0,'info'),(56,'wc-admin-real-time-order-alerts','info','en_US','Recibe alertas de pedidos en tiempo real en cualquier lugar','Recibe avisos sobre la actividad de la tienda, incluidos nuevos pedidos y valoraciones de productos directamente en tus dispositivos móviles con la aplicación Woo.','{}','unactioned','woocommerce-admin','2023-02-10 16:07:06',NULL,0,'plain','',0,0,'info'),(60,'wc-admin-orders-milestone','info','en_US','¡Enhorabuena por haber procesado 10 pedidos!','¡Has logrado el hito de los 10 pedidos! Mira cómo vas. Ve algunas historias de éxito de WooCommerce para inspirarte.','{\"current_milestone\":10}','unactioned','woocommerce-admin','2023-03-08 21:55:46',NULL,0,'plain','',0,0,'info'),(58,'wc-admin-coupon-page-moved','update','en_US','¡La gestión de cupones se ha movido!','Los cupones ahora se pueden gestionar desde Marketing &gt; Cupones. Haz clic en el botón a continuación para eliminar el elemento de menú heredado WooCommerce &gt; Cupones.','{}','unactioned','woocommerce-admin','2023-02-13 18:11:31',NULL,0,'plain','',0,0,'info'),(97,'payoneer_q2_2023','marketing','en_US','Grow with the next generation of payment processing','Ready to stand out in the new global economy? Payoneer Checkout gives you the power to securely accept payments worldwide, build a checkout that customers love, and manage your store’s transactions and finances – all from the same place.','{}','pending','woocommerce.com','2023-05-13 23:19:30',NULL,0,'plain','',0,0,'info'),(61,'affirm_q1_2023','marketing','en_US','Turn more browsers into buyers with flexible payments','When you offer flexible payment options to shoppers, they\'re more likely to convert. It’s why businesses offering Affirm see an average order value lift of 63%. Affirm tailors your store\'s payment options with terms proven to reach new customers, boost conversions, and grow sales.','{}','pending','woocommerce.com','2023-03-12 23:04:30',NULL,0,'plain','',0,0,'info'),(62,'google_listings_ads_pmax_i1_q1_2023_no_gla','marketing','en_US','Create more engaging ads – without the hard work','Get in front of millions of shoppers searching for products like yours with Google Listings &amp; Ads. With new customization features, Google automatically tests multiple combinations of text and images to create the most engaging ad to boost your business. Plus, get up to $500 in ad credit – terms and conditions apply.','{}','unactioned','woocommerce.com','2023-03-15 23:00:32',NULL,0,'plain','',0,0,'info'),(63,'google_listings_ads_pmax_i1_q1_2023_with_gla','marketing','en_US','New customization features to boost your business','You can now add custom images, messaging, and URLs to campaigns in Google Listings &amp; Ads. Google then automatically tests multiple combinations to create the most engaging version to help boost your business. Get more sales with dynamic content – edit an existing campaign or create a new ad now.','{}','pending','woocommerce.com','2023-03-15 23:00:32',NULL,0,'plain','',0,0,'info'),(64,'woocommerce-wcpay-march-2023-update-needed','update','en_US','Action required: Security update for WooCommerce Payments','<strong>Your store requires a security update for WooCommerce Payments</strong>. Please update to the latest version of WooCommerce Payments immediately to address a potential vulnerability discovered on March 22. For more information on how to update, visit this WooCommerce Developer Blog Post.','{}','pending','woocommerce.com','2023-03-23 23:03:45',NULL,0,'plain','',0,0,'info'),(65,'tap_to_pay_iphone_q2_2023_no_wcpay','marketing','en_US','Accept in-person contactless payments on your iPhone','Tap to Pay on iPhone and WooCommerce Payments is quick, secure, and simple to set up — no extra terminals or card readers are needed. Accept contactless debit and credit cards, Apple Pay, and other NFC digital wallets in person.','{}','unactioned','woocommerce.com','2023-04-04 23:02:47',NULL,0,'plain','',0,0,'info'),(66,'tap_to_pay_iphone_q2_2023_with_wcpay','marketing','en_US','New: accept in-person contactless payments on your iPhone','Tap to Pay on iPhone is quick, secure, and simple to set up in WooCommerce Payments — no extra terminals or card readers are needed. Accept contactless debit and credit cards, Apple Pay, and other NFC digital wallets in person in a few short steps!','{}','pending','woocommerce.com','2023-04-03 23:00:29',NULL,0,'plain','',0,0,'info'),(67,'woocommerce-WCPreOrders-april-2023-update-needed','update','en_US','Action required: Security update of WooCommerce Pre-Orders extension','<strong>Your store requires a security update for the WooCommerce Pre-Orders extension</strong>. Please update the WooCommerce Pre-Orders extension immediately to address a potential vulnerability discovered on April 11.','{}','pending','woocommerce.com','2023-04-14 23:00:37',NULL,0,'plain','',0,0,'info'),(68,'wc-admin-wcpay-denmark-Q2-2023','marketing','en_US','WooCommerce Payments is now available in Denmark!','We’ve recently released WooCommerce Payments in Denmark. You can view and manage transactions right in your WordPress dashboard while securely accepting major cards, Apple Pay, and payments in over 100 currencies.','{}','pending','woocommerce.com','2023-04-14 23:00:37',NULL,0,'plain','',0,0,'info'),(69,'wc-admin-wcpay-greece-Q2-2023','marketing','en_US','WooCommerce Payments is now available in Greece!','We’ve recently released WooCommerce Payments in Greece. You can view and manage transactions right in your WordPress dashboard while securely accepting major cards, Apple Pay, and payments in over 100 currencies.','{}','pending','woocommerce.com','2023-04-14 23:00:37',NULL,0,'plain','',0,0,'info'),(70,'wc-admin-wcpay-norway-Q2-2023','marketing','en_US','WooCommerce Payments is now available in Norway!','We’ve recently released WooCommerce Payments in Norway. You can view and manage transactions right in your WordPress dashboard while securely accepting major cards, Apple Pay, and payments in over 100 currencies.','{}','pending','woocommerce.com','2023-04-14 23:00:37',NULL,0,'plain','',0,0,'info'),(71,'wc-admin-wcpay-slovakia-Q2-2023','marketing','en_US','WooCommerce Payments is now available in Slovakia!','We’ve recently released WooCommerce Payments in Slovakia. You can view and manage transactions right in your WordPress dashboard while securely accepting major cards, Apple Pay, and payments in over 100 currencies.','{}','pending','woocommerce.com','2023-04-14 23:00:37',NULL,0,'plain','',0,0,'info'),(72,'wc-admin-wcpay-finland-Q2-2023','marketing','en_US','WooCommerce Payments is now available in Finland!','We’ve recently released WooCommerce Payments in Finland. You can view and manage transactions right in your WordPress dashboard while securely accepting major cards, Apple Pay, and payments in over 100 currencies.','{}','pending','woocommerce.com','2023-04-14 23:00:37',NULL,0,'plain','',0,0,'info'),(73,'wc-admin-wcpay-estonia-Q2-2023','marketing','en_US','WooCommerce Payments is now available in Estonia!','We’ve recently released WooCommerce Payments in Estonia. You can view and manage transactions right in your WordPress dashboard while securely accepting major cards, Apple Pay, and payments in over 100 currencies.','{}','pending','woocommerce.com','2023-04-14 23:00:37',NULL,0,'plain','',0,0,'info'),(74,'wc-admin-wcpay-lithuania-Q2-2023','marketing','en_US','WooCommerce Payments is now available in Lithuania!','We’ve recently released WooCommerce Payments in Lithuania. You can view and manage transactions right in your WordPress dashboard while securely accepting major cards, Apple Pay, and payments in over 100 currencies.','{}','pending','woocommerce.com','2023-04-14 23:00:37',NULL,0,'plain','',0,0,'info'),(75,'wc-admin-wcpay-slovenia-Q2-2023','marketing','en_US','WooCommerce Payments is now available in Slovenia!','We’ve recently released WooCommerce Payments in Slovenia. You can view and manage transactions right in your WordPress dashboard while securely accepting major cards, Apple Pay, and payments in over 100 currencies.','{}','pending','woocommerce.com','2023-04-14 23:00:37',NULL,0,'plain','',0,0,'info'),(76,'wc-admin-wcpay-latvia-Q2-2023','marketing','en_US','WooCommerce Payments is now available in Latvia!','We’ve recently released WooCommerce Payments in Latvia. You can view and manage transactions right in your WordPress dashboard while securely accepting major cards, Apple Pay, and payments in over 100 currencies.','{}','pending','woocommerce.com','2023-04-14 23:00:37',NULL,0,'plain','',0,0,'info'),(77,'wc-admin-wcpay-cyprus-Q2-2023','marketing','en_US','WooCommerce Payments is now available in Cyprus!','We’ve recently released WooCommerce Payments in Cyprus. You can view and manage transactions right in your WordPress dashboard while securely accepting major cards, Apple Pay, and payments in over 100 currencies.','{}','pending','woocommerce.com','2023-04-14 23:00:37',NULL,0,'plain','',0,0,'info'),(78,'wc-admin-wcpay-malta-Q2-2023','marketing','en_US','WooCommerce Payments is now available in Malta!','We’ve recently released WooCommerce Payments in Malta. You can view and manage transactions right in your WordPress dashboard while securely accepting major cards, Apple Pay, and payments in over 100 currencies.','{}','pending','woocommerce.com','2023-04-14 23:00:37',NULL,0,'plain','',0,0,'info'),(79,'wc-admin-wcpay-luxembourg-Q2-2023','marketing','en_US','WooCommerce Payments is now available in Luxembourg!','We’ve recently released WooCommerce Payments in Luxembourg. You can view and manage transactions right in your WordPress dashboard while securely accepting major cards, Apple Pay, and payments in over 100 currencies.','{}','pending','woocommerce.com','2023-04-14 23:00:37',NULL,0,'plain','',0,0,'info'),(80,'wc_admin_BNPL_WCPay_coming-soon_Q1_2023','marketing','en_US','Buy now, pay later is heading to WooCommerce Payments','Great news: full integration with Afterpay and Affirm is on its way to WooCommerce Payments! You’ll soon be able to increase your order values, sell more, and offer customers a payment option they’ll love — with no extra downloads or extensions required.','{}','pending','woocommerce.com','2023-04-26 23:01:41',NULL,0,'plain','',0,0,'info'),(81,'woopay-beta-existingmerchants-noaction-27APR23','info','en_US','WooPay is back!','Thanks for previously trying WooPay, the express checkout feature built into WooCommerce Payments. We’re excited to announce that WooPay availability has resumed. No action is required on your part.\r\n<br /><br />\r\nYou can now continue boosting conversions by offering your customers a simple, secure way to pay with a single click.','{}','pending','woocommerce.com','2023-04-27 23:02:20',NULL,0,'plain','',0,0,'info'),(82,'woopay-beta-existingmerchants-update-27APR23','info','en_US','WooPay is back!','Thanks for previously trying WooPay, the express checkout feature built into WooCommerce Payments. We’re excited to announce that WooPay availability has resumed.\r\n<br /><br />\r\n\r\nUpdate to the latest WooCommerce Payments version to continue boosting conversions by offering your customers a simple, secure way to pay with a single click.','{}','pending','woocommerce.com','2023-04-27 23:02:20',NULL,0,'plain','',0,0,'info'),(83,'woopay-beta-existingmerchants-noaction-27APR23-test2','info','en_US','WooPay is back!','Thanks for previously trying WooPay, the express checkout feature built into WooCommerce Payments. We’re excited to announce that WooPay availability has resumed. No action is required on your part.\r\n<br /><br />\r\nYou can now continue boosting conversions by offering your customers a simple, secure way to pay with a single click.','{}','pending','woocommerce.com','2023-04-27 23:02:20',NULL,0,'plain','',0,0,'info'),(84,'woopay-beta-existingmerchants-update-27APR23-test','info','en_US','WooPay is back!','Thanks for previously trying WooPay, the express checkout feature built into WooCommerce Payments. We’re excited to announce that WooPay availability has resumed.\r\n<br /><br />\r\n\r\nUpdate to the latest WooCommerce Payments version to continue boosting conversions by offering your customers a simple, secure way to pay with a single click.','{}','pending','woocommerce.com','2023-04-27 23:02:20',NULL,0,'plain','',0,0,'info'),(85,'woopay-beta-merchantrecruitment-04MAY23','info','en_US','Increase conversions with WooPay — our fastest checkout yet','WooPay, a new express checkout feature built into WooCommerce Payments, is now available —and we’re inviting you to be one of the first to try it. \r\n<br><br>\r\nBoost conversions by offering your customers a simple, secure way to pay with a single click.\r\n<br><br>\r\nGet started in seconds.','{}','pending','woocommerce.com','2023-05-05 23:02:47',NULL,0,'plain','',0,0,'info'),(86,'woopay-beta-merchantrecruitment-update-04MAY23','info','en_US','Increase conversions with WooPay — our fastest checkout yet','WooPay, a new express checkout feature built into WooCommerce Payments, is now available — and you’re invited to try it. \r\n<br /><br />\r\nBoost conversions by offering your customers a simple, secure way to pay with a single click.\r\n<br /><br />\r\nUpdate WooCommerce Payments to get started.','{}','pending','woocommerce.com','2023-05-05 23:02:47',NULL,0,'plain','',0,0,'info'),(87,'woopay-beta-merchantrecruitment-short-04MAY23','info','en_US','Increase conversions with WooPay — our fastest checkout yet','Be one of the first to try WooPay, a new express checkout feature for WooCommerce Payments. \r\n<br><br>\r\nBoost conversions by letting customers pay with a single click.','{}','pending','woocommerce.com','2023-05-05 23:02:47',NULL,0,'plain','',0,0,'info'),(88,'woopay-beta-merchantrecruitment-short-update-04MAY23','info','en_US','Increase conversions with WooPay — our fastest checkout yet','Be one of the first to try WooPay, our new express checkout feature. <br>Boost conversions by letting customers pay with a single click. <br><br>Update to the latest version of WooCommerce Payments to get started.','{}','pending','woocommerce.com','2023-05-05 23:02:47',NULL,0,'plain','',0,0,'info'),(89,'woopay-beta-merchantrecruitment-short-06MAY23-TESTA','info','en_US','Increase conversions with WooPay — our fastest checkout yet','Be one of the first to try WooPay, a new express checkout feature for WooCommerce Payments. \r\n<br><br>\r\nBoost conversions by letting customers pay with a single click.','{}','pending','woocommerce.com','2023-05-06 23:00:47',NULL,0,'plain','',0,0,'info'),(90,'woopay-beta-merchantrecruitment-short-06MAY23-TESTB','info','en_US','Increase conversions with WooPay — our fastest checkout yet','Be one of the first to try WooPay, a new express checkout feature for WooCommerce Payments. \r\n<br><br>\r\nBoost conversions by letting customers pay with a single click.','{}','pending','woocommerce.com','2023-05-06 23:00:47',NULL,0,'plain','',0,0,'info'),(91,'woopay-beta-merchantrecruitment-short-06MAY23-TESTC','info','en_US','Increase conversions with WooPay — our fastest checkout yet','Be one of the first to try WooPay, a new express checkout feature for WooCommerce Payments. \r\n<br><br>\r\nBoost conversions by letting customers pay with a single click.','{}','pending','woocommerce.com','2023-05-06 23:00:47',NULL,0,'plain','',0,0,'info'),(92,'woopay-beta-merchantrecruitment-short-06MAY23-TESTD','info','en_US','Increase conversions with WooPay — our fastest checkout yet','Be one of the first to try WooPay, a new express checkout feature for WooCommerce Payments. \r\n<br><br>\r\nBoost conversions by letting customers pay with a single click.','{}','pending','woocommerce.com','2023-05-06 23:00:47',NULL,0,'plain','',0,0,'info'),(93,'woopay-beta-merchantrecruitment-short-09MAY23','info','en_US','Increase conversions with WooPay — our fastest checkout yet','Be one of the first to try WooPay, a new express checkout feature for WooCommerce Payments. \r\n<br><br>\r\nBoost conversions by letting customers pay with a single click.','{}','pending','woocommerce.com','2023-05-09 23:00:39',NULL,0,'plain','',0,0,'info'),(94,'woopay-beta-merchantrecruitment-short-update-09MAY23','info','en_US','Increase conversions with WooPay — our fastest checkout yet','Be one of the first to try WooPay, our new express checkout feature. <br>Boost conversions by letting customers pay with a single click. <br><br>Update to the latest version of WooCommerce Payments to get started.','{}','pending','woocommerce.com','2023-05-09 23:00:39',NULL,0,'plain','',0,0,'info'),(95,'wc-admin-manage-orders-on-the-go','info','en_US','Gestiona tus pedidos desde cualquier lugar','Busca pedidos, información de clientes y procesa reembolsos en un clic con la app de Woo.','{}','unactioned','woocommerce-admin','2023-05-10 23:00:29',NULL,0,'plain','',0,0,'info'),(96,'wc-admin-new-sales-record','info','en_US','¡Nuevo récord de ventas!','¡Genial, 10/05/2023 ha sido tu día récord de ventas! Las ventas netas han sido de ₡81978, superando el récord anterior de ₡62480 establecido el 14/02/2023.','{\"old_record_date\":\"2023-02-14\",\"old_record_amt\":62480,\"new_record_date\":\"2023-05-10\",\"new_record_amt\":81978}','unactioned','woocommerce-admin','2023-05-11 23:01:11',NULL,0,'plain','',0,0,'info'),(98,'ipp_refresh_q2_2023_us_inbox_notification','marketing','en_US','Grow on the go with in-person payments','Sell your products or services on the go with the M2 card reader – a quick, synchronized, and secure way to take payments, no matter where you are. Create an order using the WooCommerce mobile app and connect your card reader to accept payments.','{}','pending','woocommerce.com','2023-05-19 15:50:05',NULL,0,'plain','',0,0,'info'),(99,'ipp_refresh_q2_2023_ca_inbox_notification','marketing','en_US','Grow on the go with in-person payments','Sell your products or services on the go with the WisePad 3 card reader – a quick, synchronized, and secure way to take payments, no matter where you are. Create an order using the WooCommerce mobile app and connect your card reader to accept payments.','{}','pending','woocommerce.com','2023-05-19 15:50:05',NULL,0,'plain','',0,0,'info'),(100,'product_management_card_sorting','survey','en_US','How do you create and edit products?','Have a say in the future of WooCommerce. Take part in a brief exercise and help us understand what information is important to you while editing products.','{}','unactioned','woocommerce.com','2023-05-19 15:50:05',NULL,0,'plain','',0,0,'info');

--
-- Table structure for table `wpos_wc_category_lookup`
--

CREATE TABLE `wpos_wc_category_lookup` (
  `category_tree_id` bigint unsigned NOT NULL,
  `category_id` bigint unsigned NOT NULL,
  PRIMARY KEY (`category_tree_id`,`category_id`)
) ENGINE=MyISAM DEFAULT CHARSET=utf8mb4 COLLATE=utf8mb4_unicode_520_ci;

--
-- Dumping data for table `wpos_wc_category_lookup`
--

INSERT INTO `wpos_wc_category_lookup` VALUES (15,15),(16,16),(17,17),(18,18),(19,19),(20,20),(21,21),(22,22),(23,23),(24,24),(25,25),(25,65),(25,66),(25,67),(25,68),(25,69),(25,70),(25,71),(63,63),(65,65),(66,66),(67,67),(68,68),(69,69),(70,70),(71,71),(82,82);

--
-- Table structure for table `wpos_wc_customer_lookup`
--

CREATE TABLE `wpos_wc_customer_lookup` (
  `customer_id` bigint unsigned NOT NULL AUTO_INCREMENT,
  `user_id` bigint unsigned DEFAULT NULL,
  `username` varchar(60) COLLATE utf8mb4_unicode_520_ci NOT NULL DEFAULT '',
  `first_name` varchar(255) COLLATE utf8mb4_unicode_520_ci NOT NULL,
  `last_name` varchar(255) COLLATE utf8mb4_unicode_520_ci NOT NULL,
  `email` varchar(100) COLLATE utf8mb4_unicode_520_ci DEFAULT NULL,
  `date_last_active` timestamp NULL DEFAULT NULL,
  `date_registered` timestamp NULL DEFAULT NULL,
  `country` char(2) COLLATE utf8mb4_unicode_520_ci NOT NULL DEFAULT '',
  `postcode` varchar(20) COLLATE utf8mb4_unicode_520_ci NOT NULL DEFAULT '',
  `city` varchar(100) COLLATE utf8mb4_unicode_520_ci NOT NULL DEFAULT '',
  `state` varchar(100) COLLATE utf8mb4_unicode_520_ci NOT NULL DEFAULT '',
  PRIMARY KEY (`customer_id`),
  UNIQUE KEY `user_id` (`user_id`),
  KEY `email` (`email`)
) ENGINE=MyISAM AUTO_INCREMENT=44 DEFAULT CHARSET=utf8mb4 COLLATE=utf8mb4_unicode_520_ci;

--
-- Dumping data for table `wpos_wc_customer_lookup`
--

INSERT INTO `wpos_wc_customer_lookup` VALUES (1,NULL,'','Mariela','Miranda','mariela.miranda@mondaisa.com','2023-02-14 00:05:39',NULL,'CR','10202','San Antonio','CR-SJ'),(2,NULL,'','Walter','Araya Medina','wal31cr@gmail.com','2023-02-14 03:00:31',NULL,'CR','10109','','CR-SJ'),(3,NULL,'','Sharon','Jiménez Venegas','sharonjimenez826@gmail.com','2023-05-10 20:56:57',NULL,'CR','10101','','1'),(4,NULL,'','Adriana','Solis Robles','adrisolro9@gmail.com','2023-02-16 23:40:59',NULL,'CR','11501','','1'),(5,NULL,'','Laura','Hidalgo','laurahidalgo88@gmail.com','2023-05-01 01:45:39',NULL,'CR','11501','','1'),(6,NULL,'','Irene','Cabezas Zamora','abogadosccj@gmail.com','2023-02-17 21:25:28',NULL,'CR','1000','','1'),(7,NULL,'','Leslie','Ortiz Hidalgo','les2108@hotmail.com','2023-02-20 20:24:45',NULL,'CR','10110','','1'),(8,NULL,'','Manuel Francisco','Solera Vásquez','mafsov@gmail.com','2023-02-19 06:00:10',NULL,'CR','10108','','1'),(9,NULL,'','Paula','Rojas Alvarado','rudx-11@hotmail.com','2023-02-22 23:13:45',NULL,'CR','60111','','55'),(10,NULL,'','Juan','Berdugo','qq@j.com','2023-02-25 05:11:35',NULL,'CR','11400','','1'),(11,NULL,'','Eduardo','Espinoza','eespinoza.q@icloud.com','2023-02-25 10:02:07',NULL,'CR','40103','','45'),(12,NULL,'','Mayra','Jimenez','mayrajm28@gmail.com','2023-02-27 20:35:11',NULL,'CR','20201','','23'),(13,NULL,'','Gabriela','Calderon Sancho','gabycalderon27@yahoo.com','2023-03-02 03:08:02',NULL,'CR','11801','','1'),(14,NULL,'','Javier','Arrieta','javuso@gmail.com','2023-03-03 08:47:30',NULL,'CR','11403','','15'),(15,NULL,'','David','Villalobos','davidoct1610@gmail.com','2023-03-08 20:52:12',NULL,'CR','10107','','1'),(16,NULL,'','Cristina','Coto Fallas','chrsccf@gmail.com','2023-03-09 20:19:41',NULL,'CR','20104','','22'),(17,NULL,'','MARIO','QUIRÓS RAMÍREZ','distquiros11@hotmail.com','2023-03-10 21:46:12',NULL,'CR','20108','','22'),(18,NULL,'','Adriana','Gamboa','nanagamboa@gmail.com','2023-03-12 20:10:21',NULL,'CR','10305','','1'),(19,NULL,'','Marco Vinicio','Silesky Jiménez','msilesky@ice.co.cr','2023-03-17 22:25:17',NULL,'CR','30106','','37'),(20,NULL,'','Yalile','Vargas Hernández','yalilevargash@hotmail.com','2023-03-19 06:15:56',NULL,'CR','10110','','1'),(21,NULL,'','Adriana','Fumero','afumero@me.com','2023-03-21 00:27:00',NULL,'CR','00000','','1'),(22,NULL,'','Yorleny','Chan','yorleny_chan@hotmail.com','2023-03-21 21:11:52',NULL,'CR','20110','','22'),(23,NULL,'','rebeca','avila','rebecaavilaaguilar@gmail.com','2023-03-24 21:11:16',NULL,'CR','20101','','22'),(24,NULL,'','Karen','Quirós Arias','kqa0213@gmail.com','2023-03-23 18:30:46',NULL,'CR','10301','','4'),(25,NULL,'','Jennie','Marín Morales','jenniemarin291989@gmail.com','2023-03-23 18:38:23',NULL,'CR','10313','','1'),(26,NULL,'','Paula','Esquivel','paulaesquivelherrera@yahoo.com','2023-03-24 21:32:40',NULL,'CR','10301','','1'),(27,NULL,'','Carol','Orozco','ctorozco@gmail.com','2023-04-12 17:34:34',NULL,'CR','20101','','22'),(28,NULL,'','Maria José','Ulate Soto','mariluulate@hotmail.com','2023-04-15 00:08:40',NULL,'CR','00506','','65'),(29,NULL,'','Jason Ismael','Rojas Rojas','jasonrojas2@gmail.com','2023-04-15 05:11:15',NULL,'CR','NO','','1'),(30,NULL,'','Stephanie','Ramírez Mora','stefanie9115@hotmail.com','2023-04-15 19:19:21',NULL,'CR','11909','','20'),(31,NULL,'','Cafe Britt Costa Rica SA 3-101-153905','Cafe Britt Costa Rica SA 3-101-153905','kmorales@britt.com','2023-04-21 03:15:49',NULL,'CR','40205','','46'),(32,NULL,'','Dariella','Ceba Salazar','cebadariella@hotmail.com','2023-04-22 20:27:57',NULL,'CR','11801','','19'),(33,NULL,'','Kimberly','Agüero Rojas','fer.aguero.21@gmail.com','2023-04-24 19:04:12',NULL,'CR','40901','','53'),(34,NULL,'','Laura','Fernandez Salazar','spookyta@gmail.com','2023-04-28 03:45:04',NULL,'CR','40103','','46'),(35,NULL,'','Ana Beatriz','Guillén Vindas','ana.guillen.vindas@gmail.com','2023-05-08 22:17:38',NULL,'CR','11801','','1'),(36,NULL,'','JENIFER','ARIAS MORA','je2909@hotmail.es','2023-05-09 07:00:12',NULL,'CR','30101','','37'),(37,NULL,'','Emanuel','Bustamante Arguello','ema.bustamante@hotmail.com','2023-05-10 10:22:44',NULL,'CR','20101','','22'),(42,NULL,'','Juan Pablo','Cascante','jpablocascante@gmail.com','2023-05-16 01:43:25',NULL,'CR','11901','','1'),(39,NULL,'','Prueba','Prueba','prueba@gmail.com','2023-05-11 02:11:24',NULL,'CR','10101','','1'),(40,NULL,'','jose','montilla','jmontilla@ingeniodigitalcr.com','2023-05-11 02:25:58',NULL,'CR','11102','','1'),(41,NULL,'','Erika','Rojas','erojas.facturas@gmail.com','2023-05-11 06:33:26',NULL,'CR','40801','','52'),(43,NULL,'','Erika','He','heerika29@gmail.com','2023-05-17 09:53:26',NULL,'CR','11501','','16');

--
-- Table structure for table `wpos_wc_download_log`
--

CREATE TABLE `wpos_wc_download_log` (
  `download_log_id` bigint unsigned NOT NULL AUTO_INCREMENT,
  `timestamp` datetime NOT NULL,
  `permission_id` bigint unsigned NOT NULL,
  `user_id` bigint unsigned DEFAULT NULL,
  `user_ip_address` varchar(100) COLLATE utf8mb4_unicode_520_ci DEFAULT '',
  PRIMARY KEY (`download_log_id`),
  KEY `permission_id` (`permission_id`),
  KEY `timestamp` (`timestamp`)
) ENGINE=MyISAM DEFAULT CHARSET=utf8mb4 COLLATE=utf8mb4_unicode_520_ci;

--
-- Dumping data for table `wpos_wc_download_log`
--


--
-- Table structure for table `wpos_wc_order_coupon_lookup`
--

CREATE TABLE `wpos_wc_order_coupon_lookup` (
  `order_id` bigint unsigned NOT NULL,
  `coupon_id` bigint NOT NULL,
  `date_created` datetime NOT NULL DEFAULT '0000-00-00 00:00:00',
  `discount_amount` double NOT NULL DEFAULT '0',
  PRIMARY KEY (`order_id`,`coupon_id`),
  KEY `coupon_id` (`coupon_id`),
  KEY `date_created` (`date_created`)
) ENGINE=MyISAM DEFAULT CHARSET=utf8mb4 COLLATE=utf8mb4_unicode_520_ci;

--
-- Dumping data for table `wpos_wc_order_coupon_lookup`
--


--
-- Table structure for table `wpos_wc_order_product_lookup`
--

CREATE TABLE `wpos_wc_order_product_lookup` (
  `order_item_id` bigint unsigned NOT NULL,
  `order_id` bigint unsigned NOT NULL,
  `product_id` bigint unsigned NOT NULL,
  `variation_id` bigint unsigned NOT NULL,
  `customer_id` bigint unsigned DEFAULT NULL,
  `date_created` datetime NOT NULL DEFAULT '0000-00-00 00:00:00',
  `product_qty` int NOT NULL,
  `product_net_revenue` double NOT NULL DEFAULT '0',
  `product_gross_revenue` double NOT NULL DEFAULT '0',
  `coupon_amount` double NOT NULL DEFAULT '0',
  `tax_amount` double NOT NULL DEFAULT '0',
  `shipping_amount` double NOT NULL DEFAULT '0',
  `shipping_tax_amount` double NOT NULL DEFAULT '0',
  PRIMARY KEY (`order_item_id`),
  KEY `order_id` (`order_id`),
  KEY `product_id` (`product_id`),
  KEY `customer_id` (`customer_id`),
  KEY `date_created` (`date_created`)
) ENGINE=MyISAM DEFAULT CHARSET=utf8mb4 COLLATE=utf8mb4_unicode_520_ci;

--
-- Dumping data for table `wpos_wc_order_product_lookup`
--

INSERT INTO `wpos_wc_order_product_lookup` VALUES (2,2217,569,0,1,'2023-02-13 14:05:39',1,1165,1165,0,0,0,0),(3,2218,929,0,2,'2023-02-13 17:00:31',1,1895,1895,0,0,0,0),(4,2218,930,0,2,'2023-02-13 17:00:31',1,1895,1895,0,0,0,0),(5,2226,1122,0,3,'2023-02-14 11:42:18',4,59980,62480,0,0,2500,0),(7,2263,435,0,4,'2023-02-16 11:40:59',1,1247,1747,0,0,500,0),(8,2263,484,0,4,'2023-02-16 11:40:59',1,1247,1747,0,0,500,0),(9,2263,498,0,4,'2023-02-16 11:40:59',1,1336,1836,0,0,500,0),(10,2263,505,0,4,'2023-02-16 11:40:59',1,1426,1926,0,0,500,0),(11,2263,888,0,4,'2023-02-16 11:40:59',1,1453,1953,0,0,500,0),(20,2265,1110,0,5,'2023-02-17 10:51:18',2,23990,26490,0,0,2500,0),(13,2264,882,0,6,'2023-02-17 09:25:28',1,675,1032.142857,0,0,357.142857,0),(14,2264,894,0,6,'2023-02-17 09:25:28',1,1515,1872.142857,0,0,357.142857,0),(15,2264,470,0,6,'2023-02-17 09:25:28',1,1381,1738.142857,0,0,357.142857,0),(16,2264,505,0,6,'2023-02-17 09:25:28',2,2852,3566.285714,0,0,714.285714,0),(17,2264,449,0,6,'2023-02-17 09:25:28',1,1247,1604.142857,0,0,357.142857,0),(18,2264,886,0,6,'2023-02-17 09:25:28',1,3571,3928.142857,0,0,357.142857,0),(22,2266,886,0,7,'2023-02-18 13:02:51',2,7142,9642,0,0,2500,0),(24,2267,906,0,8,'2023-02-18 18:00:10',4,6776,9276,0,0,2500,0),(26,2270,886,0,7,'2023-02-20 08:24:45',2,7142,9642,0,0,2500,0),(28,2275,435,0,9,'2023-02-22 11:13:45',15,18705,21205,0,0,2500,0),(30,2276,865,0,10,'2023-02-24 17:11:35',4,8204,10704,0,0,2500,0),(32,2277,934,0,11,'2023-02-24 22:02:07',3,4269,5519,0,0,1250,0),(33,2277,892,0,11,'2023-02-24 22:02:07',1,1515,1931.666667,0,0,416.666667,0),(34,2277,917,0,11,'2023-02-24 22:02:07',1,1247,1663.666667,0,0,416.666667,0),(35,2277,915,0,11,'2023-02-24 22:02:07',1,1426,1842.666667,0,0,416.666667,0),(37,2278,1101,0,12,'2023-02-27 08:35:11',1,26995,30495,0,0,3500,0),(95,2279,933,0,13,'2023-02-28 16:35:05',1,1426,1783.142857,0,0,357.142857,0),(96,2279,932,0,13,'2023-02-28 16:35:05',1,1426,1783.142857,0,0,357.142857,0),(97,2279,934,0,13,'2023-02-28 16:35:05',1,1423,1780.142857,0,0,357.142857,0),(98,2279,951,0,13,'2023-02-28 16:35:05',2,2034,2748.285714,0,0,714.285714,0),(99,2279,892,0,13,'2023-02-28 16:35:05',1,1515,1872.142857,0,0,357.142857,0),(100,2279,893,0,13,'2023-02-28 16:35:05',1,1426,1783.142857,0,0,357.142857,0),(108,2280,933,0,13,'2023-03-01 15:08:02',1,1426,1842.666667,0,0,416.666667,0),(109,2280,932,0,13,'2023-03-01 15:08:02',1,1426,1842.666667,0,0,416.666667,0),(110,2280,934,0,13,'2023-03-01 15:08:02',1,1423,1839.666667,0,0,416.666667,0),(111,2280,951,0,13,'2023-03-01 15:08:02',2,2034,2867.333333,0,0,833.333333,0),(112,2280,892,0,13,'2023-03-01 15:08:02',1,1515,1931.666667,0,0,416.666667,0),(120,2281,898,0,14,'2023-03-02 20:47:30',10,25880,28380,0,0,2500,0),(122,2284,886,0,15,'2023-03-08 08:52:12',1,3571,6071,0,0,2500,0),(128,2286,886,0,16,'2023-03-09 08:19:41',1,3571,4196,0,0,625,0),(129,2286,888,0,16,'2023-03-09 08:19:41',1,1426,2051,0,0,625,0),(130,2286,505,0,16,'2023-03-09 08:19:41',2,2852,4102,0,0,1250,0),(132,2287,950,0,17,'2023-03-10 09:46:12',1,19619,22119,0,0,2500,0),(134,2288,449,0,18,'2023-03-12 09:10:21',2,2494,2771.777778,0,0,277.777778,0),(135,2288,477,0,18,'2023-03-12 09:10:21',1,1247,1385.888889,0,0,138.888889,0),(136,2288,877,0,18,'2023-03-12 09:10:21',1,3151,3289.888889,0,0,138.888889,0),(137,2288,902,0,18,'2023-03-12 09:10:21',1,1515,1653.888889,0,0,138.888889,0),(138,2288,880,0,18,'2023-03-12 09:10:21',1,1381,1519.888889,0,0,138.888889,0),(139,2288,888,0,18,'2023-03-12 09:10:21',1,1426,1564.888889,0,0,138.888889,0),(140,2288,890,0,18,'2023-03-12 09:10:21',1,1426,1564.888889,0,0,138.888889,0),(141,2288,892,0,18,'2023-03-12 09:10:21',1,1515,1653.888889,0,0,138.888889,0),(142,2288,893,0,18,'2023-03-12 09:10:21',2,2852,3129.777778,0,0,277.777778,0),(143,2288,904,0,18,'2023-03-12 09:10:21',1,1515,1653.888889,0,0,138.888889,0),(144,2288,911,0,18,'2023-03-12 09:10:21',1,1247,1385.888889,0,0,138.888889,0),(145,2288,913,0,18,'2023-03-12 09:10:21',1,1247,1385.888889,0,0,138.888889,0),(146,2288,923,0,18,'2023-03-12 09:10:21',1,1604,1742.888889,0,0,138.888889,0),(147,2288,924,0,18,'2023-03-12 09:10:21',1,1515,1653.888889,0,0,138.888889,0),(148,2288,948,0,18,'2023-03-12 09:10:21',1,989,1127.888889,0,0,138.888889,0),(149,2288,951,0,18,'2023-03-12 09:10:21',1,1017,1155.888889,0,0,138.888889,0),(151,2289,949,0,19,'2023-03-17 11:25:17',5,5510,6646.363636,0,0,1136.363636,0),(152,2289,942,0,19,'2023-03-17 11:25:17',1,3084,3311.272727,0,0,227.272727,0),(153,2289,881,0,19,'2023-03-17 11:25:17',1,4600,4827.272727,0,0,227.272727,0),(154,2289,888,0,19,'2023-03-17 11:25:17',1,1426,1653.272727,0,0,227.272727,0),(155,2289,864,0,19,'2023-03-17 11:25:17',1,1604,1831.272727,0,0,227.272727,0),(156,2289,491,0,19,'2023-03-17 11:25:17',1,1336,1563.272727,0,0,227.272727,0),(157,2289,442,0,19,'2023-03-17 11:25:17',1,1448,1675.272727,0,0,227.272727,0),(159,2291,929,0,20,'2023-03-18 19:15:56',1,1694,2110.666667,0,0,416.666667,0),(160,2291,930,0,20,'2023-03-18 19:15:56',1,1694,2110.666667,0,0,416.666667,0),(161,2291,934,0,20,'2023-03-18 19:15:56',1,1423,1839.666667,0,0,416.666667,0),(162,2291,449,0,20,'2023-03-18 19:15:56',1,1247,1663.666667,0,0,416.666667,0),(163,2291,896,0,20,'2023-03-18 19:15:56',1,1515,1931.666667,0,0,416.666667,0),(164,2291,895,0,20,'2023-03-18 19:15:56',1,1515,1931.666667,0,0,416.666667,0),(168,2296,948,0,21,'2023-03-20 13:27:00',1,989,3489,0,0,2500,0),(170,2297,892,0,22,'2023-03-21 10:11:52',1,1515,2348.333333,0,0,833.333333,0),(171,2297,932,0,22,'2023-03-21 10:11:52',1,1426,2259.333333,0,0,833.333333,0),(172,2297,923,0,22,'2023-03-21 10:11:52',1,1604,2437.333333,0,0,833.333333,0),(174,2298,950,0,23,'2023-03-22 13:55:43',1,19619,20119,0,0,500,0),(175,2298,920,0,23,'2023-03-22 13:55:43',2,2494,3494,0,0,1000,0),(176,2298,928,0,23,'2023-03-22 13:55:43',1,1694,2194,0,0,500,0),(177,2298,253,0,23,'2023-03-22 13:55:43',1,1247,1747,0,0,500,0),(179,2299,904,0,24,'2023-03-23 07:30:46',1,1515,2015,0,0,500,0),(180,2299,505,0,24,'2023-03-23 07:30:46',1,1426,1926,0,0,500,0),(181,2299,491,0,24,'2023-03-23 07:30:46',1,1336,1836,0,0,500,0),(182,2299,934,0,24,'2023-03-23 07:30:46',1,1595,2095,0,0,500,0),(183,2299,902,0,24,'2023-03-23 07:30:46',1,1515,2015,0,0,500,0),(185,2300,886,0,25,'2023-03-23 07:38:23',1,3571,3987.666667,0,0,416.666667,0),(186,2300,894,0,25,'2023-03-23 07:38:23',3,4545,5795,0,0,1250,0),(187,2300,951,0,25,'2023-03-23 07:38:23',1,1017,1433.666667,0,0,416.666667,0),(188,2300,477,0,25,'2023-03-23 07:38:23',1,1247,1663.666667,0,0,416.666667,0),(190,2301,950,0,23,'2023-03-24 10:11:16',2,39238,40904.666667,0,0,1666.666667,0),(191,2301,948,0,23,'2023-03-24 10:11:16',1,989,1822.333333,0,0,833.333333,0),(193,2302,435,0,26,'2023-03-24 10:32:40',1,1247,1604.142857,0,0,357.142857,0),(194,2302,442,0,26,'2023-03-24 10:32:40',1,1448,1805.142857,0,0,357.142857,0),(195,2302,484,0,26,'2023-03-24 10:32:40',1,1247,1604.142857,0,0,357.142857,0),(196,2302,505,0,26,'2023-03-24 10:32:40',1,1426,1783.142857,0,0,357.142857,0),(197,2302,906,0,26,'2023-03-24 10:32:40',1,1694,2051.142857,0,0,357.142857,0),(198,2302,892,0,26,'2023-03-24 10:32:40',1,1515,1872.142857,0,0,357.142857,0),(199,2302,893,0,26,'2023-03-24 10:32:40',1,1426,1783.142857,0,0,357.142857,0),(201,2303,470,0,0,'2023-03-30 14:56:48',1,1381,1693.5,0,0,312.5,0),(202,2303,505,0,0,'2023-03-30 14:56:48',1,1426,1738.5,0,0,312.5,0),(203,2303,865,0,0,'2023-03-30 14:56:48',1,2051,2363.5,0,0,312.5,0),(204,2303,888,0,0,'2023-03-30 14:56:48',1,1426,1738.5,0,0,312.5,0),(205,2303,906,0,0,'2023-03-30 14:56:48',1,1694,2006.5,0,0,312.5,0),(206,2303,904,0,0,'2023-03-30 14:56:48',1,1515,1827.5,0,0,312.5,0),(207,2303,915,0,0,'2023-03-30 14:56:48',1,1426,1738.5,0,0,312.5,0),(208,2303,924,0,0,'2023-03-30 14:56:48',1,1515,1827.5,0,0,312.5,0),(210,2305,470,0,27,'2023-04-12 06:34:34',1,1381,1693.5,0,0,312.5,0),(211,2305,881,0,27,'2023-04-12 06:34:34',1,4600,4912.5,0,0,312.5,0),(212,2305,906,0,27,'2023-04-12 06:34:34',1,1694,2006.5,0,0,312.5,0),(213,2305,904,0,27,'2023-04-12 06:34:34',1,1515,1827.5,0,0,312.5,0),(214,2305,929,0,27,'2023-04-12 06:34:34',1,1694,2006.5,0,0,312.5,0),(215,2305,930,0,27,'2023-04-12 06:34:34',1,1694,2006.5,0,0,312.5,0),(216,2305,928,0,27,'2023-04-12 06:34:34',1,1694,2006.5,0,0,312.5,0),(217,2305,926,0,27,'2023-04-12 06:34:34',1,1694,2006.5,0,0,312.5,0),(219,2307,886,0,28,'2023-04-14 13:08:40',4,14284,17784,0,0,3500,0),(221,2308,950,0,29,'2023-04-14 18:11:15',1,19619,20452.333333,0,0,833.333333,0),(222,2308,951,0,29,'2023-04-14 18:11:15',2,2034,3700.666667,0,0,1666.666667,0),(224,2309,904,0,30,'2023-04-15 08:19:21',1,1515,2681.666667,0,0,1166.666667,0),(225,2309,903,0,30,'2023-04-15 08:19:21',1,4460,5626.666667,0,0,1166.666667,0),(226,2309,477,0,30,'2023-04-15 08:19:21',1,1247,2413.666667,0,0,1166.666667,0),(235,2369,881,0,31,'2023-04-20 16:15:49',2,11796,13046,0,0,1250,0),(234,2369,886,0,31,'2023-04-20 16:15:49',2,7142,8392,0,0,1250,0),(238,2371,864,0,32,'2023-04-22 09:27:57',1,1604,1916.5,0,0,312.5,0),(237,2371,442,0,32,'2023-04-22 09:27:57',1,1448,1760.5,0,0,312.5,0),(239,2371,905,0,32,'2023-04-22 09:27:57',2,2896,3521,0,0,625,0),(240,2371,909,0,32,'2023-04-22 09:27:57',1,1393,1705.5,0,0,312.5,0),(241,2371,920,0,32,'2023-04-22 09:27:57',1,1247,1559.5,0,0,312.5,0),(242,2371,910,0,32,'2023-04-22 09:27:57',1,1426,1738.5,0,0,312.5,0),(243,2371,456,0,32,'2023-04-22 09:27:57',1,1247,1559.5,0,0,312.5,0),(245,2372,886,0,33,'2023-04-24 08:04:12',1,3571,4071,0,0,500,0),(246,2372,922,0,33,'2023-04-24 08:04:12',2,3388,4388,0,0,1000,0),(247,2372,449,0,33,'2023-04-24 08:04:12',1,1247,1747,0,0,500,0),(248,2372,924,0,33,'2023-04-24 08:04:12',1,1515,2015,0,0,500,0),(250,2373,484,0,34,'2023-04-27 16:45:04',1,1247,1747,0,0,500,0),(251,2373,498,0,34,'2023-04-27 16:45:04',1,1336,1836,0,0,500,0),(252,2373,456,0,34,'2023-04-27 16:45:04',1,1247,1747,0,0,500,0),(253,2373,1101,0,34,'2023-04-27 16:45:04',1,26995,27495,0,0,500,0),(254,2373,470,0,34,'2023-04-27 16:45:04',1,1381,1881,0,0,500,0),(256,2374,1110,0,5,'2023-04-30 14:45:39',2,23990,26490,0,0,2500,0),(258,2376,950,0,35,'2023-05-08 11:17:38',1,19619,19976.142857,0,0,357.142857,0),(259,2376,877,0,35,'2023-05-08 11:17:38',1,3151,3508.142857,0,0,357.142857,0),(260,2376,898,0,35,'2023-05-08 11:17:38',1,2588,2945.142857,0,0,357.142857,0),(261,2376,883,0,35,'2023-05-08 11:17:38',1,1336,1693.142857,0,0,357.142857,0),(262,2376,924,0,35,'2023-05-08 11:17:38',1,1515,1872.142857,0,0,357.142857,0),(263,2376,919,0,35,'2023-05-08 11:17:38',1,1604,1961.142857,0,0,357.142857,0),(264,2376,911,0,35,'2023-05-08 11:17:38',1,1247,1604.142857,0,0,357.142857,0),(266,2392,886,0,36,'2023-05-08 20:00:12',3,10713,12213,0,0,1500,0),(267,2392,904,0,36,'2023-05-08 20:00:12',1,1515,2015,0,0,500,0),(268,2392,470,0,36,'2023-05-08 20:00:12',1,1381,1881,0,0,500,0),(270,2393,881,0,37,'2023-05-09 23:22:44',2,11796,14296,0,0,2500,0),(272,2396,1122,0,3,'2023-05-10 09:56:57',2,29990,32490,0,0,2500,0),(278,2399,1134,0,39,'2023-05-10 15:11:24',1,8995,11495,0,0,2500,0),(276,2398,947,0,38,'2023-05-10 11:00:22',1,1251,4751,0,0,3500,0),(280,2400,449,0,40,'2023-05-10 15:25:58',1,1247,3747,0,0,2500,0),(284,2401,1101,0,41,'2023-05-10 19:33:26',1,26995,29495,0,0,2500,0),(286,2406,886,0,42,'2023-05-15 14:43:25',1,3571,6071,0,0,2500,0),(288,2407,928,0,43,'2023-05-16 22:53:26',1,1694,2051.142857,0,0,357.142857,0),(289,2407,888,0,43,'2023-05-16 22:53:26',3,4278,5349.428571,0,0,1071.428571,0),(290,2407,896,0,43,'2023-05-16 22:53:26',2,3030,3744.285714,0,0,714.285714,0),(291,2407,909,0,43,'2023-05-16 22:53:26',1,1393,1750.142857,0,0,357.142857,0);

--
-- Table structure for table `wpos_wc_order_stats`
--

CREATE TABLE `wpos_wc_order_stats` (
  `order_id` bigint unsigned NOT NULL,
  `parent_id` bigint unsigned NOT NULL DEFAULT '0',
  `date_created` datetime NOT NULL DEFAULT '0000-00-00 00:00:00',
  `date_created_gmt` datetime NOT NULL DEFAULT '0000-00-00 00:00:00',
  `num_items_sold` int NOT NULL DEFAULT '0',
  `total_sales` double NOT NULL DEFAULT '0',
  `tax_total` double NOT NULL DEFAULT '0',
  `shipping_total` double NOT NULL DEFAULT '0',
  `net_total` double NOT NULL DEFAULT '0',
  `returning_customer` tinyint(1) DEFAULT NULL,
  `status` varchar(200) COLLATE utf8mb4_unicode_520_ci NOT NULL,
  `customer_id` bigint unsigned NOT NULL,
  `date_paid` datetime DEFAULT '0000-00-00 00:00:00',
  `date_completed` datetime DEFAULT '0000-00-00 00:00:00',
  PRIMARY KEY (`order_id`),
  KEY `date_created` (`date_created`),
  KEY `customer_id` (`customer_id`),
  KEY `status` (`status`(191))
) ENGINE=MyISAM DEFAULT CHARSET=utf8mb4 COLLATE=utf8mb4_unicode_520_ci;

--
-- Dumping data for table `wpos_wc_order_stats`
--

INSERT INTO `wpos_wc_order_stats` VALUES (2217,0,'2023-02-13 14:05:39','2023-02-13 18:05:39',1,1165,0,0,1165,0,'wc-completed',1,'2023-02-13 12:07:02','2023-02-13 12:10:50'),(2218,0,'2023-02-13 17:00:31','2023-02-13 21:00:31',2,3790,0,0,3790,0,'wc-cancelled',2,'0000-00-00 00:00:00','0000-00-00 00:00:00'),(2226,0,'2023-02-14 11:42:18','2023-02-14 17:42:18',4,62480,0,2500,59980,0,'wc-completed',3,'2023-02-14 11:44:12','2023-02-20 10:23:50'),(2263,0,'2023-02-16 11:40:59','2023-02-16 17:40:59',5,9209,0,2500,6709,0,'wc-completed',4,'2023-02-16 11:42:24','2023-02-17 11:11:27'),(2265,0,'2023-02-17 10:51:18','2023-02-17 16:51:18',2,26490,0,2500,23990,0,'wc-completed',5,'2023-02-17 10:52:19','2023-02-20 10:03:37'),(2264,0,'2023-02-17 09:25:28','2023-02-17 15:25:28',7,13741,0,2500,11241,0,'wc-cancelled',6,'0000-00-00 00:00:00','0000-00-00 00:00:00'),(2266,0,'2023-02-18 13:02:51','2023-02-18 19:02:51',2,9642,0,2500,7142,0,'wc-cancelled',7,'0000-00-00 00:00:00','0000-00-00 00:00:00'),(2267,0,'2023-02-18 18:00:10','2023-02-19 00:00:10',4,9276,0,2500,6776,0,'wc-completed',8,'2023-02-18 18:01:17','2023-02-20 10:24:23'),(2270,0,'2023-02-20 08:24:45','2023-02-20 14:24:45',2,9642,0,2500,7142,0,'wc-completed',7,'2023-02-20 08:26:13','2023-02-20 10:24:24'),(2275,0,'2023-02-22 11:13:45','2023-02-22 17:13:45',15,21205,0,2500,18705,0,'wc-completed',9,'2023-02-22 11:14:21','2023-02-22 15:07:27'),(2276,0,'2023-02-24 17:11:35','2023-02-24 23:11:35',4,10704,0,2500,8204,0,'wc-cancelled',10,'0000-00-00 00:00:00','0000-00-00 00:00:00'),(2277,0,'2023-02-24 22:02:07','2023-02-25 04:02:07',6,10957,0,2500,8457,0,'wc-completed',11,'2023-02-24 22:03:05','2023-02-27 07:31:36'),(2278,0,'2023-02-27 08:35:11','2023-02-27 14:35:11',1,30495,0,3500,26995,0,'wc-completed',12,'2023-02-27 08:38:21','2023-02-28 11:25:11'),(2279,0,'2023-02-28 16:35:05','2023-02-28 22:35:05',7,11750,0,2500,9250,0,'wc-cancelled',13,'0000-00-00 00:00:00','0000-00-00 00:00:00'),(2280,0,'2023-03-01 15:08:02','2023-03-01 21:08:02',6,10324,0,2500,7824,0,'wc-cancelled',13,'0000-00-00 00:00:00','0000-00-00 00:00:00'),(2281,0,'2023-03-02 20:47:30','2023-03-03 02:47:30',10,28380,0,2500,25880,0,'wc-cancelled',14,'0000-00-00 00:00:00','0000-00-00 00:00:00'),(2284,0,'2023-03-08 08:52:12','2023-03-08 14:52:12',1,6071,0,2500,3571,0,'wc-cancelled',15,'0000-00-00 00:00:00','0000-00-00 00:00:00'),(2286,0,'2023-03-09 08:19:41','2023-03-09 14:19:41',4,10349,0,2500,7849,0,'wc-cancelled',16,'0000-00-00 00:00:00','0000-00-00 00:00:00'),(2287,0,'2023-03-10 09:46:12','2023-03-10 15:46:12',1,22119,0,2500,19619,0,'wc-completed',17,'2023-03-10 09:47:10','2023-03-13 12:11:17'),(2288,0,'2023-03-12 09:10:21','2023-03-12 15:10:21',18,28641,0,2500,26141,0,'wc-completed',18,'2023-03-12 10:11:00','2023-03-17 12:29:15'),(2289,0,'2023-03-17 11:25:17','2023-03-17 17:25:17',11,21508,0,2500,19008,0,'wc-completed',19,'2023-03-17 12:26:49','2023-03-21 08:29:09'),(2291,0,'2023-03-18 19:15:56','2023-03-19 01:15:56',6,11588,0,2500,9088,0,'wc-completed',20,'2023-03-18 20:36:46','2023-03-21 08:29:04'),(2296,0,'2023-03-20 13:27:00','2023-03-20 19:27:00',1,3489,0,2500,989,0,'wc-completed',21,'2023-03-20 14:29:41','2023-03-21 08:29:15'),(2297,0,'2023-03-21 10:11:52','2023-03-21 16:11:52',3,7045,0,2500,4545,0,'wc-completed',22,'2023-03-21 11:12:32','2023-03-22 15:02:17'),(2298,0,'2023-03-22 13:55:43','2023-03-22 19:55:43',5,27554,0,2500,25054,0,'wc-completed',23,'2023-03-22 14:56:36','2023-03-24 11:49:15'),(2299,0,'2023-03-23 07:30:46','2023-03-23 13:30:46',5,9887,0,2500,7387,0,'wc-completed',24,'2023-03-23 08:32:32','2023-03-24 11:49:17'),(2300,0,'2023-03-23 07:38:23','2023-03-23 13:38:23',6,12880,0,2500,10380,0,'wc-completed',25,'2023-03-23 08:41:46','2023-03-24 11:49:19'),(2301,0,'2023-03-24 10:11:16','2023-03-24 16:11:16',3,42727,0,2500,40227,1,'wc-completed',23,'2023-03-24 11:12:03','2023-03-27 08:24:15'),(2302,0,'2023-03-24 10:32:40','2023-03-24 16:32:40',7,12503,0,2500,10003,0,'wc-completed',26,'2023-03-24 11:38:38','2023-03-27 08:24:17'),(2303,0,'2023-03-30 14:56:48','2023-03-30 20:56:48',8,14934,0,2500,12434,0,'wc-completed',0,'2023-03-30 16:00:37','2023-03-31 08:29:01'),(2305,0,'2023-04-12 06:34:34','2023-04-12 12:34:34',8,18466,0,2500,15966,0,'wc-completed',27,'2023-04-12 07:36:53','2023-04-14 11:14:16'),(2307,0,'2023-04-14 13:08:40','2023-04-14 19:08:40',4,17784,0,3500,14284,0,'wc-completed',28,'2023-04-14 14:09:40','2023-04-17 09:05:17'),(2308,0,'2023-04-14 18:11:15','2023-04-15 00:11:15',3,24153,0,2500,21653,0,'wc-completed',29,'2023-04-14 19:13:03','2023-04-18 09:54:49'),(2309,0,'2023-04-15 08:19:21','2023-04-15 14:19:21',3,10722,0,3500,7222,0,'wc-completed',30,'2023-04-15 11:35:19','2023-04-18 09:54:50'),(2369,0,'2023-04-20 16:15:49','2023-04-20 22:15:49',4,21438,0,2500,18938,0,'wc-completed',31,'2023-04-21 13:01:56','2023-04-24 09:07:33'),(2371,0,'2023-04-22 09:27:57','2023-04-22 15:27:57',8,13761,0,2500,11261,0,'wc-completed',32,'2023-04-22 10:32:54','2023-04-26 08:41:00'),(2372,0,'2023-04-24 08:04:12','2023-04-24 14:04:12',5,12221,0,2500,9721,0,'wc-completed',33,'2023-04-24 09:06:52','2023-04-26 08:41:01'),(2373,0,'2023-04-27 16:45:04','2023-04-27 22:45:04',5,34706,0,2500,32206,0,'wc-completed',34,'2023-04-27 17:46:14','2023-05-02 12:33:08'),(2374,0,'2023-04-30 14:45:39','2023-04-30 20:45:39',2,26490,0,2500,23990,1,'wc-completed',5,'2023-04-30 15:46:19','2023-05-04 07:49:35'),(2376,0,'2023-05-08 11:17:38','2023-05-08 17:17:38',7,33560,0,2500,31060,0,'wc-completed',35,'2023-05-08 12:18:59','2023-05-10 09:18:33'),(2392,0,'2023-05-08 20:00:12','2023-05-09 02:00:12',5,16109,0,2500,13609,0,'wc-cancelled',36,'0000-00-00 00:00:00','0000-00-00 00:00:00'),(2393,0,'2023-05-09 23:22:44','2023-05-10 05:22:44',2,14296,0,2500,11796,0,'wc-completed',37,'2023-05-09 23:24:51','2023-05-12 07:35:31'),(2396,0,'2023-05-10 09:56:57','2023-05-10 15:56:57',2,32490,0,2500,29990,1,'wc-completed',3,'2023-05-10 09:58:29','2023-05-12 07:35:32'),(2398,0,'2023-05-10 11:00:22','2023-05-10 17:00:22',1,4751,0,3500,1251,0,'wc-failed',38,NULL,NULL),(2399,0,'2023-05-10 15:11:24','2023-05-10 21:11:24',1,11495,0,2500,8995,0,'wc-cancelled',39,NULL,NULL),(2400,0,'2023-05-10 15:25:58','2023-05-10 21:25:58',1,3747,0,2500,1247,0,'wc-cancelled',40,NULL,NULL),(2401,0,'2023-05-10 19:33:26','2023-05-11 01:33:26',1,29495,0,2500,26995,0,'wc-completed',41,'2023-05-10 19:38:01','2023-05-12 09:59:56'),(2406,0,'2023-05-15 14:43:25','2023-05-15 20:43:25',1,6071,0,2500,3571,0,'wc-completed',42,'2023-05-15 14:44:19','2023-05-17 09:29:00'),(2407,0,'2023-05-16 22:53:26','2023-05-17 04:53:26',7,12895,0,2500,10395,0,'wc-processing',43,'2023-05-16 22:57:08',NULL);

--
-- Table structure for table `wpos_wc_order_tax_lookup`
--

CREATE TABLE `wpos_wc_order_tax_lookup` (
  `order_id` bigint unsigned NOT NULL,
  `tax_rate_id` bigint unsigned NOT NULL,
  `date_created` datetime NOT NULL DEFAULT '0000-00-00 00:00:00',
  `shipping_tax` double NOT NULL DEFAULT '0',
  `order_tax` double NOT NULL DEFAULT '0',
  `total_tax` double NOT NULL DEFAULT '0',
  PRIMARY KEY (`order_id`,`tax_rate_id`),
  KEY `tax_rate_id` (`tax_rate_id`),
  KEY `date_created` (`date_created`)
) ENGINE=MyISAM DEFAULT CHARSET=utf8mb4 COLLATE=utf8mb4_unicode_520_ci;

--
-- Dumping data for table `wpos_wc_order_tax_lookup`
--


--
-- Table structure for table `wpos_wc_product_attributes_lookup`
--

CREATE TABLE `wpos_wc_product_attributes_lookup` (
  `product_id` bigint NOT NULL,
  `product_or_parent_id` bigint NOT NULL,
  `taxonomy` varchar(32) COLLATE utf8mb4_unicode_520_ci NOT NULL,
  `term_id` bigint NOT NULL,
  `is_variation_attribute` tinyint(1) NOT NULL,
  `in_stock` tinyint(1) NOT NULL,
  PRIMARY KEY (`product_or_parent_id`,`term_id`,`product_id`,`taxonomy`),
  KEY `is_variation_attribute_term_id` (`is_variation_attribute`,`term_id`)
) ENGINE=MyISAM DEFAULT CHARSET=utf8mb4 COLLATE=utf8mb4_unicode_520_ci;

--
-- Dumping data for table `wpos_wc_product_attributes_lookup`
--


--
-- Table structure for table `wpos_wc_product_download_directories`
--

CREATE TABLE `wpos_wc_product_download_directories` (
  `url_id` bigint unsigned NOT NULL AUTO_INCREMENT,
  `url` varchar(256) COLLATE utf8mb4_unicode_520_ci NOT NULL,
  `enabled` tinyint(1) NOT NULL DEFAULT '0',
  PRIMARY KEY (`url_id`),
  KEY `url` (`url`(191))
) ENGINE=MyISAM AUTO_INCREMENT=3 DEFAULT CHARSET=utf8mb4 COLLATE=utf8mb4_unicode_520_ci;

--
-- Dumping data for table `wpos_wc_product_download_directories`
--

INSERT INTO `wpos_wc_product_download_directories` VALUES (1,'file:///home/marielamiranda/public_html/wp-content/uploads/woocommerce_uploads/',1),(2,'https://ingeniotest.xyz/wp-content/uploads/woocommerce_uploads/',1);

--
-- Table structure for table `wpos_wc_product_meta_lookup`
--

CREATE TABLE `wpos_wc_product_meta_lookup` (
  `product_id` bigint NOT NULL,
  `sku` varchar(100) COLLATE utf8mb4_unicode_520_ci DEFAULT '',
  `virtual` tinyint(1) DEFAULT '0',
  `downloadable` tinyint(1) DEFAULT '0',
  `min_price` decimal(19,4) DEFAULT NULL,
  `max_price` decimal(19,4) DEFAULT NULL,
  `onsale` tinyint(1) DEFAULT '0',
  `stock_quantity` double DEFAULT NULL,
  `stock_status` varchar(100) COLLATE utf8mb4_unicode_520_ci DEFAULT 'instock',
  `rating_count` bigint DEFAULT '0',
  `average_rating` decimal(3,2) DEFAULT '0.00',
  `total_sales` bigint DEFAULT '0',
  `tax_status` varchar(100) COLLATE utf8mb4_unicode_520_ci DEFAULT 'taxable',
  `tax_class` varchar(100) COLLATE utf8mb4_unicode_520_ci DEFAULT '',
  PRIMARY KEY (`product_id`),
  KEY `virtual` (`virtual`),
  KEY `downloadable` (`downloadable`),
  KEY `stock_status` (`stock_status`),
  KEY `stock_quantity` (`stock_quantity`),
  KEY `onsale` (`onsale`),
  KEY `min_max_price` (`min_price`,`max_price`)
) ENGINE=MyISAM DEFAULT CHARSET=utf8mb4 COLLATE=utf8mb4_unicode_520_ci;

--
-- Dumping data for table `wpos_wc_product_meta_lookup`
--

INSERT INTO `wpos_wc_product_meta_lookup` VALUES (253,'TE.0012',0,0,1247.0000,1247.0000,0,NULL,'instock',0,0.00,1,'taxable',''),(435,'TE.0001',0,0,1247.0000,1247.0000,0,NULL,'instock',0,0.00,17,'taxable',''),(442,'TE.1140',0,0,1448.0000,1448.0000,0,NULL,'instock',0,0.00,3,'taxable',''),(449,'TE.1134',0,0,1247.0000,1247.0000,0,NULL,'instock',0,0.00,4,'taxable',''),(456,'TE.0004',0,0,1247.0000,1247.0000,0,NULL,'instock',0,0.00,2,'taxable',''),(463,'TE.0181',0,0,1515.0000,1515.0000,0,NULL,'instock',0,0.00,0,'taxable',''),(470,'TE.0180',0,0,1381.0000,1381.0000,0,NULL,'instock',0,0.00,3,'taxable',''),(477,'TE.0020',0,0,1247.0000,1247.0000,0,NULL,'instock',0,0.00,3,'taxable',''),(484,'TE.0006',0,0,1247.0000,1247.0000,0,NULL,'instock',0,0.00,3,'taxable',''),(491,'TE.0143',0,0,1336.0000,1336.0000,0,NULL,'instock',0,0.00,2,'taxable',''),(498,'TE.0005',0,0,1336.0000,1336.0000,0,NULL,'instock',0,0.00,2,'taxable',''),(505,'TE.0182',0,0,1426.0000,1426.0000,0,NULL,'instock',0,0.00,4,'taxable',''),(512,'TE.0011',0,0,1336.0000,1336.0000,0,NULL,'instock',0,0.00,0,'taxable',''),(569,'TE.0040',0,0,1041.0000,1041.0000,0,NULL,'instock',0,0.00,1,'taxable',''),(864,'TE.0062',0,0,1604.0000,1604.0000,0,NULL,'instock',0,0.00,2,'taxable',''),(865,'TE.1043',0,0,2051.0000,2051.0000,0,NULL,'instock',0,0.00,1,'taxable',''),(867,'TE.0136',0,0,1604.0000,1604.0000,0,NULL,'instock',0,0.00,0,'taxable',''),(877,'TE.0137',0,0,3151.0000,3151.0000,0,NULL,'instock',0,0.00,2,'taxable',''),(880,'TE.0232',0,0,1381.0000,1381.0000,0,NULL,'instock',0,0.00,1,'taxable',''),(881,'TE.1047',0,0,5898.0000,5898.0000,0,NULL,'instock',0,0.00,6,'taxable',''),(882,'TE.1057',0,0,675.0000,675.0000,0,NULL,'instock',0,0.00,0,'taxable',''),(883,'TE.1135',0,0,1336.0000,1336.0000,0,NULL,'instock',0,0.00,1,'taxable',''),(886,'TE.1062',0,0,3571.0000,3571.0000,0,NULL,'instock',0,0.00,11,'taxable',''),(888,'TE.0070',0,0,1426.0000,1426.0000,0,NULL,'instock',0,0.00,7,'taxable',''),(890,'TE.0072',0,0,1426.0000,1426.0000,0,NULL,'outofstock',0,0.00,1,'taxable',''),(892,'TE.0174',0,0,1515.0000,1515.0000,0,NULL,'instock',0,0.00,4,'taxable',''),(893,'TE.0071',0,0,1426.0000,1426.0000,0,NULL,'instock',0,0.00,3,'taxable',''),(894,'TE.0254',0,0,1515.0000,1515.0000,0,NULL,'instock',0,0.00,3,'taxable',''),(895,'TE.0036',0,0,1515.0000,1515.0000,0,NULL,'instock',0,0.00,1,'taxable',''),(896,'TE.0037',0,0,1515.0000,1515.0000,0,NULL,'instock',0,0.00,3,'taxable',''),(898,'TE.0048',0,0,2588.0000,2588.0000,0,NULL,'instock',0,0.00,1,'taxable',''),(900,'TE.0047',0,0,1515.0000,1515.0000,0,NULL,'instock',0,0.00,0,'taxable',''),(902,'TE.1027',0,0,1515.0000,1515.0000,0,NULL,'instock',0,0.00,2,'taxable',''),(903,'TE.1119',0,0,4460.0000,4460.0000,0,NULL,'instock',0,0.00,1,'taxable',''),(904,'TE.1127',0,0,1515.0000,1515.0000,0,NULL,'instock',0,0.00,5,'taxable',''),(905,'TE.1141',0,0,1448.0000,1448.0000,0,NULL,'instock',0,0.00,2,'taxable',''),(906,'TE.0260',0,0,1694.0000,1694.0000,0,NULL,'instock',0,0.00,7,'taxable',''),(908,'TE.1013',0,0,1783.0000,1783.0000,0,NULL,'instock',0,0.00,0,'taxable',''),(909,'TE.1028',0,0,1393.0000,1393.0000,0,NULL,'instock',0,0.00,2,'taxable',''),(910,'TE.0030',0,0,1426.0000,1426.0000,0,NULL,'instock',0,0.00,1,'taxable',''),(911,'TE.0009',0,0,1247.0000,1247.0000,0,NULL,'instock',0,0.00,2,'taxable',''),(913,'TE.0257',0,0,1247.0000,1247.0000,0,NULL,'instock',0,0.00,1,'taxable',''),(915,'TE.1029',0,0,1426.0000,1426.0000,0,NULL,'instock',0,0.00,2,'taxable',''),(917,'TE.0146',0,0,1247.0000,1247.0000,0,NULL,'instock',0,0.00,1,'taxable',''),(920,'TE.0184',0,0,1247.0000,1247.0000,0,NULL,'instock',0,0.00,3,'taxable',''),(919,'TE.0027',0,0,1604.0000,1604.0000,0,NULL,'instock',0,0.00,1,'taxable',''),(922,'TE.1143',0,0,1694.0000,1694.0000,0,NULL,'instock',0,0.00,2,'taxable',''),(923,'TE.1106',0,0,1604.0000,1604.0000,0,NULL,'outofstock',0,0.00,2,'taxable',''),(924,'TE.0026',0,0,1515.0000,1515.0000,0,NULL,'instock',0,0.00,4,'taxable',''),(926,'TE.0222',0,0,1694.0000,1694.0000,0,NULL,'instock',0,0.00,1,'taxable',''),(928,'TE.0223',0,0,1694.0000,1694.0000,0,NULL,'instock',0,0.00,3,'taxable',''),(929,'TE.0234',0,0,1694.0000,1694.0000,0,NULL,'instock',0,0.00,2,'taxable',''),(930,'TE.0237',0,0,1694.0000,1694.0000,0,NULL,'instock',0,0.00,2,'taxable',''),(932,'TE.1132',0,0,1595.0000,1595.0000,0,NULL,'instock',0,0.00,1,'taxable',''),(933,'TE.1094',0,0,1595.0000,1595.0000,0,NULL,'instock',0,0.00,0,'taxable',''),(934,'TE.1133',0,0,1595.0000,1595.0000,0,NULL,'instock',0,0.00,5,'taxable',''),(935,'AP.0017',0,0,2274.0000,2274.0000,0,NULL,'instock',0,0.00,0,'taxable',''),(937,'AP.0171',0,0,1695.0000,1695.0000,0,NULL,'instock',0,0.00,0,'taxable',''),(938,'AP.0020',0,0,2740.2500,2740.2500,0,NULL,'instock',0,0.00,0,'taxable',''),(939,'AP.0021',0,0,3531.0000,3531.0000,0,NULL,'instock',0,0.00,0,'taxable',''),(941,'AP.0154',0,0,3793.9800,3793.9800,0,NULL,'instock',0,0.00,0,'taxable',''),(942,'AP.0153',0,0,3083.6300,3083.6300,0,NULL,'instock',0,0.00,1,'taxable',''),(943,'AP.0152',0,0,2189.8200,2189.8200,0,NULL,'instock',0,0.00,0,'taxable',''),(945,'AP.0151',0,0,1698.2300,1698.2300,0,NULL,'instock',0,0.00,0,'taxable',''),(946,'AP.0150',0,0,1340.7000,1340.7000,0,NULL,'instock',0,0.00,0,'taxable',''),(947,'AP.0149',0,0,1251.3300,1251.3300,0,NULL,'instock',0,0.00,0,'taxable',''),(948,'OT.0061',0,0,989.0000,989.0000,0,NULL,'outofstock',0,0.00,3,'taxable',''),(951,'OT.0062',0,0,1017.0000,1017.0000,0,NULL,'instock',0,0.00,4,'taxable',''),(949,'TE.0259',0,0,985.0000,985.0000,0,NULL,'instock',0,0.00,5,'taxable',''),(950,'TE.1157',0,0,19619.0000,19619.0000,0,NULL,'outofstock',0,0.00,6,'taxable',''),(1100,'MA.0097',0,0,29943.0000,29943.0000,0,NULL,'instock',0,0.00,0,'taxable',''),(1101,'MA.0015',0,0,26995.0000,26995.0000,0,NULL,'instock',0,0.00,3,'taxable',''),(1104,'MA.0003',0,0,9195.0000,9195.0000,0,NULL,'instock',0,0.00,0,'taxable',''),(1105,'MA.0017',0,0,17330.0000,17330.0000,0,NULL,'instock',0,0.00,0,'taxable',''),(1106,'MA.0019',0,0,17330.0000,17330.0000,0,NULL,'instock',0,0.00,0,'taxable',''),(1108,'MA.0091',0,0,17595.0000,17595.0000,0,NULL,'instock',0,0.00,0,'taxable',''),(1109,'MA.0002',0,0,17330.0000,17330.0000,0,NULL,'instock',0,0.00,0,'taxable',''),(1110,'MA.0006',0,0,11995.0000,11995.0000,0,NULL,'instock',0,0.00,4,'taxable',''),(1112,'MA.0009',0,0,8995.0000,8995.0000,0,NULL,'instock',0,0.00,0,'taxable',''),(1113,'MA.0018',0,0,22980.0000,22980.0000,0,NULL,'instock',0,0.00,0,'taxable',''),(1114,'MA.0090',0,0,17595.0000,17595.0000,0,NULL,'instock',0,0.00,0,'taxable',''),(1115,'MA.0007',0,0,17995.0000,17995.0000,0,NULL,'instock',0,0.00,0,'taxable',''),(1120,'MA.0013',0,0,19995.0000,19995.0000,0,2,'instock',0,0.00,0,'taxable',''),(1121,'MA.0012',0,0,17330.0000,17330.0000,0,NULL,'instock',0,0.00,0,'taxable',''),(1122,'MA.0004',0,0,13403.0000,13403.0000,0,NULL,'instock',0,0.00,6,'none',''),(1123,'MA.026',0,0,12220.0000,12220.0000,0,NULL,'outofstock',0,0.00,0,'taxable',''),(1125,'MA.0001',0,0,3740.0000,3740.0000,0,NULL,'instock',0,0.00,0,'taxable',''),(1126,'MA.0008',0,0,7795.0000,7795.0000,0,NULL,'instock',0,0.00,0,'taxable',''),(1127,'MA.0021',0,0,17595.0000,17595.0000,0,NULL,'instock',0,0.00,0,'taxable',''),(1128,'MA.0089',0,0,17995.0000,17995.0000,0,NULL,'outofstock',0,0.00,0,'taxable',''),(1129,'MA.0056',0,0,17330.0000,17330.0000,0,NULL,'outofstock',0,0.00,0,'taxable',''),(1130,'MA.0053',0,0,22980.0000,22980.0000,0,NULL,'instock',0,0.00,0,'taxable',''),(1131,'MA.0036',0,0,14995.0000,14995.0000,0,NULL,'instock',0,0.00,0,'taxable',''),(1132,'MA.0035',0,0,8995.0000,8995.0000,0,NULL,'instock',0,0.00,0,'taxable',''),(1133,'MA.0034',0,0,5645.0000,5645.0000,0,NULL,'instock',0,0.00,0,'taxable',''),(1134,'MA.0033',0,0,8995.0000,8995.0000,0,NULL,'instock',0,0.00,0,'taxable',''),(1135,'',0,0,9995.0000,9995.0000,0,NULL,'instock',0,0.00,0,'taxable',''),(1136,'MA.0096',0,0,9995.0000,9995.0000,0,NULL,'instock',0,0.00,0,'taxable',''),(1137,'MA.0095',0,0,6975.0000,6975.0000,0,NULL,'instock',0,0.00,0,'taxable',''),(1138,'MA.0063',0,0,19995.0000,19995.0000,0,NULL,'outofstock',0,0.00,0,'taxable',''),(1139,'MA.0064',0,0,19995.0000,19995.0000,0,NULL,'instock',0,0.00,0,'taxable',''),(1140,'MA.0040',0,0,12995.0000,12995.0000,0,NULL,'instock',0,0.00,0,'taxable',''),(1141,'MA.0049',0,0,12995.0000,12995.0000,0,NULL,'instock',0,0.00,0,'taxable',''),(1142,'MA.0050',0,0,12995.0000,12995.0000,0,NULL,'instock',0,0.00,0,'taxable',''),(1143,'MA.0061',0,0,12995.0000,12995.0000,0,NULL,'instock',0,0.00,0,'taxable',''),(1144,'MA.0041',0,0,11995.0000,11995.0000,0,NULL,'instock',0,0.00,0,'taxable',''),(1145,'MA.0052',0,0,11995.0000,11995.0000,0,NULL,'instock',0,0.00,0,'taxable',''),(1146,'MA.0023',0,0,11995.0000,11995.0000,0,NULL,'instock',0,0.00,0,'taxable',''),(1147,'MA.0044',0,0,11995.0000,11995.0000,0,NULL,'instock',0,0.00,0,'taxable',''),(1148,'MA.0046',0,0,8995.0000,8995.0000,0,NULL,'instock',0,0.00,0,'taxable',''),(1150,'MA.0065',0,0,8995.0000,8995.0000,0,NULL,'outofstock',0,0.00,0,'taxable',''),(1151,'MA.0026',0,0,8995.0000,8995.0000,0,NULL,'instock',0,0.00,0,'taxable',''),(1152,'MA.0043',0,0,8995.0000,8995.0000,0,NULL,'instock',0,0.00,0,'taxable',''),(1153,'MA.0030',0,0,7855.0000,7855.0000,0,NULL,'instock',0,0.00,0,'taxable',''),(1154,'MA.0039',0,0,7855.0000,7855.0000,0,NULL,'instock',0,0.00,0,'taxable',''),(1155,'MA.0025',0,0,6975.0000,6975.0000,0,NULL,'instock',0,0.00,0,'taxable',''),(1156,'MA.0027',0,0,6975.0000,6975.0000,0,NULL,'outofstock',0,0.00,0,'taxable',''),(1157,'MA.0032',0,0,6495.0000,6495.0000,0,NULL,'instock',0,0.00,0,'taxable',''),(1158,'MA.0045',0,0,6495.0000,6495.0000,0,NULL,'outofstock',0,0.00,0,'taxable',''),(1159,'MA.0042',0,0,6495.0000,6495.0000,0,NULL,'instock',0,0.00,0,'taxable',''),(1160,'MA.0069',0,0,5645.0000,5645.0000,0,NULL,'instock',0,0.00,0,'taxable',''),(1161,'MA.0029',0,0,5645.0000,5645.0000,0,NULL,'instock',0,0.00,0,'taxable',''),(1162,'MA.0068',0,0,5645.0000,5645.0000,0,NULL,'instock',0,0.00,0,'taxable',''),(1163,'MA.0031',0,0,6545.0000,6545.0000,0,NULL,'instock',0,0.00,0,'taxable',''),(1164,'MA.0047',0,0,5645.0000,5645.0000,0,NULL,'instock',0,0.00,0,'taxable',''),(1165,'MA.0059',0,0,7855.0000,7855.0000,0,NULL,'instock',0,0.00,0,'taxable',''),(1166,'MA.0099',0,0,7855.0000,7855.0000,0,NULL,'instock',0,0.00,0,'taxable',''),(1172,'',0,0,1165.0000,1165.0000,0,NULL,'instock',0,0.00,1,'taxable',''),(1173,'TE.0062',0,0,1604.0000,1604.0000,0,NULL,'instock',0,0.00,2,'taxable',''),(1175,'TE.1043',0,0,2051.0000,2051.0000,0,NULL,'instock',0,0.00,1,'taxable',''),(1176,'TE.1027',0,0,1515.0000,1515.0000,0,NULL,'instock',0,0.00,2,'taxable',''),(1177,'TE.0037',0,0,1515.0000,1515.0000,0,NULL,'instock',0,0.00,3,'taxable',''),(1178,'TE.0036',0,0,1515.0000,1515.0000,0,NULL,'instock',0,0.00,1,'taxable',''),(1179,'TE.0254',0,0,1515.0000,1515.0000,0,NULL,'instock',0,0.00,3,'taxable',''),(1180,'TE.0071',0,0,1426.0000,1426.0000,0,NULL,'instock',0,0.00,3,'taxable',''),(1181,'TE.0174',0,0,1515.0000,1515.0000,0,NULL,'instock',0,0.00,4,'taxable',''),(1182,'TE.0072',0,0,1426.0000,1426.0000,0,NULL,'outofstock',0,0.00,1,'taxable',''),(1183,'TE.0070',0,0,1426.0000,1426.0000,0,NULL,'instock',0,0.00,7,'taxable',''),(1184,'TE.0256',0,0,1336.0000,1336.0000,0,NULL,'instock',0,0.00,1,'taxable',''),(1185,'TE.1048',0,0,532.0000,532.0000,0,NULL,'instock',0,0.00,0,'taxable',''),(1186,'TE.0232',0,0,1381.0000,1381.0000,0,NULL,'instock',0,0.00,1,'taxable',''),(1187,'TE.0260',0,0,1694.0000,1694.0000,0,NULL,'instock',0,0.00,7,'taxable',''),(1188,'TE.1141',0,0,1448.0000,1448.0000,0,NULL,'instock',0,0.00,2,'taxable',''),(1189,'TE.1127',0,0,1515.0000,1515.0000,0,NULL,'instock',0,0.00,5,'taxable',''),(1190,'TE.0184',0,0,1247.0000,1247.0000,0,NULL,'instock',0,0.00,3,'taxable',''),(1191,'TE.1029',0,0,1426.0000,1426.0000,0,NULL,'instock',0,0.00,2,'taxable',''),(1192,'TE.0146',0,0,1247.0000,1247.0000,0,NULL,'instock',0,0.00,1,'taxable',''),(1193,'TE.0257',0,0,1247.0000,1247.0000,0,NULL,'instock',0,0.00,1,'taxable',''),(1194,'TE.0009',0,0,1247.0000,1247.0000,0,NULL,'instock',0,0.00,2,'taxable',''),(1195,'TE.0030',0,0,1426.0000,1426.0000,0,NULL,'instock',0,0.00,1,'taxable',''),(1196,'TE.1028',0,0,1393.0000,1393.0000,0,NULL,'instock',0,0.00,2,'taxable',''),(1197,'',0,0,1995.0000,1995.0000,0,NULL,'instock',0,0.00,0,'taxable',''),(1198,'TE.0026',0,0,1515.0000,1515.0000,0,NULL,'instock',0,0.00,4,'taxable',''),(1199,'TE.1106',0,0,1604.0000,1604.0000,0,NULL,'outofstock',0,0.00,2,'taxable',''),(1200,'TE.1143',0,0,1694.0000,1694.0000,0,NULL,'instock',0,0.00,2,'taxable',''),(1201,'TE.0027',0,0,1604.0000,1604.0000,0,NULL,'instock',0,0.00,1,'taxable',''),(1202,'TE.0237',0,0,1694.0000,1694.0000,0,NULL,'instock',0,0.00,2,'taxable',''),(1203,'TE.0234',0,0,1694.0000,1694.0000,0,NULL,'instock',0,0.00,2,'taxable',''),(1204,'TE.0223',0,0,1694.0000,1694.0000,0,NULL,'instock',0,0.00,3,'taxable',''),(1205,'TE.0222',0,0,1694.0000,1694.0000,0,NULL,'instock',0,0.00,1,'taxable',''),(1210,'TE.0012',0,0,1247.0000,1247.0000,0,NULL,'instock',0,0.00,1,'taxable',''),(1211,'TE.0001',0,0,1247.0000,1247.0000,0,NULL,'instock',0,0.00,17,'taxable',''),(1212,'',0,0,1620.0000,1620.0000,0,NULL,'instock',0,0.00,0,'taxable',''),(1213,'TE.1134',0,0,1247.0000,1247.0000,0,NULL,'instock',0,0.00,4,'taxable',''),(1214,'TE.0004',0,0,1247.0000,1247.0000,0,NULL,'instock',0,0.00,2,'taxable',''),(1215,'',0,0,1695.0000,1695.0000,0,NULL,'instock',0,0.00,0,'taxable',''),(1216,'TE.0180',0,0,1381.0000,1381.0000,0,NULL,'instock',0,0.00,3,'taxable',''),(1217,'TE.0020',0,0,1247.0000,1247.0000,0,NULL,'instock',0,0.00,3,'taxable',''),(1218,'TE.0006',0,0,1247.0000,1247.0000,0,NULL,'instock',0,0.00,3,'taxable',''),(1219,'TE.0143',0,0,1336.0000,1336.0000,0,NULL,'instock',0,0.00,2,'taxable',''),(1220,'TE.0005',0,0,1336.0000,1336.0000,0,NULL,'instock',0,0.00,2,'taxable',''),(1221,'TE.0182',0,0,1426.0000,1426.0000,0,NULL,'instock',0,0.00,4,'taxable',''),(1222,'TE.0011',0,0,1336.0000,1336.0000,0,NULL,'instock',0,0.00,0,'taxable',''),(2232,'',0,0,1395.0000,1395.0000,0,NULL,'instock',0,0.00,0,'taxable',''),(2233,'',0,0,1395.0000,1395.0000,0,NULL,'instock',0,0.00,0,'taxable',''),(2310,'TE.1163',0,0,1704.0000,1704.0000,0,NULL,'instock',0,0.00,0,'taxable',''),(2317,'TE.1164',0,0,1611.0000,1611.0000,0,NULL,'instock',0,0.00,0,'taxable',''),(2324,'TE.1162',0,0,1611.0000,1611.0000,0,NULL,'instock',0,0.00,0,'taxable',''),(2331,'TE.1161',0,0,1611.0000,1611.0000,0,NULL,'instock',0,0.00,0,'taxable',''),(2338,'SA.0004',0,0,1674.0000,1674.0000,0,NULL,'instock',0,0.00,0,'taxable',''),(2342,'SA.0003',0,0,2304.0000,2304.0000,0,NULL,'instock',0,0.00,0,'taxable',''),(2345,'SA.0002',0,0,2400.0000,2400.0000,0,NULL,'instock',0,0.00,0,'taxable',''),(2348,'SA.0001',0,0,3551.0000,3551.0000,0,NULL,'instock',0,0.00,0,'taxable',''),(2352,'SA.0005',0,0,1030.0000,1030.0000,0,NULL,'instock',0,0.00,0,'taxable',''),(2357,'TE.9011',0,0,5898.0000,5898.0000,0,NULL,'instock',0,0.00,0,'taxable',''),(2363,'OT.0068',0,0,713.0000,713.0000,0,NULL,'outofstock',0,0.00,0,'taxable',''),(2366,'OT.0070',0,0,713.0000,713.0000,0,NULL,'outofstock',0,0.00,0,'taxable','');

--
-- Table structure for table `wpos_wc_rate_limits`
--

CREATE TABLE `wpos_wc_rate_limits` (
  `rate_limit_id` bigint unsigned NOT NULL AUTO_INCREMENT,
  `rate_limit_key` varchar(200) COLLATE utf8mb4_unicode_520_ci NOT NULL,
  `rate_limit_expiry` bigint unsigned NOT NULL,
  `rate_limit_remaining` smallint NOT NULL DEFAULT '0',
  PRIMARY KEY (`rate_limit_id`),
  UNIQUE KEY `rate_limit_key` (`rate_limit_key`(191))
) ENGINE=MyISAM DEFAULT CHARSET=utf8mb4 COLLATE=utf8mb4_unicode_520_ci;

--
-- Dumping data for table `wpos_wc_rate_limits`
--


--
-- Table structure for table `wpos_wc_reserved_stock`
--

CREATE TABLE `wpos_wc_reserved_stock` (
  `order_id` bigint NOT NULL,
  `product_id` bigint NOT NULL,
  `stock_quantity` double NOT NULL DEFAULT '0',
  `timestamp` datetime NOT NULL DEFAULT '0000-00-00 00:00:00',
  `expires` datetime NOT NULL DEFAULT '0000-00-00 00:00:00',
  PRIMARY KEY (`order_id`,`product_id`)
) ENGINE=MyISAM DEFAULT CHARSET=utf8mb4 COLLATE=utf8mb4_unicode_520_ci;

--
-- Dumping data for table `wpos_wc_reserved_stock`
--


--
-- Table structure for table `wpos_wc_tax_rate_classes`
--

CREATE TABLE `wpos_wc_tax_rate_classes` (
  `tax_rate_class_id` bigint unsigned NOT NULL AUTO_INCREMENT,
  `name` varchar(200) COLLATE utf8mb4_unicode_520_ci NOT NULL DEFAULT '',
  `slug` varchar(200) COLLATE utf8mb4_unicode_520_ci NOT NULL DEFAULT '',
  PRIMARY KEY (`tax_rate_class_id`),
  UNIQUE KEY `slug` (`slug`(191))
) ENGINE=MyISAM AUTO_INCREMENT=3 DEFAULT CHARSET=utf8mb4 COLLATE=utf8mb4_unicode_520_ci;

--
-- Dumping data for table `wpos_wc_tax_rate_classes`
--

INSERT INTO `wpos_wc_tax_rate_classes` VALUES (1,'Tasa reducida','tasa-reducida'),(2,'Tasa cero','tasa-cero');

--
-- Table structure for table `wpos_wc_webhooks`
--

CREATE TABLE `wpos_wc_webhooks` (
  `webhook_id` bigint unsigned NOT NULL AUTO_INCREMENT,
  `status` varchar(200) COLLATE utf8mb4_unicode_520_ci NOT NULL,
  `name` text COLLATE utf8mb4_unicode_520_ci NOT NULL,
  `user_id` bigint unsigned NOT NULL,
  `delivery_url` text COLLATE utf8mb4_unicode_520_ci NOT NULL,
  `secret` text COLLATE utf8mb4_unicode_520_ci NOT NULL,
  `topic` varchar(200) COLLATE utf8mb4_unicode_520_ci NOT NULL,
  `date_created` datetime NOT NULL DEFAULT '0000-00-00 00:00:00',
  `date_created_gmt` datetime NOT NULL DEFAULT '0000-00-00 00:00:00',
  `date_modified` datetime NOT NULL DEFAULT '0000-00-00 00:00:00',
  `date_modified_gmt` datetime NOT NULL DEFAULT '0000-00-00 00:00:00',
  `api_version` smallint NOT NULL,
  `failure_count` smallint NOT NULL DEFAULT '0',
  `pending_delivery` tinyint(1) NOT NULL DEFAULT '0',
  PRIMARY KEY (`webhook_id`),
  KEY `user_id` (`user_id`)
) ENGINE=MyISAM DEFAULT CHARSET=utf8mb4 COLLATE=utf8mb4_unicode_520_ci;

--
-- Dumping data for table `wpos_wc_webhooks`
--


--
-- Table structure for table `wpos_woocommerce_api_keys`
--

CREATE TABLE `wpos_woocommerce_api_keys` (
  `key_id` bigint unsigned NOT NULL AUTO_INCREMENT,
  `user_id` bigint unsigned NOT NULL,
  `description` varchar(200) COLLATE utf8mb4_unicode_520_ci DEFAULT NULL,
  `permissions` varchar(10) COLLATE utf8mb4_unicode_520_ci NOT NULL,
  `consumer_key` char(64) COLLATE utf8mb4_unicode_520_ci NOT NULL,
  `consumer_secret` char(43) COLLATE utf8mb4_unicode_520_ci NOT NULL,
  `nonces` longtext COLLATE utf8mb4_unicode_520_ci,
  `truncated_key` char(7) COLLATE utf8mb4_unicode_520_ci NOT NULL,
  `last_access` datetime DEFAULT NULL,
  PRIMARY KEY (`key_id`),
  KEY `consumer_key` (`consumer_key`),
  KEY `consumer_secret` (`consumer_secret`)
) ENGINE=MyISAM DEFAULT CHARSET=utf8mb4 COLLATE=utf8mb4_unicode_520_ci;

--
-- Dumping data for table `wpos_woocommerce_api_keys`
--


--
-- Table structure for table `wpos_woocommerce_attribute_taxonomies`
--

CREATE TABLE `wpos_woocommerce_attribute_taxonomies` (
  `attribute_id` bigint unsigned NOT NULL AUTO_INCREMENT,
  `attribute_name` varchar(200) COLLATE utf8mb4_unicode_520_ci NOT NULL,
  `attribute_label` varchar(200) COLLATE utf8mb4_unicode_520_ci DEFAULT NULL,
  `attribute_type` varchar(20) COLLATE utf8mb4_unicode_520_ci NOT NULL,
  `attribute_orderby` varchar(20) COLLATE utf8mb4_unicode_520_ci NOT NULL,
  `attribute_public` int NOT NULL DEFAULT '1',
  PRIMARY KEY (`attribute_id`),
  KEY `attribute_name` (`attribute_name`(20))
) ENGINE=MyISAM DEFAULT CHARSET=utf8mb4 COLLATE=utf8mb4_unicode_520_ci;

--
-- Dumping data for table `wpos_woocommerce_attribute_taxonomies`
--


--
-- Table structure for table `wpos_woocommerce_downloadable_product_permissions`
--

CREATE TABLE `wpos_woocommerce_downloadable_product_permissions` (
  `permission_id` bigint unsigned NOT NULL AUTO_INCREMENT,
  `download_id` varchar(36) COLLATE utf8mb4_unicode_520_ci NOT NULL,
  `product_id` bigint unsigned NOT NULL,
  `order_id` bigint unsigned NOT NULL DEFAULT '0',
  `order_key` varchar(200) COLLATE utf8mb4_unicode_520_ci NOT NULL,
  `user_email` varchar(200) COLLATE utf8mb4_unicode_520_ci NOT NULL,
  `user_id` bigint unsigned DEFAULT NULL,
  `downloads_remaining` varchar(9) COLLATE utf8mb4_unicode_520_ci DEFAULT NULL,
  `access_granted` datetime NOT NULL DEFAULT '0000-00-00 00:00:00',
  `access_expires` datetime DEFAULT NULL,
  `download_count` bigint unsigned NOT NULL DEFAULT '0',
  PRIMARY KEY (`permission_id`),
  KEY `download_order_key_product` (`product_id`,`order_id`,`order_key`(16),`download_id`),
  KEY `download_order_product` (`download_id`,`order_id`,`product_id`),
  KEY `order_id` (`order_id`),
  KEY `user_order_remaining_expires` (`user_id`,`order_id`,`downloads_remaining`,`access_expires`)
) ENGINE=MyISAM DEFAULT CHARSET=utf8mb4 COLLATE=utf8mb4_unicode_520_ci;

--
-- Dumping data for table `wpos_woocommerce_downloadable_product_permissions`
--


--
-- Table structure for table `wpos_woocommerce_log`
--

CREATE TABLE `wpos_woocommerce_log` (
  `log_id` bigint unsigned NOT NULL AUTO_INCREMENT,
  `timestamp` datetime NOT NULL,
  `level` smallint NOT NULL,
  `source` varchar(200) COLLATE utf8mb4_unicode_520_ci NOT NULL,
  `message` longtext COLLATE utf8mb4_unicode_520_ci NOT NULL,
  `context` longtext COLLATE utf8mb4_unicode_520_ci,
  PRIMARY KEY (`log_id`),
  KEY `level` (`level`)
) ENGINE=MyISAM DEFAULT CHARSET=utf8mb4 COLLATE=utf8mb4_unicode_520_ci;

--
-- Dumping data for table `wpos_woocommerce_log`
--


--
-- Table structure for table `wpos_woocommerce_order_itemmeta`
--

CREATE TABLE `wpos_woocommerce_order_itemmeta` (
  `meta_id` bigint unsigned NOT NULL AUTO_INCREMENT,
  `order_item_id` bigint unsigned NOT NULL,
  `meta_key` varchar(255) COLLATE utf8mb4_unicode_520_ci DEFAULT NULL,
  `meta_value` longtext COLLATE utf8mb4_unicode_520_ci,
  PRIMARY KEY (`meta_id`),
  KEY `order_item_id` (`order_item_id`),
  KEY `meta_key` (`meta_key`(32))
) ENGINE=MyISAM AUTO_INCREMENT=2434 DEFAULT CHARSET=utf8mb4 COLLATE=utf8mb4_unicode_520_ci;

--
-- Dumping data for table `wpos_woocommerce_order_itemmeta`
--

INSERT INTO `wpos_woocommerce_order_itemmeta` VALUES (1264,151,'_line_total','5510'),(1263,151,'_line_subtotal_tax','0'),(1262,151,'_line_subtotal','5510'),(1261,151,'_tax_class',''),(1260,151,'_qty','5'),(1258,151,'_product_id','949'),(1259,151,'_variation_id','0'),(10,2,'_product_id','569'),(11,2,'_variation_id','0'),(12,2,'_qty','1'),(13,2,'_tax_class',''),(14,2,'_line_subtotal','1165'),(15,2,'_line_subtotal_tax','0'),(16,2,'_line_total','1165'),(17,2,'_line_tax','0'),(18,2,'_line_tax_data','a:2:{s:5:\"total\";a:0:{}s:8:\"subtotal\";a:0:{}}'),(19,3,'_product_id','929'),(20,3,'_variation_id','0'),(21,3,'_qty','1'),(22,3,'_tax_class',''),(23,3,'_line_subtotal','1895'),(24,3,'_line_subtotal_tax','0'),(25,3,'_line_total','1895'),(26,3,'_line_tax','0'),(27,3,'_line_tax_data','a:2:{s:5:\"total\";a:0:{}s:8:\"subtotal\";a:0:{}}'),(28,4,'_product_id','930'),(29,4,'_variation_id','0'),(30,4,'_qty','1'),(31,4,'_tax_class',''),(32,4,'_line_subtotal','1895'),(33,4,'_line_subtotal_tax','0'),(34,4,'_line_total','1895'),(35,4,'_line_tax','0'),(36,4,'_line_tax_data','a:2:{s:5:\"total\";a:0:{}s:8:\"subtotal\";a:0:{}}'),(37,5,'_product_id','1122'),(38,5,'_variation_id','0'),(39,5,'_qty','4'),(40,5,'_tax_class',''),(41,5,'_line_subtotal','59980'),(42,5,'_line_subtotal_tax','0'),(43,5,'_line_total','59980'),(44,5,'_line_tax','0'),(45,5,'_line_tax_data','a:2:{s:5:\"total\";a:0:{}s:8:\"subtotal\";a:0:{}}'),(46,6,'method_id','flat_rate'),(47,6,'instance_id','1'),(48,6,'cost','2500'),(49,6,'total_tax','0'),(50,6,'taxes','a:1:{s:5:\"total\";a:0:{}}'),(51,6,'Artículos','Jalea Real con Lecitina &times; 4'),(52,7,'_product_id','435'),(53,7,'_variation_id','0'),(54,7,'_qty','1'),(55,7,'_tax_class',''),(56,7,'_line_subtotal','1247'),(57,7,'_line_subtotal_tax','0'),(58,7,'_line_total','1247'),(59,7,'_line_tax','0'),(60,7,'_line_tax_data','a:2:{s:5:\"total\";a:0:{}s:8:\"subtotal\";a:0:{}}'),(61,8,'_product_id','484'),(62,8,'_variation_id','0'),(63,8,'_qty','1'),(64,8,'_tax_class',''),(65,8,'_line_subtotal','1247'),(66,8,'_line_subtotal_tax','0'),(67,8,'_line_total','1247'),(68,8,'_line_tax','0'),(69,8,'_line_tax_data','a:2:{s:5:\"total\";a:0:{}s:8:\"subtotal\";a:0:{}}'),(70,9,'_product_id','498'),(71,9,'_variation_id','0'),(72,9,'_qty','1'),(73,9,'_tax_class',''),(74,9,'_line_subtotal','1336'),(75,9,'_line_subtotal_tax','0'),(76,9,'_line_total','1336'),(77,9,'_line_tax','0'),(78,9,'_line_tax_data','a:2:{s:5:\"total\";a:0:{}s:8:\"subtotal\";a:0:{}}'),(79,10,'_product_id','505'),(80,10,'_variation_id','0'),(81,10,'_qty','1'),(82,10,'_tax_class',''),(83,10,'_line_subtotal','1426'),(84,10,'_line_subtotal_tax','0'),(85,10,'_line_total','1426'),(86,10,'_line_tax','0'),(87,10,'_line_tax_data','a:2:{s:5:\"total\";a:0:{}s:8:\"subtotal\";a:0:{}}'),(88,11,'_product_id','888'),(89,11,'_variation_id','0'),(90,11,'_qty','1'),(91,11,'_tax_class',''),(92,11,'_line_subtotal','1453'),(93,11,'_line_subtotal_tax','0'),(94,11,'_line_total','1453'),(95,11,'_line_tax','0'),(96,11,'_line_tax_data','a:2:{s:5:\"total\";a:0:{}s:8:\"subtotal\";a:0:{}}'),(97,12,'method_id','flat_rate'),(98,12,'instance_id','1'),(99,12,'cost','2500'),(100,12,'total_tax','0'),(101,12,'taxes','a:1:{s:5:\"total\";a:0:{}}'),(102,12,'Artículos','Té Adelga-T® - 25 bolsitas &times; 1, Té Hoja Sen - 25 bolsitas &times; 1, Té Tilo Europeo - 25 bolsitas &times; 1, Té Valeriana - 20 bolsitas &times; 1, Té Verde con Jazmín - 20 bolsitas &times; 1'),(103,13,'_product_id','882'),(104,13,'_variation_id','0'),(105,13,'_qty','1'),(106,13,'_tax_class',''),(107,13,'_line_subtotal','675'),(108,13,'_line_subtotal_tax','0'),(109,13,'_line_total','675'),(110,13,'_line_tax','0'),(111,13,'_line_tax_data','a:2:{s:5:\"total\";a:0:{}s:8:\"subtotal\";a:0:{}}'),(112,14,'_product_id','894'),(113,14,'_variation_id','0'),(114,14,'_qty','1'),(115,14,'_tax_class',''),(116,14,'_line_subtotal','1515'),(117,14,'_line_subtotal_tax','0'),(118,14,'_line_total','1515'),(119,14,'_line_tax','0'),(120,14,'_line_tax_data','a:2:{s:5:\"total\";a:0:{}s:8:\"subtotal\";a:0:{}}'),(121,15,'_product_id','470'),(122,15,'_variation_id','0'),(123,15,'_qty','1'),(124,15,'_tax_class',''),(125,15,'_line_subtotal','1381'),(126,15,'_line_subtotal_tax','0'),(127,15,'_line_total','1381'),(128,15,'_line_tax','0'),(129,15,'_line_tax_data','a:2:{s:5:\"total\";a:0:{}s:8:\"subtotal\";a:0:{}}'),(130,16,'_product_id','505'),(131,16,'_variation_id','0'),(132,16,'_qty','2'),(133,16,'_tax_class',''),(134,16,'_line_subtotal','2852'),(135,16,'_line_subtotal_tax','0'),(136,16,'_line_total','2852'),(137,16,'_line_tax','0'),(138,16,'_line_tax_data','a:2:{s:5:\"total\";a:0:{}s:8:\"subtotal\";a:0:{}}'),(139,17,'_product_id','449'),(140,17,'_variation_id','0'),(141,17,'_qty','1'),(142,17,'_tax_class',''),(143,17,'_line_subtotal','1247'),(144,17,'_line_subtotal_tax','0'),(145,17,'_line_total','1247'),(146,17,'_line_tax','0'),(147,17,'_line_tax_data','a:2:{s:5:\"total\";a:0:{}s:8:\"subtotal\";a:0:{}}'),(148,18,'_product_id','886'),(149,18,'_variation_id','0'),(150,18,'_qty','1'),(151,18,'_tax_class',''),(152,18,'_line_subtotal','3571'),(153,18,'_line_subtotal_tax','0'),(154,18,'_line_total','3571'),(155,18,'_line_tax','0'),(156,18,'_line_tax_data','a:2:{s:5:\"total\";a:0:{}s:8:\"subtotal\";a:0:{}}'),(157,19,'method_id','flat_rate'),(158,19,'instance_id','1'),(159,19,'cost','2500'),(160,19,'total_tax','0'),(161,19,'taxes','a:1:{s:5:\"total\";a:0:{}}'),(162,19,'Artículos','Té Negro - 25 bolsitas &times; 1, Té Azul - 20 bolsitas &times; 1, Té Fems - 20 bolsitas &times; 1, Té Valeriana - 20 bolsitas &times; 2, Té Digextivan® - 25 bolsitas &times; 1, Té Verde Matcha &times; 1'),(163,20,'_product_id','1110'),(164,20,'_variation_id','0'),(165,20,'_qty','2'),(166,20,'_tax_class',''),(167,20,'_line_subtotal','23990'),(168,20,'_line_subtotal_tax','0'),(169,20,'_line_total','23990'),(170,20,'_line_tax','0'),(171,20,'_line_tax_data','a:2:{s:5:\"total\";a:0:{}s:8:\"subtotal\";a:0:{}}'),(172,21,'method_id','flat_rate'),(173,21,'instance_id','1'),(174,21,'cost','2500'),(175,21,'total_tax','0'),(176,21,'taxes','a:1:{s:5:\"total\";a:0:{}}'),(177,21,'Artículos','Aceite de Comino Negro &times; 2'),(178,22,'_product_id','886'),(179,22,'_variation_id','0'),(180,22,'_qty','2'),(181,22,'_tax_class',''),(182,22,'_line_subtotal','7142'),(183,22,'_line_subtotal_tax','0'),(184,22,'_line_total','7142'),(185,22,'_line_tax','0'),(186,22,'_line_tax_data','a:2:{s:5:\"total\";a:0:{}s:8:\"subtotal\";a:0:{}}'),(187,23,'method_id','flat_rate'),(188,23,'instance_id','1'),(189,23,'cost','2500'),(190,23,'total_tax','0'),(191,23,'taxes','a:1:{s:5:\"total\";a:0:{}}'),(192,23,'Artículos','Té Verde Matcha &times; 2'),(193,24,'_product_id','906'),(194,24,'_variation_id','0'),(195,24,'_qty','4'),(196,24,'_tax_class',''),(197,24,'_line_subtotal','6776'),(198,24,'_line_subtotal_tax','0'),(199,24,'_line_total','6776'),(200,24,'_line_tax','0'),(201,24,'_line_tax_data','a:2:{s:5:\"total\";a:0:{}s:8:\"subtotal\";a:0:{}}'),(202,25,'method_id','flat_rate'),(203,25,'instance_id','1'),(204,25,'cost','2500'),(205,25,'total_tax','0'),(206,25,'taxes','a:1:{s:5:\"total\";a:0:{}}'),(207,25,'Artículos','Té Cacao - 20 bolsitas &times; 4'),(208,26,'_product_id','886'),(209,26,'_variation_id','0'),(210,26,'_qty','2'),(211,26,'_tax_class',''),(212,26,'_line_subtotal','7142'),(213,26,'_line_subtotal_tax','0'),(214,26,'_line_total','7142'),(215,26,'_line_tax','0'),(216,26,'_line_tax_data','a:2:{s:5:\"total\";a:0:{}s:8:\"subtotal\";a:0:{}}'),(217,27,'method_id','flat_rate'),(218,27,'instance_id','1'),(219,27,'cost','2500'),(220,27,'total_tax','0'),(221,27,'taxes','a:1:{s:5:\"total\";a:0:{}}'),(222,27,'Artículos','Té Verde Matcha &times; 2'),(223,28,'_product_id','435'),(224,28,'_variation_id','0'),(225,28,'_qty','15'),(226,28,'_tax_class',''),(227,28,'_line_subtotal','18705'),(228,28,'_line_subtotal_tax','0'),(229,28,'_line_total','18705'),(230,28,'_line_tax','0'),(231,28,'_line_tax_data','a:2:{s:5:\"total\";a:0:{}s:8:\"subtotal\";a:0:{}}'),(232,29,'method_id','flat_rate'),(233,29,'instance_id','1'),(234,29,'cost','2500'),(235,29,'total_tax','0'),(236,29,'taxes','a:1:{s:5:\"total\";a:0:{}}'),(237,29,'Artículos','Té Adelga-T® - 25 bolsitas &times; 15'),(238,30,'_product_id','865'),(239,30,'_variation_id','0'),(240,30,'_qty','4'),(241,30,'_tax_class',''),(242,30,'_line_subtotal','8204'),(243,30,'_line_subtotal_tax','0'),(244,30,'_line_total','8204'),(245,30,'_line_tax','0'),(246,30,'_line_tax_data','a:2:{s:5:\"total\";a:0:{}s:8:\"subtotal\";a:0:{}}'),(247,31,'method_id','flat_rate'),(248,31,'instance_id','1'),(249,31,'cost','2500'),(250,31,'total_tax','0'),(251,31,'taxes','a:1:{s:5:\"total\";a:0:{}}'),(252,31,'Artículos','Té Manzanilla Sabor a Miel - 20 bolsitas &times; 4'),(253,32,'_product_id','934'),(254,32,'_variation_id','0'),(255,32,'_qty','3'),(256,32,'_tax_class',''),(257,32,'_line_subtotal','4269'),(258,32,'_line_subtotal_tax','0'),(259,32,'_line_total','4269'),(260,32,'_line_tax','0'),(261,32,'_line_tax_data','a:2:{s:5:\"total\";a:0:{}s:8:\"subtotal\";a:0:{}}'),(262,33,'_product_id','892'),(263,33,'_variation_id','0'),(264,33,'_qty','1'),(265,33,'_tax_class',''),(266,33,'_line_subtotal','1515'),(267,33,'_line_subtotal_tax','0'),(268,33,'_line_total','1515'),(269,33,'_line_tax','0'),(270,33,'_line_tax_data','a:2:{s:5:\"total\";a:0:{}s:8:\"subtotal\";a:0:{}}'),(271,34,'_product_id','917'),(272,34,'_variation_id','0'),(273,34,'_qty','1'),(274,34,'_tax_class',''),(275,34,'_line_subtotal','1247'),(276,34,'_line_subtotal_tax','0'),(277,34,'_line_total','1247'),(278,34,'_line_tax','0'),(279,34,'_line_tax_data','a:2:{s:5:\"total\";a:0:{}s:8:\"subtotal\";a:0:{}}'),(280,35,'_product_id','915'),(281,35,'_variation_id','0'),(282,35,'_qty','1'),(283,35,'_tax_class',''),(284,35,'_line_subtotal','1426'),(285,35,'_line_subtotal_tax','0'),(286,35,'_line_total','1426'),(287,35,'_line_tax','0'),(288,35,'_line_tax_data','a:2:{s:5:\"total\";a:0:{}s:8:\"subtotal\";a:0:{}}'),(289,36,'method_id','flat_rate'),(290,36,'instance_id','1'),(291,36,'cost','2500'),(292,36,'total_tax','0'),(293,36,'taxes','a:1:{s:5:\"total\";a:0:{}}'),(294,36,'Artículos','Té Frío Verde con Jengibre Limón &times; 3, Té Verde con Piña - 20 bolsitas &times; 1, Té Zacate de Limón - 20 bolsitas &times; 1, Té Moringa - 20 bolsitas &times; 1'),(295,37,'_product_id','1101'),(296,37,'_variation_id','0'),(297,37,'_qty','1'),(298,37,'_tax_class',''),(299,37,'_line_subtotal','26995'),(300,37,'_line_subtotal_tax','0'),(301,37,'_line_total','26995'),(302,37,'_line_tax','0'),(303,37,'_line_tax_data','a:2:{s:5:\"total\";a:0:{}s:8:\"subtotal\";a:0:{}}'),(304,38,'method_id','flat_rate'),(305,38,'instance_id','2'),(306,38,'cost','3500'),(307,38,'total_tax','0'),(308,38,'taxes','a:1:{s:5:\"total\";a:0:{}}'),(309,38,'Artículos','Aceite de Onagra &times; 1'),(847,101,'total_tax','0'),(848,101,'taxes','a:1:{s:5:\"total\";a:0:{}}'),(849,101,'Artículos','Té Frío con Limón &times; 1, Té Frío con Melocotón &times; 1, Té Frío Verde con Jengibre Limón &times; 1, Stevia &times; 2, Té Verde con Piña - 20 bolsitas &times; 1, Té Verde con Menta - 20 bolsitas &times; 1'),(939,112,'_qty','1'),(846,101,'cost','2500'),(844,101,'method_id','flat_rate'),(845,101,'instance_id','1'),(843,100,'_line_tax_data','a:2:{s:5:\"total\";a:0:{}s:8:\"subtotal\";a:0:{}}'),(842,100,'_line_tax','0'),(841,100,'_line_total','1426'),(840,100,'_line_subtotal_tax','0'),(839,100,'_line_subtotal','1426'),(838,100,'_tax_class',''),(837,100,'_qty','1'),(835,100,'_product_id','893'),(836,100,'_variation_id','0'),(834,99,'_line_tax_data','a:2:{s:5:\"total\";a:0:{}s:8:\"subtotal\";a:0:{}}'),(833,99,'_line_tax','0'),(832,99,'_line_total','1515'),(831,99,'_line_subtotal_tax','0'),(830,99,'_line_subtotal','1515'),(829,99,'_tax_class',''),(828,99,'_qty','1'),(827,99,'_variation_id','0'),(826,99,'_product_id','892'),(825,98,'_line_tax_data','a:2:{s:5:\"total\";a:0:{}s:8:\"subtotal\";a:0:{}}'),(823,98,'_line_total','2034'),(824,98,'_line_tax','0'),(822,98,'_line_subtotal_tax','0'),(821,98,'_line_subtotal','2034'),(820,98,'_tax_class',''),(818,98,'_variation_id','0'),(819,98,'_qty','2'),(817,98,'_product_id','951'),(816,97,'_line_tax_data','a:2:{s:5:\"total\";a:0:{}s:8:\"subtotal\";a:0:{}}'),(815,97,'_line_tax','0'),(814,97,'_line_total','1423'),(813,97,'_line_subtotal_tax','0'),(812,97,'_line_subtotal','1423'),(811,97,'_tax_class',''),(808,97,'_product_id','934'),(809,97,'_variation_id','0'),(810,97,'_qty','1'),(807,96,'_line_tax_data','a:2:{s:5:\"total\";a:0:{}s:8:\"subtotal\";a:0:{}}'),(804,96,'_line_subtotal_tax','0'),(805,96,'_line_total','1426'),(806,96,'_line_tax','0'),(803,96,'_line_subtotal','1426'),(802,96,'_tax_class',''),(801,96,'_qty','1'),(799,96,'_product_id','932'),(800,96,'_variation_id','0'),(798,95,'_line_tax_data','a:2:{s:5:\"total\";a:0:{}s:8:\"subtotal\";a:0:{}}'),(797,95,'_line_tax','0'),(796,95,'_line_total','1426'),(795,95,'_line_subtotal_tax','0'),(794,95,'_line_subtotal','1426'),(793,95,'_tax_class',''),(792,95,'_qty','1'),(790,95,'_product_id','933'),(791,95,'_variation_id','0'),(938,112,'_variation_id','0'),(937,112,'_product_id','892'),(936,111,'_line_tax_data','a:2:{s:5:\"total\";a:0:{}s:8:\"subtotal\";a:0:{}}'),(934,111,'_line_total','2034'),(935,111,'_line_tax','0'),(933,111,'_line_subtotal_tax','0'),(932,111,'_line_subtotal','2034'),(931,111,'_tax_class',''),(930,111,'_qty','2'),(929,111,'_variation_id','0'),(928,111,'_product_id','951'),(927,110,'_line_tax_data','a:2:{s:5:\"total\";a:0:{}s:8:\"subtotal\";a:0:{}}'),(926,110,'_line_tax','0'),(925,110,'_line_total','1423'),(924,110,'_line_subtotal_tax','0'),(923,110,'_line_subtotal','1423'),(922,110,'_tax_class',''),(920,110,'_variation_id','0'),(921,110,'_qty','1'),(919,110,'_product_id','934'),(918,109,'_line_tax_data','a:2:{s:5:\"total\";a:0:{}s:8:\"subtotal\";a:0:{}}'),(917,109,'_line_tax','0'),(916,109,'_line_total','1426'),(915,109,'_line_subtotal_tax','0'),(914,109,'_line_subtotal','1426'),(913,109,'_tax_class',''),(912,109,'_qty','1'),(911,109,'_variation_id','0'),(910,109,'_product_id','932'),(908,108,'_line_tax','0'),(909,108,'_line_tax_data','a:2:{s:5:\"total\";a:0:{}s:8:\"subtotal\";a:0:{}}'),(907,108,'_line_total','1426'),(906,108,'_line_subtotal_tax','0'),(905,108,'_line_subtotal','1426'),(901,108,'_product_id','933'),(902,108,'_variation_id','0'),(903,108,'_qty','1'),(904,108,'_tax_class',''),(940,112,'_tax_class',''),(941,112,'_line_subtotal','1515'),(942,112,'_line_subtotal_tax','0'),(943,112,'_line_total','1515'),(944,112,'_line_tax','0'),(945,112,'_line_tax_data','a:2:{s:5:\"total\";a:0:{}s:8:\"subtotal\";a:0:{}}'),(946,113,'method_id','flat_rate'),(947,113,'instance_id','1'),(948,113,'cost','2500'),(949,113,'total_tax','0'),(950,113,'taxes','a:1:{s:5:\"total\";a:0:{}}'),(951,113,'Artículos','Té Frío con Limón &times; 1, Té Frío con Melocotón &times; 1, Té Frío Verde con Jengibre Limón &times; 1, Stevia &times; 2, Té Verde con Piña - 20 bolsitas &times; 1'),(1011,121,'Artículos','Té Negro - 100 bolsitas &times; 10'),(1010,121,'taxes','a:1:{s:5:\"total\";a:0:{}}'),(1009,121,'total_tax','0'),(1008,121,'cost','2500'),(1007,121,'instance_id','1'),(1005,120,'_line_tax_data','a:2:{s:5:\"total\";a:0:{}s:8:\"subtotal\";a:0:{}}'),(1006,121,'method_id','flat_rate'),(1004,120,'_line_tax','0'),(1003,120,'_line_total','25880'),(1002,120,'_line_subtotal_tax','0'),(1001,120,'_line_subtotal','25880'),(1000,120,'_tax_class',''),(999,120,'_qty','10'),(998,120,'_variation_id','0'),(997,120,'_product_id','898'),(1012,122,'_product_id','886'),(1013,122,'_variation_id','0'),(1014,122,'_qty','1'),(1015,122,'_tax_class',''),(1016,122,'_line_subtotal','3571'),(1017,122,'_line_subtotal_tax','0'),(1018,122,'_line_total','3571'),(1019,122,'_line_tax','0'),(1020,122,'_line_tax_data','a:2:{s:5:\"total\";a:0:{}s:8:\"subtotal\";a:0:{}}'),(1021,123,'method_id','flat_rate'),(1022,123,'instance_id','1'),(1023,123,'cost','2500'),(1024,123,'total_tax','0'),(1025,123,'taxes','a:1:{s:5:\"total\";a:0:{}}'),(1026,123,'Artículos','Té Verde Matcha &times; 1'),(1083,130,'_line_subtotal_tax','0'),(1082,130,'_line_subtotal','2852'),(1081,130,'_tax_class',''),(1080,130,'_qty','2'),(1079,130,'_variation_id','0'),(1078,130,'_product_id','505'),(1077,129,'_line_tax_data','a:2:{s:5:\"total\";a:0:{}s:8:\"subtotal\";a:0:{}}'),(1076,129,'_line_tax','0'),(1075,129,'_line_total','1426'),(1074,129,'_line_subtotal_tax','0'),(1072,129,'_tax_class',''),(1073,129,'_line_subtotal','1426'),(1071,129,'_qty','1'),(1070,129,'_variation_id','0'),(1069,129,'_product_id','888'),(1068,128,'_line_tax_data','a:2:{s:5:\"total\";a:0:{}s:8:\"subtotal\";a:0:{}}'),(1066,128,'_line_total','3571'),(1067,128,'_line_tax','0'),(1065,128,'_line_subtotal_tax','0'),(1064,128,'_line_subtotal','3571'),(1063,128,'_tax_class',''),(1060,128,'_product_id','886'),(1061,128,'_variation_id','0'),(1062,128,'_qty','1'),(1084,130,'_line_total','2852'),(1085,130,'_line_tax','0'),(1086,130,'_line_tax_data','a:2:{s:5:\"total\";a:0:{}s:8:\"subtotal\";a:0:{}}'),(1087,131,'method_id','flat_rate'),(1088,131,'instance_id','1'),(1089,131,'cost','2500'),(1090,131,'total_tax','0'),(1091,131,'taxes','a:1:{s:5:\"total\";a:0:{}}'),(1092,131,'Artículos','Té Verde Matcha &times; 1, Té Verde con Jazmín - 20 bolsitas &times; 1, Té Valeriana - 20 bolsitas &times; 2'),(1093,132,'_product_id','950'),(1094,132,'_variation_id','0'),(1095,132,'_qty','1'),(1096,132,'_tax_class',''),(1097,132,'_line_subtotal','19619'),(1098,132,'_line_subtotal_tax','0'),(1099,132,'_line_total','19619'),(1100,132,'_line_tax','0'),(1101,132,'_line_tax_data','a:2:{s:5:\"total\";a:0:{}s:8:\"subtotal\";a:0:{}}'),(1102,133,'method_id','flat_rate'),(1103,133,'instance_id','1'),(1104,133,'cost','2500'),(1105,133,'total_tax','0'),(1106,133,'taxes','a:1:{s:5:\"total\";a:0:{}}'),(1107,133,'Artículos','Caja de Madera &times; 1'),(1108,134,'_product_id','449'),(1109,134,'_variation_id','0'),(1110,134,'_qty','2'),(1111,134,'_tax_class',''),(1112,134,'_line_subtotal','2494'),(1113,134,'_line_subtotal_tax','0'),(1114,134,'_line_total','2494'),(1115,134,'_line_tax','0'),(1116,134,'_line_tax_data','a:2:{s:5:\"total\";a:0:{}s:8:\"subtotal\";a:0:{}}'),(1117,135,'_product_id','477'),(1118,135,'_variation_id','0'),(1119,135,'_qty','1'),(1120,135,'_tax_class',''),(1121,135,'_line_subtotal','1247'),(1122,135,'_line_subtotal_tax','0'),(1123,135,'_line_total','1247'),(1124,135,'_line_tax','0'),(1125,135,'_line_tax_data','a:2:{s:5:\"total\";a:0:{}s:8:\"subtotal\";a:0:{}}'),(1126,136,'_product_id','877'),(1127,136,'_variation_id','0'),(1128,136,'_qty','1'),(1129,136,'_tax_class',''),(1130,136,'_line_subtotal','3151'),(1131,136,'_line_subtotal_tax','0'),(1132,136,'_line_total','3151'),(1133,136,'_line_tax','0'),(1134,136,'_line_tax_data','a:2:{s:5:\"total\";a:0:{}s:8:\"subtotal\";a:0:{}}'),(1135,137,'_product_id','902'),(1136,137,'_variation_id','0'),(1137,137,'_qty','1'),(1138,137,'_tax_class',''),(1139,137,'_line_subtotal','1515'),(1140,137,'_line_subtotal_tax','0'),(1141,137,'_line_total','1515'),(1142,137,'_line_tax','0'),(1143,137,'_line_tax_data','a:2:{s:5:\"total\";a:0:{}s:8:\"subtotal\";a:0:{}}'),(1144,138,'_product_id','880'),(1145,138,'_variation_id','0'),(1146,138,'_qty','1'),(1147,138,'_tax_class',''),(1148,138,'_line_subtotal','1381'),(1149,138,'_line_subtotal_tax','0'),(1150,138,'_line_total','1381'),(1151,138,'_line_tax','0'),(1152,138,'_line_tax_data','a:2:{s:5:\"total\";a:0:{}s:8:\"subtotal\";a:0:{}}'),(1153,139,'_product_id','888'),(1154,139,'_variation_id','0'),(1155,139,'_qty','1'),(1156,139,'_tax_class',''),(1157,139,'_line_subtotal','1426'),(1158,139,'_line_subtotal_tax','0'),(1159,139,'_line_total','1426'),(1160,139,'_line_tax','0'),(1161,139,'_line_tax_data','a:2:{s:5:\"total\";a:0:{}s:8:\"subtotal\";a:0:{}}'),(1162,140,'_product_id','890'),(1163,140,'_variation_id','0'),(1164,140,'_qty','1'),(1165,140,'_tax_class',''),(1166,140,'_line_subtotal','1426'),(1167,140,'_line_subtotal_tax','0'),(1168,140,'_line_total','1426'),(1169,140,'_line_tax','0'),(1170,140,'_line_tax_data','a:2:{s:5:\"total\";a:0:{}s:8:\"subtotal\";a:0:{}}'),(1171,141,'_product_id','892'),(1172,141,'_variation_id','0'),(1173,141,'_qty','1'),(1174,141,'_tax_class',''),(1175,141,'_line_subtotal','1515'),(1176,141,'_line_subtotal_tax','0'),(1177,141,'_line_total','1515'),(1178,141,'_line_tax','0'),(1179,141,'_line_tax_data','a:2:{s:5:\"total\";a:0:{}s:8:\"subtotal\";a:0:{}}'),(1180,142,'_product_id','893'),(1181,142,'_variation_id','0'),(1182,142,'_qty','2'),(1183,142,'_tax_class',''),(1184,142,'_line_subtotal','2852'),(1185,142,'_line_subtotal_tax','0'),(1186,142,'_line_total','2852'),(1187,142,'_line_tax','0'),(1188,142,'_line_tax_data','a:2:{s:5:\"total\";a:0:{}s:8:\"subtotal\";a:0:{}}'),(1189,143,'_product_id','904'),(1190,143,'_variation_id','0'),(1191,143,'_qty','1'),(1192,143,'_tax_class',''),(1193,143,'_line_subtotal','1515'),(1194,143,'_line_subtotal_tax','0'),(1195,143,'_line_total','1515'),(1196,143,'_line_tax','0'),(1197,143,'_line_tax_data','a:2:{s:5:\"total\";a:0:{}s:8:\"subtotal\";a:0:{}}'),(1198,144,'_product_id','911'),(1199,144,'_variation_id','0'),(1200,144,'_qty','1'),(1201,144,'_tax_class',''),(1202,144,'_line_subtotal','1247'),(1203,144,'_line_subtotal_tax','0'),(1204,144,'_line_total','1247'),(1205,144,'_line_tax','0'),(1206,144,'_line_tax_data','a:2:{s:5:\"total\";a:0:{}s:8:\"subtotal\";a:0:{}}'),(1207,145,'_product_id','913'),(1208,145,'_variation_id','0'),(1209,145,'_qty','1'),(1210,145,'_tax_class',''),(1211,145,'_line_subtotal','1247'),(1212,145,'_line_subtotal_tax','0'),(1213,145,'_line_total','1247'),(1214,145,'_line_tax','0'),(1215,145,'_line_tax_data','a:2:{s:5:\"total\";a:0:{}s:8:\"subtotal\";a:0:{}}'),(1216,146,'_product_id','923'),(1217,146,'_variation_id','0'),(1218,146,'_qty','1'),(1219,146,'_tax_class',''),(1220,146,'_line_subtotal','1604'),(1221,146,'_line_subtotal_tax','0'),(1222,146,'_line_total','1604'),(1223,146,'_line_tax','0'),(1224,146,'_line_tax_data','a:2:{s:5:\"total\";a:0:{}s:8:\"subtotal\";a:0:{}}'),(1225,147,'_product_id','924'),(1226,147,'_variation_id','0'),(1227,147,'_qty','1'),(1228,147,'_tax_class',''),(1229,147,'_line_subtotal','1515'),(1230,147,'_line_subtotal_tax','0'),(1231,147,'_line_total','1515'),(1232,147,'_line_tax','0'),(1233,147,'_line_tax_data','a:2:{s:5:\"total\";a:0:{}s:8:\"subtotal\";a:0:{}}'),(1234,148,'_product_id','948'),(1235,148,'_variation_id','0'),(1236,148,'_qty','1'),(1237,148,'_tax_class',''),(1238,148,'_line_subtotal','989'),(1239,148,'_line_subtotal_tax','0'),(1240,148,'_line_total','989'),(1241,148,'_line_tax','0'),(1242,148,'_line_tax_data','a:2:{s:5:\"total\";a:0:{}s:8:\"subtotal\";a:0:{}}'),(1243,149,'_product_id','951'),(1244,149,'_variation_id','0'),(1245,149,'_qty','1'),(1246,149,'_tax_class',''),(1247,149,'_line_subtotal','1017'),(1248,149,'_line_subtotal_tax','0'),(1249,149,'_line_total','1017'),(1250,149,'_line_tax','0'),(1251,149,'_line_tax_data','a:2:{s:5:\"total\";a:0:{}s:8:\"subtotal\";a:0:{}}'),(1252,150,'method_id','flat_rate'),(1253,150,'instance_id','1'),(1254,150,'cost','2500'),(1255,150,'total_tax','0'),(1256,150,'taxes','a:1:{s:5:\"total\";a:0:{}}'),(1257,150,'Artículos','Té Digextivan® - 25 bolsitas &times; 2, Té Hierba Buena - 25 bolsitas &times; 1, Té Manzanilla - 100 bolsitas &times; 1, English Breakfast - 20 bolsitas &times; 1, Té Chai - 20 bolsitas &times; 1, Té Verde con Jazmín - 20 bolsitas &times; 1, Té Verde & Rosa Jamaica - 20 bolsitas &times; 1, Té Verde con Piña - 20 bolsitas &times; 1, Té Verde con Menta - 20 bolsitas &times; 2, Té Menta, Eucalipto y Tomillo - 20 bolsitas &times; 1, Té Menta Piperita - 25 bolsitas &times; 1, Té Canela - 25 bolsitas &times; 1, Té Aloe Berry - 20 bolsitas &times; 1, Té Manzana Canela - 20 bolsitas &times; 1, Jengibre Cristalizado &times; 1, Stevia &times; 1'),(1265,151,'_line_tax','0'),(1266,151,'_line_tax_data','a:2:{s:5:\"total\";a:0:{}s:8:\"subtotal\";a:0:{}}'),(1267,152,'_product_id','942'),(1268,152,'_variation_id','0'),(1269,152,'_qty','1'),(1270,152,'_tax_class',''),(1271,152,'_line_subtotal','3083.63'),(1272,152,'_line_subtotal_tax','0'),(1273,152,'_line_total','3083.63'),(1274,152,'_line_tax','0'),(1275,152,'_line_tax_data','a:2:{s:5:\"total\";a:0:{}s:8:\"subtotal\";a:0:{}}'),(1276,153,'_product_id','881'),(1277,153,'_variation_id','0'),(1278,153,'_qty','1'),(1279,153,'_tax_class',''),(1280,153,'_line_subtotal','4600'),(1281,153,'_line_subtotal_tax','0'),(1282,153,'_line_total','4600'),(1283,153,'_line_tax','0'),(1284,153,'_line_tax_data','a:2:{s:5:\"total\";a:0:{}s:8:\"subtotal\";a:0:{}}'),(1285,154,'_product_id','888'),(1286,154,'_variation_id','0'),(1287,154,'_qty','1'),(1288,154,'_tax_class',''),(1289,154,'_line_subtotal','1426'),(1290,154,'_line_subtotal_tax','0'),(1291,154,'_line_total','1426'),(1292,154,'_line_tax','0'),(1293,154,'_line_tax_data','a:2:{s:5:\"total\";a:0:{}s:8:\"subtotal\";a:0:{}}'),(1294,155,'_product_id','864'),(1295,155,'_variation_id','0'),(1296,155,'_qty','1'),(1297,155,'_tax_class',''),(1298,155,'_line_subtotal','1604'),(1299,155,'_line_subtotal_tax','0'),(1300,155,'_line_total','1604'),(1301,155,'_line_tax','0'),(1302,155,'_line_tax_data','a:2:{s:5:\"total\";a:0:{}s:8:\"subtotal\";a:0:{}}'),(1303,156,'_product_id','491'),(1304,156,'_variation_id','0'),(1305,156,'_qty','1'),(1306,156,'_tax_class',''),(1307,156,'_line_subtotal','1336'),(1308,156,'_line_subtotal_tax','0'),(1309,156,'_line_total','1336'),(1310,156,'_line_tax','0'),(1311,156,'_line_tax_data','a:2:{s:5:\"total\";a:0:{}s:8:\"subtotal\";a:0:{}}'),(1312,157,'_product_id','442'),(1313,157,'_variation_id','0'),(1314,157,'_qty','1'),(1315,157,'_tax_class',''),(1316,157,'_line_subtotal','1448'),(1317,157,'_line_subtotal_tax','0'),(1318,157,'_line_total','1448'),(1319,157,'_line_tax','0'),(1320,157,'_line_tax_data','a:2:{s:5:\"total\";a:0:{}s:8:\"subtotal\";a:0:{}}'),(1321,158,'method_id','flat_rate'),(1322,158,'instance_id','1'),(1323,158,'cost','2500'),(1324,158,'total_tax','0'),(1325,158,'taxes','a:1:{s:5:\"total\";a:0:{}}'),(1326,158,'Artículos','Rosa de Jamaica - Granel &times; 5, Miel de Abeja - 500g &times; 1, Té Chai con Vainilla &times; 1, Té Verde con Jazmín - 20 bolsitas &times; 1, Té Flores de manzanilla - 20 bolsitas &times; 1, Té Riñosan® - 20 bolsitas &times; 1, Té Detox - 20 bolsitas &times; 1'),(1327,159,'_product_id','929'),(1328,159,'_variation_id','0'),(1329,159,'_qty','1'),(1330,159,'_tax_class',''),(1331,159,'_line_subtotal','1694'),(1332,159,'_line_subtotal_tax','0'),(1333,159,'_line_total','1694'),(1334,159,'_line_tax','0'),(1335,159,'_line_tax_data','a:2:{s:5:\"total\";a:0:{}s:8:\"subtotal\";a:0:{}}'),(1336,160,'_product_id','930'),(1337,160,'_variation_id','0'),(1338,160,'_qty','1'),(1339,160,'_tax_class',''),(1340,160,'_line_subtotal','1694'),(1341,160,'_line_subtotal_tax','0'),(1342,160,'_line_total','1694'),(1343,160,'_line_tax','0'),(1344,160,'_line_tax_data','a:2:{s:5:\"total\";a:0:{}s:8:\"subtotal\";a:0:{}}'),(1345,161,'_product_id','934'),(1346,161,'_variation_id','0'),(1347,161,'_qty','1'),(1348,161,'_tax_class',''),(1349,161,'_line_subtotal','1423'),(1350,161,'_line_subtotal_tax','0'),(1351,161,'_line_total','1423'),(1352,161,'_line_tax','0'),(1353,161,'_line_tax_data','a:2:{s:5:\"total\";a:0:{}s:8:\"subtotal\";a:0:{}}'),(1354,162,'_product_id','449'),(1355,162,'_variation_id','0'),(1356,162,'_qty','1'),(1357,162,'_tax_class',''),(1358,162,'_line_subtotal','1247'),(1359,162,'_line_subtotal_tax','0'),(1360,162,'_line_total','1247'),(1361,162,'_line_tax','0'),(1362,162,'_line_tax_data','a:2:{s:5:\"total\";a:0:{}s:8:\"subtotal\";a:0:{}}'),(1363,163,'_product_id','896'),(1364,163,'_variation_id','0'),(1365,163,'_qty','1'),(1366,163,'_tax_class',''),(1367,163,'_line_subtotal','1515'),(1368,163,'_line_subtotal_tax','0'),(1369,163,'_line_total','1515'),(1370,163,'_line_tax','0'),(1371,163,'_line_tax_data','a:2:{s:5:\"total\";a:0:{}s:8:\"subtotal\";a:0:{}}'),(1372,164,'_product_id','895'),(1373,164,'_variation_id','0'),(1374,164,'_qty','1'),(1375,164,'_tax_class',''),(1376,164,'_line_subtotal','1515'),(1377,164,'_line_subtotal_tax','0'),(1378,164,'_line_total','1515'),(1379,164,'_line_tax','0'),(1380,164,'_line_tax_data','a:2:{s:5:\"total\";a:0:{}s:8:\"subtotal\";a:0:{}}'),(1381,165,'method_id','flat_rate'),(1382,165,'instance_id','1'),(1383,165,'cost','2500'),(1384,165,'total_tax','0'),(1385,165,'taxes','a:1:{s:5:\"total\";a:0:{}}'),(1386,165,'Artículos','Infusión Fría Rooibos con Mandarina y Vainilla &times; 1, Infusión Fría Té Verde con Arándano y Frambuesa &times; 1, Té Frío Verde con Jengibre Limón &times; 1, Té Digextivan® - 25 bolsitas &times; 1, Té Blanco - 20 bolsitas &times; 1, Té Rojo - 20 bolsitas &times; 1'),(1411,169,'method_id','flat_rate'),(1410,168,'_line_tax_data','a:2:{s:5:\"total\";a:0:{}s:8:\"subtotal\";a:0:{}}'),(1409,168,'_line_tax','0'),(1408,168,'_line_total','989'),(1407,168,'_line_subtotal_tax','0'),(1406,168,'_line_subtotal','989'),(1405,168,'_tax_class',''),(1404,168,'_qty','1'),(1403,168,'_variation_id','0'),(1402,168,'_product_id','948'),(1412,169,'instance_id','1'),(1413,169,'cost','2500'),(1414,169,'total_tax','0'),(1415,169,'taxes','a:1:{s:5:\"total\";a:0:{}}'),(1416,169,'Artículos','Jengibre Cristalizado &times; 1'),(1417,170,'_product_id','892'),(1418,170,'_variation_id','0'),(1419,170,'_qty','1'),(1420,170,'_tax_class',''),(1421,170,'_line_subtotal','1515'),(1422,170,'_line_subtotal_tax','0'),(1423,170,'_line_total','1515'),(1424,170,'_line_tax','0'),(1425,170,'_line_tax_data','a:2:{s:5:\"total\";a:0:{}s:8:\"subtotal\";a:0:{}}'),(1426,171,'_product_id','932'),(1427,171,'_variation_id','0'),(1428,171,'_qty','1'),(1429,171,'_tax_class',''),(1430,171,'_line_subtotal','1426'),(1431,171,'_line_subtotal_tax','0'),(1432,171,'_line_total','1426'),(1433,171,'_line_tax','0'),(1434,171,'_line_tax_data','a:2:{s:5:\"total\";a:0:{}s:8:\"subtotal\";a:0:{}}'),(1435,172,'_product_id','923'),(1436,172,'_variation_id','0'),(1437,172,'_qty','1'),(1438,172,'_tax_class',''),(1439,172,'_line_subtotal','1604'),(1440,172,'_line_subtotal_tax','0'),(1441,172,'_line_total','1604'),(1442,172,'_line_tax','0'),(1443,172,'_line_tax_data','a:2:{s:5:\"total\";a:0:{}s:8:\"subtotal\";a:0:{}}'),(1444,173,'method_id','flat_rate'),(1445,173,'instance_id','1'),(1446,173,'cost','2500'),(1447,173,'total_tax','0'),(1448,173,'taxes','a:1:{s:5:\"total\";a:0:{}}'),(1449,173,'Artículos','Té Verde con Piña - 20 bolsitas &times; 1, Té Frío con Melocotón &times; 1, Té Aloe Berry - 20 bolsitas &times; 1'),(1450,174,'_product_id','950'),(1451,174,'_variation_id','0'),(1452,174,'_qty','1'),(1453,174,'_tax_class',''),(1454,174,'_line_subtotal','19619'),(1455,174,'_line_subtotal_tax','0'),(1456,174,'_line_total','19619'),(1457,174,'_line_tax','0'),(1458,174,'_line_tax_data','a:2:{s:5:\"total\";a:0:{}s:8:\"subtotal\";a:0:{}}'),(1459,175,'_product_id','920'),(1460,175,'_variation_id','0'),(1461,175,'_qty','2'),(1462,175,'_tax_class',''),(1463,175,'_line_subtotal','2494'),(1464,175,'_line_subtotal_tax','0'),(1465,175,'_line_total','2494'),(1466,175,'_line_tax','0'),(1467,175,'_line_tax_data','a:2:{s:5:\"total\";a:0:{}s:8:\"subtotal\";a:0:{}}'),(1468,176,'_product_id','928'),(1469,176,'_variation_id','0'),(1470,176,'_qty','1'),(1471,176,'_tax_class',''),(1472,176,'_line_subtotal','1694'),(1473,176,'_line_subtotal_tax','0'),(1474,176,'_line_total','1694'),(1475,176,'_line_tax','0'),(1476,176,'_line_tax_data','a:2:{s:5:\"total\";a:0:{}s:8:\"subtotal\";a:0:{}}'),(1477,177,'_product_id','253'),(1478,177,'_variation_id','0'),(1479,177,'_qty','1'),(1480,177,'_tax_class',''),(1481,177,'_line_subtotal','1247'),(1482,177,'_line_subtotal_tax','0'),(1483,177,'_line_total','1247'),(1484,177,'_line_tax','0'),(1485,177,'_line_tax_data','a:2:{s:5:\"total\";a:0:{}s:8:\"subtotal\";a:0:{}}'),(1486,178,'method_id','flat_rate'),(1487,178,'instance_id','1'),(1488,178,'cost','2500'),(1489,178,'total_tax','0'),(1490,178,'taxes','a:1:{s:5:\"total\";a:0:{}}'),(1491,178,'Artículos','Caja de Madera &times; 1, Té Boldo - 20 bolsitas &times; 2, Infusión Fría Té Verde con Piña y Coco &times; 1, Té 7 Azahares® - 25 bolsitas &times; 1'),(1492,179,'_product_id','904'),(1493,179,'_variation_id','0'),(1494,179,'_qty','1'),(1495,179,'_tax_class',''),(1496,179,'_line_subtotal','1515'),(1497,179,'_line_subtotal_tax','0'),(1498,179,'_line_total','1515'),(1499,179,'_line_tax','0'),(1500,179,'_line_tax_data','a:2:{s:5:\"total\";a:0:{}s:8:\"subtotal\";a:0:{}}'),(1501,180,'_product_id','505'),(1502,180,'_variation_id','0'),(1503,180,'_qty','1'),(1504,180,'_tax_class',''),(1505,180,'_line_subtotal','1426'),(1506,180,'_line_subtotal_tax','0'),(1507,180,'_line_total','1426'),(1508,180,'_line_tax','0'),(1509,180,'_line_tax_data','a:2:{s:5:\"total\";a:0:{}s:8:\"subtotal\";a:0:{}}'),(1510,181,'_product_id','491'),(1511,181,'_variation_id','0'),(1512,181,'_qty','1'),(1513,181,'_tax_class',''),(1514,181,'_line_subtotal','1336'),(1515,181,'_line_subtotal_tax','0'),(1516,181,'_line_total','1336'),(1517,181,'_line_tax','0'),(1518,181,'_line_tax_data','a:2:{s:5:\"total\";a:0:{}s:8:\"subtotal\";a:0:{}}'),(1519,182,'_product_id','934'),(1520,182,'_variation_id','0'),(1521,182,'_qty','1'),(1522,182,'_tax_class',''),(1523,182,'_line_subtotal','1595'),(1524,182,'_line_subtotal_tax','0'),(1525,182,'_line_total','1595'),(1526,182,'_line_tax','0'),(1527,182,'_line_tax_data','a:2:{s:5:\"total\";a:0:{}s:8:\"subtotal\";a:0:{}}'),(1528,183,'_product_id','902'),(1529,183,'_variation_id','0'),(1530,183,'_qty','1'),(1531,183,'_tax_class',''),(1532,183,'_line_subtotal','1515'),(1533,183,'_line_subtotal_tax','0'),(1534,183,'_line_total','1515'),(1535,183,'_line_tax','0'),(1536,183,'_line_tax_data','a:2:{s:5:\"total\";a:0:{}s:8:\"subtotal\";a:0:{}}'),(1537,184,'method_id','flat_rate'),(1538,184,'instance_id','1'),(1539,184,'cost','2500'),(1540,184,'total_tax','0'),(1541,184,'taxes','a:1:{s:5:\"total\";a:0:{}}'),(1542,184,'Artículos','Té Menta, Eucalipto y Tomillo - 20 bolsitas &times; 1, Té Valeriana - 20 bolsitas &times; 1, Té Riñosan® - 20 bolsitas &times; 1, Té Frío Verde con Jengibre Limón &times; 1, English Breakfast - 20 bolsitas &times; 1'),(1543,185,'_product_id','886'),(1544,185,'_variation_id','0'),(1545,185,'_qty','1'),(1546,185,'_tax_class',''),(1547,185,'_line_subtotal','3571'),(1548,185,'_line_subtotal_tax','0'),(1549,185,'_line_total','3571'),(1550,185,'_line_tax','0'),(1551,185,'_line_tax_data','a:2:{s:5:\"total\";a:0:{}s:8:\"subtotal\";a:0:{}}'),(1552,186,'_product_id','894'),(1553,186,'_variation_id','0'),(1554,186,'_qty','3'),(1555,186,'_tax_class',''),(1556,186,'_line_subtotal','4545'),(1557,186,'_line_subtotal_tax','0'),(1558,186,'_line_total','4545'),(1559,186,'_line_tax','0'),(1560,186,'_line_tax_data','a:2:{s:5:\"total\";a:0:{}s:8:\"subtotal\";a:0:{}}'),(1561,187,'_product_id','951'),(1562,187,'_variation_id','0'),(1563,187,'_qty','1'),(1564,187,'_tax_class',''),(1565,187,'_line_subtotal','1017'),(1566,187,'_line_subtotal_tax','0'),(1567,187,'_line_total','1017'),(1568,187,'_line_tax','0'),(1569,187,'_line_tax_data','a:2:{s:5:\"total\";a:0:{}s:8:\"subtotal\";a:0:{}}'),(1570,188,'_product_id','477'),(1571,188,'_variation_id','0'),(1572,188,'_qty','1'),(1573,188,'_tax_class',''),(1574,188,'_line_subtotal','1247'),(1575,188,'_line_subtotal_tax','0'),(1576,188,'_line_total','1247'),(1577,188,'_line_tax','0'),(1578,188,'_line_tax_data','a:2:{s:5:\"total\";a:0:{}s:8:\"subtotal\";a:0:{}}'),(1579,189,'method_id','flat_rate'),(1580,189,'instance_id','1'),(1581,189,'cost','2500'),(1582,189,'total_tax','0'),(1583,189,'taxes','a:1:{s:5:\"total\";a:0:{}}'),(1584,189,'Artículos','Té Verde Matcha &times; 1, Té Azul - 20 bolsitas &times; 3, Stevia &times; 1, Té Hierba Buena - 25 bolsitas &times; 1'),(1585,190,'_product_id','950'),(1586,190,'_variation_id','0'),(1587,190,'_qty','2'),(1588,190,'_tax_class',''),(1589,190,'_line_subtotal','39238'),(1590,190,'_line_subtotal_tax','0'),(1591,190,'_line_total','39238'),(1592,190,'_line_tax','0'),(1593,190,'_line_tax_data','a:2:{s:5:\"total\";a:0:{}s:8:\"subtotal\";a:0:{}}'),(1594,191,'_product_id','948'),(1595,191,'_variation_id','0'),(1596,191,'_qty','1'),(1597,191,'_tax_class',''),(1598,191,'_line_subtotal','989'),(1599,191,'_line_subtotal_tax','0'),(1600,191,'_line_total','989'),(1601,191,'_line_tax','0'),(1602,191,'_line_tax_data','a:2:{s:5:\"total\";a:0:{}s:8:\"subtotal\";a:0:{}}'),(1603,192,'method_id','flat_rate'),(1604,192,'instance_id','1'),(1605,192,'cost','2500'),(1606,192,'total_tax','0'),(1607,192,'taxes','a:1:{s:5:\"total\";a:0:{}}'),(1608,192,'Artículos','Caja de Madera &times; 2, Jengibre Cristalizado &times; 1'),(1609,193,'_product_id','435'),(1610,193,'_variation_id','0'),(1611,193,'_qty','1'),(1612,193,'_tax_class',''),(1613,193,'_line_subtotal','1247'),(1614,193,'_line_subtotal_tax','0'),(1615,193,'_line_total','1247'),(1616,193,'_line_tax','0'),(1617,193,'_line_tax_data','a:2:{s:5:\"total\";a:0:{}s:8:\"subtotal\";a:0:{}}'),(1618,194,'_product_id','442'),(1619,194,'_variation_id','0'),(1620,194,'_qty','1'),(1621,194,'_tax_class',''),(1622,194,'_line_subtotal','1448'),(1623,194,'_line_subtotal_tax','0'),(1624,194,'_line_total','1448'),(1625,194,'_line_tax','0'),(1626,194,'_line_tax_data','a:2:{s:5:\"total\";a:0:{}s:8:\"subtotal\";a:0:{}}'),(1627,195,'_product_id','484'),(1628,195,'_variation_id','0'),(1629,195,'_qty','1'),(1630,195,'_tax_class',''),(1631,195,'_line_subtotal','1247'),(1632,195,'_line_subtotal_tax','0'),(1633,195,'_line_total','1247'),(1634,195,'_line_tax','0'),(1635,195,'_line_tax_data','a:2:{s:5:\"total\";a:0:{}s:8:\"subtotal\";a:0:{}}'),(1636,196,'_product_id','505'),(1637,196,'_variation_id','0'),(1638,196,'_qty','1'),(1639,196,'_tax_class',''),(1640,196,'_line_subtotal','1426'),(1641,196,'_line_subtotal_tax','0'),(1642,196,'_line_total','1426'),(1643,196,'_line_tax','0'),(1644,196,'_line_tax_data','a:2:{s:5:\"total\";a:0:{}s:8:\"subtotal\";a:0:{}}'),(1645,197,'_product_id','906'),(1646,197,'_variation_id','0'),(1647,197,'_qty','1'),(1648,197,'_tax_class',''),(1649,197,'_line_subtotal','1694'),(1650,197,'_line_subtotal_tax','0'),(1651,197,'_line_total','1694'),(1652,197,'_line_tax','0'),(1653,197,'_line_tax_data','a:2:{s:5:\"total\";a:0:{}s:8:\"subtotal\";a:0:{}}'),(1654,198,'_product_id','892'),(1655,198,'_variation_id','0'),(1656,198,'_qty','1'),(1657,198,'_tax_class',''),(1658,198,'_line_subtotal','1515'),(1659,198,'_line_subtotal_tax','0'),(1660,198,'_line_total','1515'),(1661,198,'_line_tax','0'),(1662,198,'_line_tax_data','a:2:{s:5:\"total\";a:0:{}s:8:\"subtotal\";a:0:{}}'),(1663,199,'_product_id','893'),(1664,199,'_variation_id','0'),(1665,199,'_qty','1'),(1666,199,'_tax_class',''),(1667,199,'_line_subtotal','1426'),(1668,199,'_line_subtotal_tax','0'),(1669,199,'_line_total','1426'),(1670,199,'_line_tax','0'),(1671,199,'_line_tax_data','a:2:{s:5:\"total\";a:0:{}s:8:\"subtotal\";a:0:{}}'),(1672,200,'method_id','flat_rate'),(1673,200,'instance_id','1'),(1674,200,'cost','2500'),(1675,200,'total_tax','0'),(1676,200,'taxes','a:1:{s:5:\"total\";a:0:{}}'),(1677,200,'Artículos','Té Adelga-T® - 25 bolsitas &times; 1, Té Detox - 20 bolsitas &times; 1, Té Hoja Sen - 25 bolsitas &times; 1, Té Valeriana - 20 bolsitas &times; 1, Té Cacao - 20 bolsitas &times; 1, Té Verde con Piña - 20 bolsitas &times; 1, Té Verde con Menta - 20 bolsitas &times; 1'),(1678,201,'_product_id','470'),(1679,201,'_variation_id','0'),(1680,201,'_qty','1'),(1681,201,'_tax_class',''),(1682,201,'_line_subtotal','1381'),(1683,201,'_line_subtotal_tax','0'),(1684,201,'_line_total','1381'),(1685,201,'_line_tax','0'),(1686,201,'_line_tax_data','a:2:{s:5:\"total\";a:0:{}s:8:\"subtotal\";a:0:{}}'),(1687,202,'_product_id','505'),(1688,202,'_variation_id','0'),(1689,202,'_qty','1'),(1690,202,'_tax_class',''),(1691,202,'_line_subtotal','1426'),(1692,202,'_line_subtotal_tax','0'),(1693,202,'_line_total','1426'),(1694,202,'_line_tax','0'),(1695,202,'_line_tax_data','a:2:{s:5:\"total\";a:0:{}s:8:\"subtotal\";a:0:{}}'),(1696,203,'_product_id','865'),(1697,203,'_variation_id','0'),(1698,203,'_qty','1'),(1699,203,'_tax_class',''),(1700,203,'_line_subtotal','2051'),(1701,203,'_line_subtotal_tax','0'),(1702,203,'_line_total','2051'),(1703,203,'_line_tax','0'),(1704,203,'_line_tax_data','a:2:{s:5:\"total\";a:0:{}s:8:\"subtotal\";a:0:{}}'),(1705,204,'_product_id','888'),(1706,204,'_variation_id','0'),(1707,204,'_qty','1'),(1708,204,'_tax_class',''),(1709,204,'_line_subtotal','1426'),(1710,204,'_line_subtotal_tax','0'),(1711,204,'_line_total','1426'),(1712,204,'_line_tax','0'),(1713,204,'_line_tax_data','a:2:{s:5:\"total\";a:0:{}s:8:\"subtotal\";a:0:{}}'),(1714,205,'_product_id','906'),(1715,205,'_variation_id','0'),(1716,205,'_qty','1'),(1717,205,'_tax_class',''),(1718,205,'_line_subtotal','1694'),(1719,205,'_line_subtotal_tax','0'),(1720,205,'_line_total','1694'),(1721,205,'_line_tax','0'),(1722,205,'_line_tax_data','a:2:{s:5:\"total\";a:0:{}s:8:\"subtotal\";a:0:{}}'),(1723,206,'_product_id','904'),(1724,206,'_variation_id','0'),(1725,206,'_qty','1'),(1726,206,'_tax_class',''),(1727,206,'_line_subtotal','1515'),(1728,206,'_line_subtotal_tax','0'),(1729,206,'_line_total','1515'),(1730,206,'_line_tax','0'),(1731,206,'_line_tax_data','a:2:{s:5:\"total\";a:0:{}s:8:\"subtotal\";a:0:{}}'),(1732,207,'_product_id','915'),(1733,207,'_variation_id','0'),(1734,207,'_qty','1'),(1735,207,'_tax_class',''),(1736,207,'_line_subtotal','1426'),(1737,207,'_line_subtotal_tax','0'),(1738,207,'_line_total','1426'),(1739,207,'_line_tax','0'),(1740,207,'_line_tax_data','a:2:{s:5:\"total\";a:0:{}s:8:\"subtotal\";a:0:{}}'),(1741,208,'_product_id','924'),(1742,208,'_variation_id','0'),(1743,208,'_qty','1'),(1744,208,'_tax_class',''),(1745,208,'_line_subtotal','1515'),(1746,208,'_line_subtotal_tax','0'),(1747,208,'_line_total','1515'),(1748,208,'_line_tax','0'),(1749,208,'_line_tax_data','a:2:{s:5:\"total\";a:0:{}s:8:\"subtotal\";a:0:{}}'),(1750,209,'method_id','flat_rate'),(1751,209,'instance_id','1'),(1752,209,'cost','2500'),(1753,209,'total_tax','0'),(1754,209,'taxes','a:1:{s:5:\"total\";a:0:{}}'),(1755,209,'Artículos','Té Fems - 20 bolsitas &times; 1, Té Valeriana - 20 bolsitas &times; 1, Té Manzanilla Sabor a Miel - 20 bolsitas &times; 1, Té Verde con Jazmín - 20 bolsitas &times; 1, Té Cacao - 20 bolsitas &times; 1, Té Menta, Eucalipto y Tomillo - 20 bolsitas &times; 1, Té Moringa - 20 bolsitas &times; 1, Té Manzana Canela - 20 bolsitas &times; 1'),(1756,210,'_product_id','470'),(1757,210,'_variation_id','0'),(1758,210,'_qty','1'),(1759,210,'_tax_class',''),(1760,210,'_line_subtotal','1381'),(1761,210,'_line_subtotal_tax','0'),(1762,210,'_line_total','1381'),(1763,210,'_line_tax','0'),(1764,210,'_line_tax_data','a:2:{s:5:\"total\";a:0:{}s:8:\"subtotal\";a:0:{}}'),(1765,211,'_product_id','881'),(1766,211,'_variation_id','0'),(1767,211,'_qty','1'),(1768,211,'_tax_class',''),(1769,211,'_line_subtotal','4600'),(1770,211,'_line_subtotal_tax','0'),(1771,211,'_line_total','4600'),(1772,211,'_line_tax','0'),(1773,211,'_line_tax_data','a:2:{s:5:\"total\";a:0:{}s:8:\"subtotal\";a:0:{}}'),(1774,212,'_product_id','906'),(1775,212,'_variation_id','0'),(1776,212,'_qty','1'),(1777,212,'_tax_class',''),(1778,212,'_line_subtotal','1694'),(1779,212,'_line_subtotal_tax','0'),(1780,212,'_line_total','1694'),(1781,212,'_line_tax','0'),(1782,212,'_line_tax_data','a:2:{s:5:\"total\";a:0:{}s:8:\"subtotal\";a:0:{}}'),(1783,213,'_product_id','904'),(1784,213,'_variation_id','0'),(1785,213,'_qty','1'),(1786,213,'_tax_class',''),(1787,213,'_line_subtotal','1515'),(1788,213,'_line_subtotal_tax','0'),(1789,213,'_line_total','1515'),(1790,213,'_line_tax','0'),(1791,213,'_line_tax_data','a:2:{s:5:\"total\";a:0:{}s:8:\"subtotal\";a:0:{}}'),(1792,214,'_product_id','929'),(1793,214,'_variation_id','0'),(1794,214,'_qty','1'),(1795,214,'_tax_class',''),(1796,214,'_line_subtotal','1694'),(1797,214,'_line_subtotal_tax','0'),(1798,214,'_line_total','1694'),(1799,214,'_line_tax','0'),(1800,214,'_line_tax_data','a:2:{s:5:\"total\";a:0:{}s:8:\"subtotal\";a:0:{}}'),(1801,215,'_product_id','930'),(1802,215,'_variation_id','0'),(1803,215,'_qty','1'),(1804,215,'_tax_class',''),(1805,215,'_line_subtotal','1694'),(1806,215,'_line_subtotal_tax','0'),(1807,215,'_line_total','1694'),(1808,215,'_line_tax','0'),(1809,215,'_line_tax_data','a:2:{s:5:\"total\";a:0:{}s:8:\"subtotal\";a:0:{}}'),(1810,216,'_product_id','928'),(1811,216,'_variation_id','0'),(1812,216,'_qty','1'),(1813,216,'_tax_class',''),(1814,216,'_line_subtotal','1694'),(1815,216,'_line_subtotal_tax','0'),(1816,216,'_line_total','1694'),(1817,216,'_line_tax','0'),(1818,216,'_line_tax_data','a:2:{s:5:\"total\";a:0:{}s:8:\"subtotal\";a:0:{}}'),(1819,217,'_product_id','926'),(1820,217,'_variation_id','0'),(1821,217,'_qty','1'),(1822,217,'_tax_class',''),(1823,217,'_line_subtotal','1694'),(1824,217,'_line_subtotal_tax','0'),(1825,217,'_line_total','1694'),(1826,217,'_line_tax','0'),(1827,217,'_line_tax_data','a:2:{s:5:\"total\";a:0:{}s:8:\"subtotal\";a:0:{}}'),(1828,218,'method_id','flat_rate'),(1829,218,'instance_id','1'),(1830,218,'cost','2500'),(1831,218,'total_tax','0'),(1832,218,'taxes','a:1:{s:5:\"total\";a:0:{}}'),(1833,218,'Artículos','Té Fems - 20 bolsitas &times; 1, Té Chai con Vainilla &times; 1, Té Cacao - 20 bolsitas &times; 1, Té Menta, Eucalipto y Tomillo - 20 bolsitas &times; 1, Infusión Fría Rooibos con Mandarina y Vainilla &times; 1, Infusión Fría Té Verde con Arándano y Frambuesa &times; 1, Infusión Fría Té Verde con Piña y Coco &times; 1, Infusión Fría Frutos Rojos &times; 1'),(1834,219,'_product_id','886'),(1835,219,'_variation_id','0'),(1836,219,'_qty','4'),(1837,219,'_tax_class',''),(1838,219,'_line_subtotal','14284'),(1839,219,'_line_subtotal_tax','0'),(1840,219,'_line_total','14284'),(1841,219,'_line_tax','0'),(1842,219,'_line_tax_data','a:2:{s:5:\"total\";a:0:{}s:8:\"subtotal\";a:0:{}}'),(1843,220,'method_id','flat_rate'),(1844,220,'instance_id','2'),(1845,220,'cost','3500'),(1846,220,'total_tax','0'),(1847,220,'taxes','a:1:{s:5:\"total\";a:0:{}}'),(1848,220,'Artículos','Té Verde Matcha &times; 4'),(1849,221,'_product_id','950'),(1850,221,'_variation_id','0'),(1851,221,'_qty','1'),(1852,221,'_tax_class',''),(1853,221,'_line_subtotal','19619'),(1854,221,'_line_subtotal_tax','0'),(1855,221,'_line_total','19619'),(1856,221,'_line_tax','0'),(1857,221,'_line_tax_data','a:2:{s:5:\"total\";a:0:{}s:8:\"subtotal\";a:0:{}}'),(1858,222,'_product_id','951'),(1859,222,'_variation_id','0'),(1860,222,'_qty','2'),(1861,222,'_tax_class',''),(1862,222,'_line_subtotal','2034'),(1863,222,'_line_subtotal_tax','0'),(1864,222,'_line_total','2034'),(1865,222,'_line_tax','0'),(1866,222,'_line_tax_data','a:2:{s:5:\"total\";a:0:{}s:8:\"subtotal\";a:0:{}}'),(1867,223,'method_id','flat_rate'),(1868,223,'instance_id','1'),(1869,223,'cost','2500'),(1870,223,'total_tax','0'),(1871,223,'taxes','a:1:{s:5:\"total\";a:0:{}}'),(1872,223,'Artículos','Caja de Madera &times; 1, Stevia &times; 2'),(1873,224,'_product_id','904'),(1874,224,'_variation_id','0'),(1875,224,'_qty','1'),(1876,224,'_tax_class',''),(1877,224,'_line_subtotal','1515'),(1878,224,'_line_subtotal_tax','0'),(1879,224,'_line_total','1515'),(1880,224,'_line_tax','0'),(1881,224,'_line_tax_data','a:2:{s:5:\"total\";a:0:{}s:8:\"subtotal\";a:0:{}}'),(1882,225,'_product_id','903'),(1883,225,'_variation_id','0'),(1884,225,'_qty','1'),(1885,225,'_tax_class',''),(1886,225,'_line_subtotal','4460'),(1887,225,'_line_subtotal_tax','0'),(1888,225,'_line_total','4460'),(1889,225,'_line_tax','0'),(1890,225,'_line_tax_data','a:2:{s:5:\"total\";a:0:{}s:8:\"subtotal\";a:0:{}}'),(1891,226,'_product_id','477'),(1892,226,'_variation_id','0'),(1893,226,'_qty','1'),(1894,226,'_tax_class',''),(1895,226,'_line_subtotal','1247'),(1896,226,'_line_subtotal_tax','0'),(1897,226,'_line_total','1247'),(1898,226,'_line_tax','0'),(1899,226,'_line_tax_data','a:2:{s:5:\"total\";a:0:{}s:8:\"subtotal\";a:0:{}}'),(1900,227,'method_id','flat_rate'),(1901,227,'instance_id','2'),(1902,227,'cost','3500'),(1903,227,'total_tax','0'),(1904,227,'taxes','a:1:{s:5:\"total\";a:0:{}}'),(1905,227,'Artículos','Té Menta, Eucalipto y Tomillo - 20 bolsitas &times; 1, Tés Surtidos - 150 bolsitas &times; 1, Té Hierba Buena - 25 bolsitas &times; 1'),(1976,236,'taxes','a:1:{s:5:\"total\";a:0:{}}'),(1975,236,'total_tax','0'),(1974,236,'cost','2500'),(1973,236,'instance_id','1'),(1972,236,'method_id','flat_rate'),(1971,235,'_line_tax_data','a:2:{s:5:\"total\";a:0:{}s:8:\"subtotal\";a:0:{}}'),(1970,235,'_line_tax','0'),(1969,235,'_line_total','11796'),(1967,235,'_line_subtotal','11796'),(1968,235,'_line_subtotal_tax','0'),(1966,235,'_tax_class',''),(1964,235,'_variation_id','0'),(1965,235,'_qty','2'),(1963,235,'_product_id','881'),(1962,234,'_line_tax_data','a:2:{s:5:\"total\";a:0:{}s:8:\"subtotal\";a:0:{}}'),(1961,234,'_line_tax','0'),(1960,234,'_line_total','7142'),(1959,234,'_line_subtotal_tax','0'),(1958,234,'_line_subtotal','7142'),(1957,234,'_tax_class',''),(1956,234,'_qty','2'),(1954,234,'_product_id','886'),(1955,234,'_variation_id','0'),(1977,236,'Artículos','Té Verde Matcha &times; 2, Té Chai con Vainilla &times; 2'),(1978,237,'_product_id','442'),(1979,237,'_variation_id','0'),(1980,237,'_qty','1'),(1981,237,'_tax_class',''),(1982,237,'_line_subtotal','1448'),(1983,237,'_line_subtotal_tax','0'),(1984,237,'_line_total','1448'),(1985,237,'_line_tax','0'),(1986,237,'_line_tax_data','a:2:{s:5:\"total\";a:0:{}s:8:\"subtotal\";a:0:{}}'),(1987,238,'_product_id','864'),(1988,238,'_variation_id','0'),(1989,238,'_qty','1'),(1990,238,'_tax_class',''),(1991,238,'_line_subtotal','1604'),(1992,238,'_line_subtotal_tax','0'),(1993,238,'_line_total','1604'),(1994,238,'_line_tax','0'),(1995,238,'_line_tax_data','a:2:{s:5:\"total\";a:0:{}s:8:\"subtotal\";a:0:{}}'),(1996,239,'_product_id','905'),(1997,239,'_variation_id','0'),(1998,239,'_qty','2'),(1999,239,'_tax_class',''),(2000,239,'_line_subtotal','2896'),(2001,239,'_line_subtotal_tax','0'),(2002,239,'_line_total','2896'),(2003,239,'_line_tax','0'),(2004,239,'_line_tax_data','a:2:{s:5:\"total\";a:0:{}s:8:\"subtotal\";a:0:{}}'),(2005,240,'_product_id','909'),(2006,240,'_variation_id','0'),(2007,240,'_qty','1'),(2008,240,'_tax_class',''),(2009,240,'_line_subtotal','1393'),(2010,240,'_line_subtotal_tax','0'),(2011,240,'_line_total','1393'),(2012,240,'_line_tax','0'),(2013,240,'_line_tax_data','a:2:{s:5:\"total\";a:0:{}s:8:\"subtotal\";a:0:{}}'),(2014,241,'_product_id','920'),(2015,241,'_variation_id','0'),(2016,241,'_qty','1'),(2017,241,'_tax_class',''),(2018,241,'_line_subtotal','1247'),(2019,241,'_line_subtotal_tax','0'),(2020,241,'_line_total','1247'),(2021,241,'_line_tax','0'),(2022,241,'_line_tax_data','a:2:{s:5:\"total\";a:0:{}s:8:\"subtotal\";a:0:{}}'),(2023,242,'_product_id','910'),(2024,242,'_variation_id','0'),(2025,242,'_qty','1'),(2026,242,'_tax_class',''),(2027,242,'_line_subtotal','1426'),(2028,242,'_line_subtotal_tax','0'),(2029,242,'_line_total','1426'),(2030,242,'_line_tax','0'),(2031,242,'_line_tax_data','a:2:{s:5:\"total\";a:0:{}s:8:\"subtotal\";a:0:{}}'),(2032,243,'_product_id','456'),(2033,243,'_variation_id','0'),(2034,243,'_qty','1'),(2035,243,'_tax_class',''),(2036,243,'_line_subtotal','1247'),(2037,243,'_line_subtotal_tax','0'),(2038,243,'_line_total','1247'),(2039,243,'_line_tax','0'),(2040,243,'_line_tax_data','a:2:{s:5:\"total\";a:0:{}s:8:\"subtotal\";a:0:{}}'),(2041,244,'method_id','flat_rate'),(2042,244,'instance_id','1'),(2043,244,'cost','2500'),(2044,244,'total_tax','0'),(2045,244,'taxes','a:1:{s:5:\"total\";a:0:{}}'),(2046,244,'Artículos','Té Detox - 20 bolsitas &times; 1, Té Flores de manzanilla - 20 bolsitas &times; 1, Té Diente de León Rostizado - 20 bolsitas &times; 2, Té Cúrcuma con Jengibre - 20 bolsitas &times; 1, Té Boldo - 20 bolsitas &times; 1, Té Rosa de Jamaica - 20 bolsitas &times; 1, Té Dormy® - 25 bolsitas &times; 1'),(2047,245,'_product_id','886'),(2048,245,'_variation_id','0'),(2049,245,'_qty','1'),(2050,245,'_tax_class',''),(2051,245,'_line_subtotal','3571'),(2052,245,'_line_subtotal_tax','0'),(2053,245,'_line_total','3571'),(2054,245,'_line_tax','0'),(2055,245,'_line_tax_data','a:2:{s:5:\"total\";a:0:{}s:8:\"subtotal\";a:0:{}}'),(2056,246,'_product_id','922'),(2057,246,'_variation_id','0'),(2058,246,'_qty','2'),(2059,246,'_tax_class',''),(2060,246,'_line_subtotal','3388'),(2061,246,'_line_subtotal_tax','0'),(2062,246,'_line_total','3388'),(2063,246,'_line_tax','0'),(2064,246,'_line_tax_data','a:2:{s:5:\"total\";a:0:{}s:8:\"subtotal\";a:0:{}}'),(2065,247,'_product_id','449'),(2066,247,'_variation_id','0'),(2067,247,'_qty','1'),(2068,247,'_tax_class',''),(2069,247,'_line_subtotal','1247'),(2070,247,'_line_subtotal_tax','0'),(2071,247,'_line_total','1247'),(2072,247,'_line_tax','0'),(2073,247,'_line_tax_data','a:2:{s:5:\"total\";a:0:{}s:8:\"subtotal\";a:0:{}}'),(2074,248,'_product_id','924'),(2075,248,'_variation_id','0'),(2076,248,'_qty','1'),(2077,248,'_tax_class',''),(2078,248,'_line_subtotal','1515'),(2079,248,'_line_subtotal_tax','0'),(2080,248,'_line_total','1515'),(2081,248,'_line_tax','0'),(2082,248,'_line_tax_data','a:2:{s:5:\"total\";a:0:{}s:8:\"subtotal\";a:0:{}}'),(2083,249,'method_id','flat_rate'),(2084,249,'instance_id','1'),(2085,249,'cost','2500'),(2086,249,'total_tax','0'),(2087,249,'taxes','a:1:{s:5:\"total\";a:0:{}}'),(2088,249,'Artículos','Té Verde Matcha &times; 1, Té Sabores Surtidos - 20 bolsitas &times; 2, Té Digextivan® - 25 bolsitas &times; 1, Té Manzana Canela - 20 bolsitas &times; 1'),(2089,250,'_product_id','484'),(2090,250,'_variation_id','0'),(2091,250,'_qty','1'),(2092,250,'_tax_class',''),(2093,250,'_line_subtotal','1247'),(2094,250,'_line_subtotal_tax','0'),(2095,250,'_line_total','1247'),(2096,250,'_line_tax','0'),(2097,250,'_line_tax_data','a:2:{s:5:\"total\";a:0:{}s:8:\"subtotal\";a:0:{}}'),(2098,251,'_product_id','498'),(2099,251,'_variation_id','0'),(2100,251,'_qty','1'),(2101,251,'_tax_class',''),(2102,251,'_line_subtotal','1336'),(2103,251,'_line_subtotal_tax','0'),(2104,251,'_line_total','1336'),(2105,251,'_line_tax','0'),(2106,251,'_line_tax_data','a:2:{s:5:\"total\";a:0:{}s:8:\"subtotal\";a:0:{}}'),(2107,252,'_product_id','456'),(2108,252,'_variation_id','0'),(2109,252,'_qty','1'),(2110,252,'_tax_class',''),(2111,252,'_line_subtotal','1247'),(2112,252,'_line_subtotal_tax','0'),(2113,252,'_line_total','1247'),(2114,252,'_line_tax','0'),(2115,252,'_line_tax_data','a:2:{s:5:\"total\";a:0:{}s:8:\"subtotal\";a:0:{}}'),(2116,253,'_product_id','1101'),(2117,253,'_variation_id','0'),(2118,253,'_qty','1'),(2119,253,'_tax_class',''),(2120,253,'_line_subtotal','26995'),(2121,253,'_line_subtotal_tax','0'),(2122,253,'_line_total','26995'),(2123,253,'_line_tax','0'),(2124,253,'_line_tax_data','a:2:{s:5:\"total\";a:0:{}s:8:\"subtotal\";a:0:{}}'),(2125,254,'_product_id','470'),(2126,254,'_variation_id','0'),(2127,254,'_qty','1'),(2128,254,'_tax_class',''),(2129,254,'_line_subtotal','1381'),(2130,254,'_line_subtotal_tax','0'),(2131,254,'_line_total','1381'),(2132,254,'_line_tax','0'),(2133,254,'_line_tax_data','a:2:{s:5:\"total\";a:0:{}s:8:\"subtotal\";a:0:{}}'),(2134,255,'method_id','flat_rate'),(2135,255,'instance_id','1'),(2136,255,'cost','2500'),(2137,255,'total_tax','0'),(2138,255,'taxes','a:1:{s:5:\"total\";a:0:{}}'),(2139,255,'Artículos','Té Hoja Sen - 25 bolsitas &times; 1, Té Tilo Europeo - 25 bolsitas &times; 1, Té Dormy® - 25 bolsitas &times; 1, Aceite de Onagra &times; 1, Té Fems - 20 bolsitas &times; 1'),(2140,256,'_product_id','1110'),(2141,256,'_variation_id','0'),(2142,256,'_qty','2'),(2143,256,'_tax_class',''),(2144,256,'_line_subtotal','23990'),(2145,256,'_line_subtotal_tax','0'),(2146,256,'_line_total','23990'),(2147,256,'_line_tax','0'),(2148,256,'_line_tax_data','a:2:{s:5:\"total\";a:0:{}s:8:\"subtotal\";a:0:{}}'),(2149,257,'method_id','flat_rate'),(2150,257,'instance_id','1'),(2151,257,'cost','2500'),(2152,257,'total_tax','0'),(2153,257,'taxes','a:1:{s:5:\"total\";a:0:{}}'),(2154,257,'Artículos','Aceite de Comino Negro &times; 2'),(2155,258,'_product_id','950'),(2156,258,'_variation_id','0'),(2157,258,'_qty','1'),(2158,258,'_tax_class',''),(2159,258,'_line_subtotal','19619'),(2160,258,'_line_subtotal_tax','0'),(2161,258,'_line_total','19619'),(2162,258,'_line_tax','0'),(2163,258,'_line_tax_data','a:2:{s:5:\"total\";a:0:{}s:8:\"subtotal\";a:0:{}}'),(2164,259,'_product_id','877'),(2165,259,'_variation_id','0'),(2166,259,'_qty','1'),(2167,259,'_tax_class',''),(2168,259,'_line_subtotal','3151'),(2169,259,'_line_subtotal_tax','0'),(2170,259,'_line_total','3151'),(2171,259,'_line_tax','0'),(2172,259,'_line_tax_data','a:2:{s:5:\"total\";a:0:{}s:8:\"subtotal\";a:0:{}}'),(2173,260,'_product_id','898'),(2174,260,'_variation_id','0'),(2175,260,'_qty','1'),(2176,260,'_tax_class',''),(2177,260,'_line_subtotal','2588'),(2178,260,'_line_subtotal_tax','0'),(2179,260,'_line_total','2588'),(2180,260,'_line_tax','0'),(2181,260,'_line_tax_data','a:2:{s:5:\"total\";a:0:{}s:8:\"subtotal\";a:0:{}}'),(2182,261,'_product_id','883'),(2183,261,'_variation_id','0'),(2184,261,'_qty','1'),(2185,261,'_tax_class',''),(2186,261,'_line_subtotal','1336'),(2187,261,'_line_subtotal_tax','0'),(2188,261,'_line_total','1336'),(2189,261,'_line_tax','0'),(2190,261,'_line_tax_data','a:2:{s:5:\"total\";a:0:{}s:8:\"subtotal\";a:0:{}}'),(2191,262,'_product_id','924'),(2192,262,'_variation_id','0'),(2193,262,'_qty','1'),(2194,262,'_tax_class',''),(2195,262,'_line_subtotal','1515'),(2196,262,'_line_subtotal_tax','0'),(2197,262,'_line_total','1515'),(2198,262,'_line_tax','0'),(2199,262,'_line_tax_data','a:2:{s:5:\"total\";a:0:{}s:8:\"subtotal\";a:0:{}}'),(2200,263,'_product_id','919'),(2201,263,'_variation_id','0'),(2202,263,'_qty','1'),(2203,263,'_tax_class',''),(2204,263,'_line_subtotal','1604'),(2205,263,'_line_subtotal_tax','0'),(2206,263,'_line_total','1604'),(2207,263,'_line_tax','0'),(2208,263,'_line_tax_data','a:2:{s:5:\"total\";a:0:{}s:8:\"subtotal\";a:0:{}}'),(2209,264,'_product_id','911'),(2210,264,'_variation_id','0'),(2211,264,'_qty','1'),(2212,264,'_tax_class',''),(2213,264,'_line_subtotal','1247'),(2214,264,'_line_subtotal_tax','0'),(2215,264,'_line_total','1247'),(2216,264,'_line_tax','0'),(2217,264,'_line_tax_data','a:2:{s:5:\"total\";a:0:{}s:8:\"subtotal\";a:0:{}}'),(2218,265,'method_id','flat_rate'),(2219,265,'instance_id','1'),(2220,265,'cost','2500'),(2221,265,'total_tax','0'),(2222,265,'taxes','a:1:{s:5:\"total\";a:0:{}}'),(2223,265,'Artículos','Caja de Madera &times; 1, Té Manzanilla - 100 bolsitas &times; 1, Té Negro - 100 bolsitas &times; 1, Té Verde - 25 bolsitas &times; 1, Té Manzana Canela - 20 bolsitas &times; 1, Té Frutas - 20 bolsitas &times; 1, Té Menta Piperita - 25 bolsitas &times; 1'),(2224,266,'_product_id','886'),(2225,266,'_variation_id','0'),(2226,266,'_qty','3'),(2227,266,'_tax_class',''),(2228,266,'_line_subtotal','10713'),(2229,266,'_line_subtotal_tax','0'),(2230,266,'_line_total','10713'),(2231,266,'_line_tax','0'),(2232,266,'_line_tax_data','a:2:{s:5:\"total\";a:0:{}s:8:\"subtotal\";a:0:{}}'),(2233,267,'_product_id','904'),(2234,267,'_variation_id','0'),(2235,267,'_qty','1'),(2236,267,'_tax_class',''),(2237,267,'_line_subtotal','1515'),(2238,267,'_line_subtotal_tax','0'),(2239,267,'_line_total','1515'),(2240,267,'_line_tax','0'),(2241,267,'_line_tax_data','a:2:{s:5:\"total\";a:0:{}s:8:\"subtotal\";a:0:{}}'),(2242,268,'_product_id','470'),(2243,268,'_variation_id','0'),(2244,268,'_qty','1'),(2245,268,'_tax_class',''),(2246,268,'_line_subtotal','1381'),(2247,268,'_line_subtotal_tax','0'),(2248,268,'_line_total','1381'),(2249,268,'_line_tax','0'),(2250,268,'_line_tax_data','a:2:{s:5:\"total\";a:0:{}s:8:\"subtotal\";a:0:{}}'),(2251,269,'method_id','flat_rate'),(2252,269,'instance_id','1'),(2253,269,'cost','2500'),(2254,269,'total_tax','0'),(2255,269,'taxes','a:1:{s:5:\"total\";a:0:{}}'),(2256,269,'Artículos','Té Verde Matcha &times; 3, Té Menta, Eucalipto y Tomillo - 20 bolsitas &times; 1, Té Fems - 20 bolsitas &times; 1'),(2257,270,'_product_id','881'),(2258,270,'_variation_id','0'),(2259,270,'_qty','2'),(2260,270,'_tax_class',''),(2261,270,'_line_subtotal','11796'),(2262,270,'_line_subtotal_tax','0'),(2263,270,'_line_total','11796'),(2264,270,'_line_tax','0'),(2265,270,'_line_tax_data','a:2:{s:5:\"total\";a:0:{}s:8:\"subtotal\";a:0:{}}'),(2266,271,'method_id','flat_rate'),(2267,271,'instance_id','1'),(2268,271,'cost','2500'),(2269,271,'total_tax','0'),(2270,271,'taxes','a:1:{s:5:\"total\";a:0:{}}'),(2271,271,'Artículos','Té Chai con Vainilla &times; 2'),(2272,272,'_product_id','1122'),(2273,272,'_variation_id','0'),(2274,272,'_qty','2'),(2275,272,'_tax_class',''),(2276,272,'_line_subtotal','29990'),(2277,272,'_line_subtotal_tax','0'),(2278,272,'_line_total','29990'),(2279,272,'_line_tax','0'),(2280,272,'_line_tax_data','a:2:{s:5:\"total\";a:0:{}s:8:\"subtotal\";a:0:{}}'),(2281,273,'method_id','flat_rate'),(2282,273,'instance_id','1'),(2283,273,'cost','2500'),(2284,273,'total_tax','0'),(2285,273,'taxes','a:1:{s:5:\"total\";a:0:{}}'),(2286,273,'Artículos','Jalea Real con Lecitina &times; 2'),(2311,277,'method_id','flat_rate'),(2310,276,'_line_tax_data','a:2:{s:5:\"total\";a:0:{}s:8:\"subtotal\";a:0:{}}'),(2309,276,'_line_tax','0'),(2308,276,'_line_total','1251.33'),(2307,276,'_line_subtotal_tax','0'),(2306,276,'_line_subtotal','1251.33'),(2305,276,'_tax_class',''),(2304,276,'_qty','1'),(2303,276,'_variation_id','0'),(2302,276,'_product_id','947'),(2312,277,'instance_id','2'),(2313,277,'cost','3500'),(2314,277,'total_tax','0'),(2315,277,'taxes','a:1:{s:5:\"total\";a:0:{}}'),(2316,277,'Artículos','Miel de Abeja - 150g &times; 1'),(2317,278,'_product_id','1134'),(2318,278,'_variation_id','0'),(2319,278,'_qty','1'),(2320,278,'_tax_class',''),(2321,278,'_line_subtotal','8995'),(2322,278,'_line_subtotal_tax','0'),(2323,278,'_line_total','8995'),(2324,278,'_line_tax','0'),(2325,278,'_line_tax_data','a:2:{s:5:\"total\";a:0:{}s:8:\"subtotal\";a:0:{}}'),(2326,279,'method_id','flat_rate'),(2327,279,'instance_id','1'),(2328,279,'cost','2500'),(2329,279,'total_tax','0'),(2330,279,'taxes','a:1:{s:5:\"total\";a:0:{}}'),(2331,279,'Artículos','Aceite de masaje de Aguacate &times; 1'),(2332,280,'_product_id','449'),(2333,280,'_variation_id','0'),(2334,280,'_qty','1'),(2335,280,'_tax_class',''),(2336,280,'_line_subtotal','1247'),(2337,280,'_line_subtotal_tax','0'),(2338,280,'_line_total','1247'),(2339,280,'_line_tax','0'),(2340,280,'_line_tax_data','a:2:{s:5:\"total\";a:0:{}s:8:\"subtotal\";a:0:{}}'),(2341,281,'method_id','flat_rate'),(2342,281,'instance_id','1'),(2343,281,'cost','2500'),(2344,281,'total_tax','0'),(2345,281,'taxes','a:1:{s:5:\"total\";a:0:{}}'),(2346,281,'Artículos','Té Digextivan® - 25 bolsitas &times; 1'),(2371,285,'method_id','flat_rate'),(2370,284,'_line_tax_data','a:2:{s:5:\"total\";a:0:{}s:8:\"subtotal\";a:0:{}}'),(2369,284,'_line_tax','0'),(2368,284,'_line_total','26995'),(2367,284,'_line_subtotal_tax','0'),(2366,284,'_line_subtotal','26995'),(2365,284,'_tax_class',''),(2364,284,'_qty','1'),(2363,284,'_variation_id','0'),(2362,284,'_product_id','1101'),(2372,285,'instance_id','1'),(2373,285,'cost','2500'),(2374,285,'total_tax','0'),(2375,285,'taxes','a:1:{s:5:\"total\";a:0:{}}'),(2376,285,'Artículos','Aceite de Onagra &times; 1'),(2377,286,'_product_id','886'),(2378,286,'_variation_id','0'),(2379,286,'_qty','1'),(2380,286,'_tax_class',''),(2381,286,'_line_subtotal','3571'),(2382,286,'_line_subtotal_tax','0'),(2383,286,'_line_total','3571'),(2384,286,'_line_tax','0'),(2385,286,'_line_tax_data','a:2:{s:5:\"total\";a:0:{}s:8:\"subtotal\";a:0:{}}'),(2386,287,'method_id','flat_rate'),(2387,287,'instance_id','1'),(2388,287,'cost','2500'),(2389,287,'total_tax','0'),(2390,287,'taxes','a:1:{s:5:\"total\";a:0:{}}'),(2391,287,'Artículos','Té Verde Matcha &times; 1'),(2392,288,'_product_id','928'),(2393,288,'_variation_id','0'),(2394,288,'_qty','1'),(2395,288,'_tax_class',''),(2396,288,'_line_subtotal','1694'),(2397,288,'_line_subtotal_tax','0'),(2398,288,'_line_total','1694'),(2399,288,'_line_tax','0'),(2400,288,'_line_tax_data','a:2:{s:5:\"total\";a:0:{}s:8:\"subtotal\";a:0:{}}'),(2401,289,'_product_id','888'),(2402,289,'_variation_id','0'),(2403,289,'_qty','3'),(2404,289,'_tax_class',''),(2405,289,'_line_subtotal','4278'),(2406,289,'_line_subtotal_tax','0'),(2407,289,'_line_total','4278'),(2408,289,'_line_tax','0'),(2409,289,'_line_tax_data','a:2:{s:5:\"total\";a:0:{}s:8:\"subtotal\";a:0:{}}'),(2410,290,'_product_id','896'),(2411,290,'_variation_id','0'),(2412,290,'_qty','2'),(2413,290,'_tax_class',''),(2414,290,'_line_subtotal','3030'),(2415,290,'_line_subtotal_tax','0'),(2416,290,'_line_total','3030'),(2417,290,'_line_tax','0'),(2418,290,'_line_tax_data','a:2:{s:5:\"total\";a:0:{}s:8:\"subtotal\";a:0:{}}'),(2419,291,'_product_id','909'),(2420,291,'_variation_id','0'),(2421,291,'_qty','1'),(2422,291,'_tax_class',''),(2423,291,'_line_subtotal','1393'),(2424,291,'_line_subtotal_tax','0'),(2425,291,'_line_total','1393'),(2426,291,'_line_tax','0'),(2427,291,'_line_tax_data','a:2:{s:5:\"total\";a:0:{}s:8:\"subtotal\";a:0:{}}'),(2428,292,'method_id','flat_rate'),(2429,292,'instance_id','1'),(2430,292,'cost','2500'),(2431,292,'total_tax','0'),(2432,292,'taxes','a:1:{s:5:\"total\";a:0:{}}'),(2433,292,'Artículos','Infusión Fría Té Verde con Piña y Coco &times; 1, Té Verde con Jazmín - 20 bolsitas &times; 3, Té Blanco - 20 bolsitas &times; 2, Té Cúrcuma con Jengibre - 20 bolsitas &times; 1');

--
-- Table structure for table `wpos_woocommerce_order_items`
--

CREATE TABLE `wpos_woocommerce_order_items` (
  `order_item_id` bigint unsigned NOT NULL AUTO_INCREMENT,
  `order_item_name` text COLLATE utf8mb4_unicode_520_ci NOT NULL,
  `order_item_type` varchar(200) COLLATE utf8mb4_unicode_520_ci NOT NULL DEFAULT '',
  `order_id` bigint unsigned NOT NULL,
  PRIMARY KEY (`order_item_id`),
  KEY `order_id` (`order_id`)
) ENGINE=MyISAM AUTO_INCREMENT=293 DEFAULT CHARSET=utf8mb4 COLLATE=utf8mb4_unicode_520_ci;

--
-- Dumping data for table `wpos_woocommerce_order_items`
--

INSERT INTO `wpos_woocommerce_order_items` VALUES (151,'Rosa de Jamaica - Granel','line_item',2289),(2,'Té Manzanilla - 25 bolsitas','line_item',2217),(3,'Infusión Fría Rooibos con Mandarina y Vainilla','line_item',2218),(4,'Infusión Fría Té Verde con Arándano y Frambuesa','line_item',2218),(5,'Jalea Real con Lecitina','line_item',2226),(6,'GAM','shipping',2226),(7,'Té Adelga-T® - 25 bolsitas','line_item',2263),(8,'Té Hoja Sen - 25 bolsitas','line_item',2263),(9,'Té Tilo Europeo - 25 bolsitas','line_item',2263),(10,'Té Valeriana - 20 bolsitas','line_item',2263),(11,'Té Verde con Jazmín - 20 bolsitas','line_item',2263),(12,'GAM','shipping',2263),(13,'Té Negro - 25 bolsitas','line_item',2264),(14,'Té Azul - 20 bolsitas','line_item',2264),(15,'Té Fems - 20 bolsitas','line_item',2264),(16,'Té Valeriana - 20 bolsitas','line_item',2264),(17,'Té Digextivan® - 25 bolsitas','line_item',2264),(18,'Té Verde Matcha','line_item',2264),(19,'GAM','shipping',2264),(20,'Aceite de Comino Negro','line_item',2265),(21,'GAM','shipping',2265),(22,'Té Verde Matcha','line_item',2266),(23,'GAM','shipping',2266),(24,'Té Cacao - 20 bolsitas','line_item',2267),(25,'GAM','shipping',2267),(26,'Té Verde Matcha','line_item',2270),(27,'GAM','shipping',2270),(28,'Té Adelga-T® - 25 bolsitas','line_item',2275),(29,'GAM','shipping',2275),(30,'Té Manzanilla Sabor a Miel - 20 bolsitas','line_item',2276),(31,'GAM','shipping',2276),(32,'Té Frío Verde con Jengibre Limón','line_item',2277),(33,'Té Verde con Piña - 20 bolsitas','line_item',2277),(34,'Té Zacate de Limón - 20 bolsitas','line_item',2277),(35,'Té Moringa - 20 bolsitas','line_item',2277),(36,'GAM','shipping',2277),(37,'Aceite de Onagra','line_item',2278),(38,'Fuera del GAM','shipping',2278),(101,'GAM','shipping',2279),(100,'Té Verde con Menta - 20 bolsitas','line_item',2279),(99,'Té Verde con Piña - 20 bolsitas','line_item',2279),(98,'Stevia','line_item',2279),(97,'Té Frío Verde con Jengibre Limón','line_item',2279),(96,'Té Frío con Melocotón','line_item',2279),(95,'Té Frío con Limón','line_item',2279),(110,'Té Frío Verde con Jengibre Limón','line_item',2280),(109,'Té Frío con Melocotón','line_item',2280),(108,'Té Frío con Limón','line_item',2280),(111,'Stevia','line_item',2280),(112,'Té Verde con Piña - 20 bolsitas','line_item',2280),(113,'GAM','shipping',2280),(120,'Té Negro - 100 bolsitas','line_item',2281),(121,'GAM','shipping',2281),(122,'Té Verde Matcha','line_item',2284),(123,'GAM','shipping',2284),(130,'Té Valeriana - 20 bolsitas','line_item',2286),(129,'Té Verde con Jazmín - 20 bolsitas','line_item',2286),(128,'Té Verde Matcha','line_item',2286),(131,'GAM','shipping',2286),(132,'Caja de Madera','line_item',2287),(133,'GAM','shipping',2287),(134,'Té Digextivan® - 25 bolsitas','line_item',2288),(135,'Té Hierba Buena - 25 bolsitas','line_item',2288),(136,'Té Manzanilla - 100 bolsitas','line_item',2288),(137,'English Breakfast - 20 bolsitas','line_item',2288),(138,'Té Chai - 20 bolsitas','line_item',2288),(139,'Té Verde con Jazmín - 20 bolsitas','line_item',2288),(140,'Té Verde & Rosa Jamaica - 20 bolsitas','line_item',2288),(141,'Té Verde con Piña - 20 bolsitas','line_item',2288),(142,'Té Verde con Menta - 20 bolsitas','line_item',2288),(143,'Té Menta, Eucalipto y Tomillo - 20 bolsitas','line_item',2288),(144,'Té Menta Piperita - 25 bolsitas','line_item',2288),(145,'Té Canela - 25 bolsitas','line_item',2288),(146,'Té Aloe Berry - 20 bolsitas','line_item',2288),(147,'Té Manzana Canela - 20 bolsitas','line_item',2288),(148,'Jengibre Cristalizado','line_item',2288),(149,'Stevia','line_item',2288),(150,'GAM','shipping',2288),(152,'Miel de Abeja - 500g','line_item',2289),(153,'Té Chai con Vainilla','line_item',2289),(154,'Té Verde con Jazmín - 20 bolsitas','line_item',2289),(155,'Té Flores de manzanilla - 20 bolsitas','line_item',2289),(156,'Té Riñosan® - 20 bolsitas','line_item',2289),(157,'Té Detox - 20 bolsitas','line_item',2289),(158,'GAM','shipping',2289),(159,'Infusión Fría Rooibos con Mandarina y Vainilla','line_item',2291),(160,'Infusión Fría Té Verde con Arándano y Frambuesa','line_item',2291),(161,'Té Frío Verde con Jengibre Limón','line_item',2291),(162,'Té Digextivan® - 25 bolsitas','line_item',2291),(163,'Té Blanco - 20 bolsitas','line_item',2291),(164,'Té Rojo - 20 bolsitas','line_item',2291),(165,'GAM','shipping',2291),(168,'Jengibre Cristalizado','line_item',2296),(169,'GAM','shipping',2296),(170,'Té Verde con Piña - 20 bolsitas','line_item',2297),(171,'Té Frío con Melocotón','line_item',2297),(172,'Té Aloe Berry - 20 bolsitas','line_item',2297),(173,'GAM','shipping',2297),(174,'Caja de Madera','line_item',2298),(175,'Té Boldo - 20 bolsitas','line_item',2298),(176,'Infusión Fría Té Verde con Piña y Coco','line_item',2298),(177,'Té 7 Azahares® - 25 bolsitas','line_item',2298),(178,'GAM','shipping',2298),(179,'Té Menta, Eucalipto y Tomillo - 20 bolsitas','line_item',2299),(180,'Té Valeriana - 20 bolsitas','line_item',2299),(181,'Té Riñosan® - 20 bolsitas','line_item',2299),(182,'Té Frío Verde con Jengibre Limón','line_item',2299),(183,'English Breakfast - 20 bolsitas','line_item',2299),(184,'GAM','shipping',2299),(185,'Té Verde Matcha','line_item',2300),(186,'Té Azul - 20 bolsitas','line_item',2300),(187,'Stevia','line_item',2300),(188,'Té Hierba Buena - 25 bolsitas','line_item',2300),(189,'GAM','shipping',2300),(190,'Caja de Madera','line_item',2301),(191,'Jengibre Cristalizado','line_item',2301),(192,'GAM','shipping',2301),(193,'Té Adelga-T® - 25 bolsitas','line_item',2302),(194,'Té Detox - 20 bolsitas','line_item',2302),(195,'Té Hoja Sen - 25 bolsitas','line_item',2302),(196,'Té Valeriana - 20 bolsitas','line_item',2302),(197,'Té Cacao - 20 bolsitas','line_item',2302),(198,'Té Verde con Piña - 20 bolsitas','line_item',2302),(199,'Té Verde con Menta - 20 bolsitas','line_item',2302),(200,'GAM','shipping',2302),(201,'Té Fems - 20 bolsitas','line_item',2303),(202,'Té Valeriana - 20 bolsitas','line_item',2303),(203,'Té Manzanilla Sabor a Miel - 20 bolsitas','line_item',2303),(204,'Té Verde con Jazmín - 20 bolsitas','line_item',2303),(205,'Té Cacao - 20 bolsitas','line_item',2303),(206,'Té Menta, Eucalipto y Tomillo - 20 bolsitas','line_item',2303),(207,'Té Moringa - 20 bolsitas','line_item',2303),(208,'Té Manzana Canela - 20 bolsitas','line_item',2303),(209,'GAM','shipping',2303),(210,'Té Fems - 20 bolsitas','line_item',2305),(211,'Té Chai con Vainilla','line_item',2305),(212,'Té Cacao - 20 bolsitas','line_item',2305),(213,'Té Menta, Eucalipto y Tomillo - 20 bolsitas','line_item',2305),(214,'Infusión Fría Rooibos con Mandarina y Vainilla','line_item',2305),(215,'Infusión Fría Té Verde con Arándano y Frambuesa','line_item',2305),(216,'Infusión Fría Té Verde con Piña y Coco','line_item',2305),(217,'Infusión Fría Frutos Rojos','line_item',2305),(218,'GAM','shipping',2305),(219,'Té Verde Matcha','line_item',2307),(220,'Fuera del GAM','shipping',2307),(221,'Caja de Madera','line_item',2308),(222,'Stevia','line_item',2308),(223,'GAM','shipping',2308),(224,'Té Menta, Eucalipto y Tomillo - 20 bolsitas','line_item',2309),(225,'Tés Surtidos - 150 bolsitas','line_item',2309),(226,'Té Hierba Buena - 25 bolsitas','line_item',2309),(227,'Fuera del GAM','shipping',2309),(236,'GAM','shipping',2369),(235,'Té Chai con Vainilla','line_item',2369),(234,'Té Verde Matcha','line_item',2369),(237,'Té Detox - 20 bolsitas','line_item',2371),(238,'Té Flores de manzanilla - 20 bolsitas','line_item',2371),(239,'Té Diente de León Rostizado - 20 bolsitas','line_item',2371),(240,'Té Cúrcuma con Jengibre - 20 bolsitas','line_item',2371),(241,'Té Boldo - 20 bolsitas','line_item',2371),(242,'Té Rosa de Jamaica - 20 bolsitas','line_item',2371),(243,'Té Dormy® - 25 bolsitas','line_item',2371),(244,'GAM','shipping',2371),(245,'Té Verde Matcha','line_item',2372),(246,'Té Sabores Surtidos - 20 bolsitas','line_item',2372),(247,'Té Digextivan® - 25 bolsitas','line_item',2372),(248,'Té Manzana Canela - 20 bolsitas','line_item',2372),(249,'GAM','shipping',2372),(250,'Té Hoja Sen - 25 bolsitas','line_item',2373),(251,'Té Tilo Europeo - 25 bolsitas','line_item',2373),(252,'Té Dormy® - 25 bolsitas','line_item',2373),(253,'Aceite de Onagra','line_item',2373),(254,'Té Fems - 20 bolsitas','line_item',2373),(255,'GAM','shipping',2373),(256,'Aceite de Comino Negro','line_item',2374),(257,'GAM','shipping',2374),(258,'Caja de Madera','line_item',2376),(259,'Té Manzanilla - 100 bolsitas','line_item',2376),(260,'Té Negro - 100 bolsitas','line_item',2376),(261,'Té Verde - 25 bolsitas','line_item',2376),(262,'Té Manzana Canela - 20 bolsitas','line_item',2376),(263,'Té Frutas - 20 bolsitas','line_item',2376),(264,'Té Menta Piperita - 25 bolsitas','line_item',2376),(265,'GAM','shipping',2376),(266,'Té Verde Matcha','line_item',2392),(267,'Té Menta, Eucalipto y Tomillo - 20 bolsitas','line_item',2392),(268,'Té Fems - 20 bolsitas','line_item',2392),(269,'GAM','shipping',2392),(270,'Té Chai con Vainilla','line_item',2393),(271,'GAM','shipping',2393),(272,'Jalea Real con Lecitina','line_item',2396),(273,'GAM','shipping',2396),(276,'Miel de Abeja - 150g','line_item',2398),(277,'Fuera del GAM','shipping',2398),(278,'Aceite de masaje de Aguacate','line_item',2399),(279,'GAM','shipping',2399),(280,'Té Digextivan® - 25 bolsitas','line_item',2400),(281,'GAM','shipping',2400),(284,'Aceite de Onagra','line_item',2401),(285,'GAM','shipping',2401),(286,'Té Verde Matcha','line_item',2406),(287,'GAM','shipping',2406),(288,'Infusión Fría Té Verde con Piña y Coco','line_item',2407),(289,'Té Verde con Jazmín - 20 bolsitas','line_item',2407),(290,'Té Blanco - 20 bolsitas','line_item',2407),(291,'Té Cúrcuma con Jengibre - 20 bolsitas','line_item',2407),(292,'GAM','shipping',2407);

--
-- Table structure for table `wpos_woocommerce_payment_tokenmeta`
--

CREATE TABLE `wpos_woocommerce_payment_tokenmeta` (
  `meta_id` bigint unsigned NOT NULL AUTO_INCREMENT,
  `payment_token_id` bigint unsigned NOT NULL,
  `meta_key` varchar(255) COLLATE utf8mb4_unicode_520_ci DEFAULT NULL,
  `meta_value` longtext COLLATE utf8mb4_unicode_520_ci,
  PRIMARY KEY (`meta_id`),
  KEY `payment_token_id` (`payment_token_id`),
  KEY `meta_key` (`meta_key`(32))
) ENGINE=MyISAM DEFAULT CHARSET=utf8mb4 COLLATE=utf8mb4_unicode_520_ci;

--
-- Dumping data for table `wpos_woocommerce_payment_tokenmeta`
--


--
-- Table structure for table `wpos_woocommerce_payment_tokens`
--

CREATE TABLE `wpos_woocommerce_payment_tokens` (
  `token_id` bigint unsigned NOT NULL AUTO_INCREMENT,
  `gateway_id` varchar(200) COLLATE utf8mb4_unicode_520_ci NOT NULL,
  `token` text COLLATE utf8mb4_unicode_520_ci NOT NULL,
  `user_id` bigint unsigned NOT NULL DEFAULT '0',
  `type` varchar(200) COLLATE utf8mb4_unicode_520_ci NOT NULL,
  `is_default` tinyint(1) NOT NULL DEFAULT '0',
  PRIMARY KEY (`token_id`),
  KEY `user_id` (`user_id`)
) ENGINE=MyISAM DEFAULT CHARSET=utf8mb4 COLLATE=utf8mb4_unicode_520_ci;

--
-- Dumping data for table `wpos_woocommerce_payment_tokens`
--


--
-- Table structure for table `wpos_woocommerce_sessions`
--

CREATE TABLE `wpos_woocommerce_sessions` (
  `session_id` bigint unsigned NOT NULL AUTO_INCREMENT,
  `session_key` char(32) COLLATE utf8mb4_unicode_520_ci NOT NULL,
  `session_value` longtext COLLATE utf8mb4_unicode_520_ci NOT NULL,
  `session_expiry` bigint unsigned NOT NULL,
  PRIMARY KEY (`session_id`),
  UNIQUE KEY `session_key` (`session_key`)
) ENGINE=MyISAM AUTO_INCREMENT=15874 DEFAULT CHARSET=utf8mb4 COLLATE=utf8mb4_unicode_520_ci;

--
-- Dumping data for table `wpos_woocommerce_sessions`
--

INSERT INTO `wpos_woocommerce_sessions` VALUES (15865,'t_b43bd350cc59c35349389d5d1b4fa3','a:13:{s:4:\"cart\";s:421:\"a:1:{s:32:\"92262bf907af914b95a0fc33c3f33bf6\";a:11:{s:3:\"key\";s:32:\"92262bf907af914b95a0fc33c3f33bf6\";s:10:\"product_id\";i:941;s:12:\"variation_id\";i:0;s:9:\"variation\";a:0:{}s:8:\"quantity\";i:1;s:9:\"data_hash\";s:32:\"b5c1d5ca8bae6d4896cf1807cdf763f0\";s:13:\"line_tax_data\";a:2:{s:8:\"subtotal\";a:0:{}s:5:\"total\";a:0:{}}s:13:\"line_subtotal\";d:3793.98;s:17:\"line_subtotal_tax\";d:0;s:10:\"line_total\";d:3793.98;s:8:\"line_tax\";d:0;}}\";s:11:\"cart_totals\";s:399:\"a:15:{s:8:\"subtotal\";s:4:\"3794\";s:12:\"subtotal_tax\";d:0;s:14:\"shipping_total\";s:4:\"2500\";s:12:\"shipping_tax\";d:0;s:14:\"shipping_taxes\";a:0:{}s:14:\"discount_total\";d:0;s:12:\"discount_tax\";d:0;s:19:\"cart_contents_total\";s:4:\"3794\";s:17:\"cart_contents_tax\";i:0;s:19:\"cart_contents_taxes\";a:0:{}s:9:\"fee_total\";s:1:\"0\";s:7:\"fee_tax\";d:0;s:9:\"fee_taxes\";a:0:{}s:5:\"total\";s:4:\"6294\";s:9:\"total_tax\";d:0;}\";s:15:\"applied_coupons\";s:6:\"a:0:{}\";s:22:\"coupon_discount_totals\";s:6:\"a:0:{}\";s:26:\"coupon_discount_tax_totals\";s:6:\"a:0:{}\";s:21:\"removed_cart_contents\";s:6:\"a:0:{}\";s:16:\"wca_session_data\";s:233:\"a:2:{i:0;a:3:{s:5:\"event\";s:33:\"woocommerceanalytics_product_view\";s:10:\"product_id\";s:3:\"941\";s:8:\"quantity\";s:1:\"1\";}i:1;a:3:{s:5:\"event\";s:32:\"woocommerceanalytics_add_to_cart\";s:10:\"product_id\";s:3:\"941\";s:8:\"quantity\";s:1:\"1\";}}\";s:22:\"shipping_for_package_0\";s:386:\"a:2:{s:12:\"package_hash\";s:40:\"wc_ship_be172c868a9ecbd1c5e34aeb6a8db222\";s:5:\"rates\";a:1:{s:11:\"flat_rate:1\";O:16:\"WC_Shipping_Rate\":2:{s:7:\"\0*\0data\";a:6:{s:2:\"id\";s:11:\"flat_rate:1\";s:9:\"method_id\";s:9:\"flat_rate\";s:11:\"instance_id\";i:1;s:5:\"label\";s:3:\"GAM\";s:4:\"cost\";s:4:\"2500\";s:5:\"taxes\";a:0:{}}s:12:\"\0*\0meta_data\";a:1:{s:10:\"Artículos\";s:30:\"Miel de Abeja - 710g &times; 1\";}}}}\";s:25:\"previous_shipping_methods\";s:39:\"a:1:{i:0;a:1:{i:0;s:11:\"flat_rate:1\";}}\";s:23:\"chosen_shipping_methods\";s:29:\"a:1:{i:0;s:11:\"flat_rate:1\";}\";s:22:\"shipping_method_counts\";s:14:\"a:1:{i:0;i:1;}\";s:10:\"wc_notices\";s:261:\"a:1:{s:7:\"success\";a:1:{i:0;a:2:{s:6:\"notice\";s:186:\"<a href=\"https://www.mondaisa.com/carrito/\" tabindex=\"1\" class=\"button wc-forward wp-element-button\">Ver carrito</a> &ldquo;Miel de Abeja &#8211; 710g&rdquo; se ha añadido a tu carrito.\";s:4:\"data\";a:0:{}}}}\";s:8:\"customer\";s:718:\"a:27:{s:2:\"id\";s:1:\"0\";s:13:\"date_modified\";s:0:\"\";s:8:\"postcode\";s:0:\"\";s:4:\"city\";s:0:\"\";s:9:\"address_1\";s:0:\"\";s:7:\"address\";s:0:\"\";s:9:\"address_2\";s:0:\"\";s:5:\"state\";s:1:\"1\";s:7:\"country\";s:2:\"CR\";s:17:\"shipping_postcode\";s:0:\"\";s:13:\"shipping_city\";s:0:\"\";s:18:\"shipping_address_1\";s:0:\"\";s:16:\"shipping_address\";s:0:\"\";s:18:\"shipping_address_2\";s:0:\"\";s:14:\"shipping_state\";s:1:\"1\";s:16:\"shipping_country\";s:2:\"CR\";s:13:\"is_vat_exempt\";s:0:\"\";s:19:\"calculated_shipping\";s:0:\"\";s:10:\"first_name\";s:0:\"\";s:9:\"last_name\";s:0:\"\";s:7:\"company\";s:0:\"\";s:5:\"phone\";s:0:\"\";s:5:\"email\";s:0:\"\";s:19:\"shipping_first_name\";s:0:\"\";s:18:\"shipping_last_name\";s:0:\"\";s:16:\"shipping_company\";s:0:\"\";s:14:\"shipping_phone\";s:0:\"\";}\";}',1684888071),(15866,'t_5a0b025fe56260121f79a21d9373f9','a:13:{s:4:\"cart\";s:416:\"a:1:{s:32:\"00e26af6ac3b1c1c49d7c3d79c60d000\";a:11:{s:3:\"key\";s:32:\"00e26af6ac3b1c1c49d7c3d79c60d000\";s:10:\"product_id\";i:1164;s:12:\"variation_id\";i:0;s:9:\"variation\";a:0:{}s:8:\"quantity\";i:1;s:9:\"data_hash\";s:32:\"b5c1d5ca8bae6d4896cf1807cdf763f0\";s:13:\"line_tax_data\";a:2:{s:8:\"subtotal\";a:0:{}s:5:\"total\";a:0:{}}s:13:\"line_subtotal\";d:5645;s:17:\"line_subtotal_tax\";d:0;s:10:\"line_total\";d:5645;s:8:\"line_tax\";d:0;}}\";s:11:\"cart_totals\";s:399:\"a:15:{s:8:\"subtotal\";s:4:\"5645\";s:12:\"subtotal_tax\";d:0;s:14:\"shipping_total\";s:4:\"2500\";s:12:\"shipping_tax\";d:0;s:14:\"shipping_taxes\";a:0:{}s:14:\"discount_total\";d:0;s:12:\"discount_tax\";d:0;s:19:\"cart_contents_total\";s:4:\"5645\";s:17:\"cart_contents_tax\";i:0;s:19:\"cart_contents_taxes\";a:0:{}s:9:\"fee_total\";s:1:\"0\";s:7:\"fee_tax\";d:0;s:9:\"fee_taxes\";a:0:{}s:5:\"total\";s:4:\"8145\";s:9:\"total_tax\";d:0;}\";s:15:\"applied_coupons\";s:6:\"a:0:{}\";s:22:\"coupon_discount_totals\";s:6:\"a:0:{}\";s:26:\"coupon_discount_tax_totals\";s:6:\"a:0:{}\";s:21:\"removed_cart_contents\";s:6:\"a:0:{}\";s:16:\"wca_session_data\";s:235:\"a:2:{i:0;a:3:{s:5:\"event\";s:33:\"woocommerceanalytics_product_view\";s:10:\"product_id\";s:4:\"1164\";s:8:\"quantity\";s:1:\"1\";}i:1;a:3:{s:5:\"event\";s:32:\"woocommerceanalytics_add_to_cart\";s:10:\"product_id\";s:4:\"1164\";s:8:\"quantity\";s:1:\"1\";}}\";s:22:\"shipping_for_package_0\";s:393:\"a:2:{s:12:\"package_hash\";s:40:\"wc_ship_b431eeb42e31f8265164ceb3add04b0a\";s:5:\"rates\";a:1:{s:11:\"flat_rate:1\";O:16:\"WC_Shipping_Rate\":2:{s:7:\"\0*\0data\";a:6:{s:2:\"id\";s:11:\"flat_rate:1\";s:9:\"method_id\";s:9:\"flat_rate\";s:11:\"instance_id\";i:1;s:5:\"label\";s:3:\"GAM\";s:4:\"cost\";s:4:\"2500\";s:5:\"taxes\";a:0:{}}s:12:\"\0*\0meta_data\";a:1:{s:10:\"Artículos\";s:37:\"Aceite esencial de Alcanfor &times; 1\";}}}}\";s:25:\"previous_shipping_methods\";s:39:\"a:1:{i:0;a:1:{i:0;s:11:\"flat_rate:1\";}}\";s:23:\"chosen_shipping_methods\";s:29:\"a:1:{i:0;s:11:\"flat_rate:1\";}\";s:22:\"shipping_method_counts\";s:14:\"a:1:{i:0;i:1;}\";s:10:\"wc_notices\";s:262:\"a:1:{s:7:\"success\";a:1:{i:0;a:2:{s:6:\"notice\";s:187:\"<a href=\"https://www.mondaisa.com/carrito/\" tabindex=\"1\" class=\"button wc-forward wp-element-button\">Ver carrito</a> &ldquo;Aceite esencial de Alcanfor&rdquo; se ha añadido a tu carrito.\";s:4:\"data\";a:0:{}}}}\";s:8:\"customer\";s:718:\"a:27:{s:2:\"id\";s:1:\"0\";s:13:\"date_modified\";s:0:\"\";s:8:\"postcode\";s:0:\"\";s:4:\"city\";s:0:\"\";s:9:\"address_1\";s:0:\"\";s:7:\"address\";s:0:\"\";s:9:\"address_2\";s:0:\"\";s:5:\"state\";s:1:\"1\";s:7:\"country\";s:2:\"CR\";s:17:\"shipping_postcode\";s:0:\"\";s:13:\"shipping_city\";s:0:\"\";s:18:\"shipping_address_1\";s:0:\"\";s:16:\"shipping_address\";s:0:\"\";s:18:\"shipping_address_2\";s:0:\"\";s:14:\"shipping_state\";s:1:\"1\";s:16:\"shipping_country\";s:2:\"CR\";s:13:\"is_vat_exempt\";s:0:\"\";s:19:\"calculated_shipping\";s:0:\"\";s:10:\"first_name\";s:0:\"\";s:9:\"last_name\";s:0:\"\";s:7:\"company\";s:0:\"\";s:5:\"phone\";s:0:\"\";s:5:\"email\";s:0:\"\";s:19:\"shipping_first_name\";s:0:\"\";s:18:\"shipping_last_name\";s:0:\"\";s:16:\"shipping_company\";s:0:\"\";s:14:\"shipping_phone\";s:0:\"\";}\";}',1684890207),(15868,'t_b2d36287eb8d1754c5caf5f1683044','a:13:{s:4:\"cart\";s:830:\"a:2:{s:32:\"e820a45f1dfc7b95282d10b6087e11c0\";a:11:{s:3:\"key\";s:32:\"e820a45f1dfc7b95282d10b6087e11c0\";s:10:\"product_id\";i:935;s:12:\"variation_id\";i:0;s:9:\"variation\";a:0:{}s:8:\"quantity\";i:1;s:9:\"data_hash\";s:32:\"b5c1d5ca8bae6d4896cf1807cdf763f0\";s:13:\"line_tax_data\";a:2:{s:8:\"subtotal\";a:0:{}s:5:\"total\";a:0:{}}s:13:\"line_subtotal\";d:2274;s:17:\"line_subtotal_tax\";d:0;s:10:\"line_total\";d:2274;s:8:\"line_tax\";d:0;}s:32:\"74bba22728b6185eec06286af6bec36d\";a:11:{s:3:\"key\";s:32:\"74bba22728b6185eec06286af6bec36d\";s:10:\"product_id\";i:938;s:12:\"variation_id\";i:0;s:9:\"variation\";a:0:{}s:8:\"quantity\";i:1;s:9:\"data_hash\";s:32:\"b5c1d5ca8bae6d4896cf1807cdf763f0\";s:13:\"line_tax_data\";a:2:{s:8:\"subtotal\";a:0:{}s:5:\"total\";a:0:{}}s:13:\"line_subtotal\";d:2740.25;s:17:\"line_subtotal_tax\";d:0;s:10:\"line_total\";d:2740.25;s:8:\"line_tax\";d:0;}}\";s:11:\"cart_totals\";s:399:\"a:15:{s:8:\"subtotal\";s:4:\"5014\";s:12:\"subtotal_tax\";d:0;s:14:\"shipping_total\";s:4:\"2500\";s:12:\"shipping_tax\";d:0;s:14:\"shipping_taxes\";a:0:{}s:14:\"discount_total\";d:0;s:12:\"discount_tax\";d:0;s:19:\"cart_contents_total\";s:4:\"5014\";s:17:\"cart_contents_tax\";i:0;s:19:\"cart_contents_taxes\";a:0:{}s:9:\"fee_total\";s:1:\"0\";s:7:\"fee_tax\";d:0;s:9:\"fee_taxes\";a:0:{}s:5:\"total\";s:4:\"7514\";s:9:\"total_tax\";d:0;}\";s:15:\"applied_coupons\";s:6:\"a:0:{}\";s:22:\"coupon_discount_totals\";s:6:\"a:0:{}\";s:26:\"coupon_discount_tax_totals\";s:6:\"a:0:{}\";s:21:\"removed_cart_contents\";s:6:\"a:0:{}\";s:16:\"wca_session_data\";s:0:\"\";s:22:\"shipping_for_package_0\";s:419:\"a:2:{s:12:\"package_hash\";s:40:\"wc_ship_2a51bf0ad7b377472e77c99d8f9fce0d\";s:5:\"rates\";a:1:{s:11:\"flat_rate:1\";O:16:\"WC_Shipping_Rate\":2:{s:7:\"\0*\0data\";a:6:{s:2:\"id\";s:11:\"flat_rate:1\";s:9:\"method_id\";s:9:\"flat_rate\";s:11:\"instance_id\";i:1;s:5:\"label\";s:3:\"GAM\";s:4:\"cost\";s:4:\"2500\";s:5:\"taxes\";a:0:{}}s:12:\"\0*\0meta_data\";a:1:{s:10:\"Artículos\";s:63:\"Miel de Abeja - 350g &times; 1, Polen de Abeja - 75 g &times; 1\";}}}}\";s:25:\"previous_shipping_methods\";s:39:\"a:1:{i:0;a:1:{i:0;s:11:\"flat_rate:1\";}}\";s:23:\"chosen_shipping_methods\";s:29:\"a:1:{i:0;s:11:\"flat_rate:1\";}\";s:22:\"shipping_method_counts\";s:14:\"a:1:{i:0;i:1;}\";s:8:\"customer\";s:925:\"a:27:{s:2:\"id\";s:1:\"0\";s:13:\"date_modified\";s:0:\"\";s:8:\"postcode\";s:14:\"57-2020 zapote\";s:4:\"city\";s:0:\"\";s:9:\"address_1\";s:27:\"Granadilla norte curridabat\";s:7:\"address\";s:27:\"Granadilla norte curridabat\";s:9:\"address_2\";s:31:\"Condominio Bosque verde casa 18\";s:5:\"state\";s:1:\"1\";s:7:\"country\";s:2:\"CR\";s:17:\"shipping_postcode\";s:14:\"57-2020 zapote\";s:13:\"shipping_city\";s:0:\"\";s:18:\"shipping_address_1\";s:27:\"Granadilla norte curridabat\";s:16:\"shipping_address\";s:27:\"Granadilla norte curridabat\";s:18:\"shipping_address_2\";s:31:\"Condominio Bosque verde casa 18\";s:14:\"shipping_state\";s:1:\"1\";s:16:\"shipping_country\";s:2:\"CR\";s:13:\"is_vat_exempt\";s:0:\"\";s:19:\"calculated_shipping\";s:1:\"1\";s:10:\"first_name\";s:0:\"\";s:9:\"last_name\";s:0:\"\";s:7:\"company\";s:0:\"\";s:5:\"phone\";s:0:\"\";s:5:\"email\";s:0:\"\";s:19:\"shipping_first_name\";s:0:\"\";s:18:\"shipping_last_name\";s:0:\"\";s:16:\"shipping_company\";s:0:\"\";s:14:\"shipping_phone\";s:0:\"\";}\";s:21:\"chosen_payment_method\";s:7:\"tilopay\";}',1684941271),(15853,'t_dde15868d0ef9f4a2197837a14081b','a:13:{s:4:\"cart\";s:416:\"a:1:{s:32:\"d095a94d20dcaf7aa07301948549bede\";a:11:{s:3:\"key\";s:32:\"d095a94d20dcaf7aa07301948549bede\";s:10:\"product_id\";i:2357;s:12:\"variation_id\";i:0;s:9:\"variation\";a:0:{}s:8:\"quantity\";i:1;s:9:\"data_hash\";s:32:\"b5c1d5ca8bae6d4896cf1807cdf763f0\";s:13:\"line_tax_data\";a:2:{s:8:\"subtotal\";a:0:{}s:5:\"total\";a:0:{}}s:13:\"line_subtotal\";d:5898;s:17:\"line_subtotal_tax\";d:0;s:10:\"line_total\";d:5898;s:8:\"line_tax\";d:0;}}\";s:11:\"cart_totals\";s:399:\"a:15:{s:8:\"subtotal\";s:4:\"5898\";s:12:\"subtotal_tax\";d:0;s:14:\"shipping_total\";s:4:\"2500\";s:12:\"shipping_tax\";d:0;s:14:\"shipping_taxes\";a:0:{}s:14:\"discount_total\";d:0;s:12:\"discount_tax\";d:0;s:19:\"cart_contents_total\";s:4:\"5898\";s:17:\"cart_contents_tax\";i:0;s:19:\"cart_contents_taxes\";a:0:{}s:9:\"fee_total\";s:1:\"0\";s:7:\"fee_tax\";d:0;s:9:\"fee_taxes\";a:0:{}s:5:\"total\";s:4:\"8398\";s:9:\"total_tax\";d:0;}\";s:15:\"applied_coupons\";s:6:\"a:0:{}\";s:22:\"coupon_discount_totals\";s:6:\"a:0:{}\";s:26:\"coupon_discount_tax_totals\";s:6:\"a:0:{}\";s:21:\"removed_cart_contents\";s:6:\"a:0:{}\";s:16:\"wca_session_data\";s:0:\"\";s:22:\"shipping_for_package_0\";s:385:\"a:2:{s:12:\"package_hash\";s:40:\"wc_ship_64d47a26d62efca7989560b4dd2a9c21\";s:5:\"rates\";a:1:{s:11:\"flat_rate:1\";O:16:\"WC_Shipping_Rate\":2:{s:7:\"\0*\0data\";a:6:{s:2:\"id\";s:11:\"flat_rate:1\";s:9:\"method_id\";s:9:\"flat_rate\";s:11:\"instance_id\";i:1;s:5:\"label\";s:3:\"GAM\";s:4:\"cost\";s:4:\"2500\";s:5:\"taxes\";a:0:{}}s:12:\"\0*\0meta_data\";a:1:{s:10:\"Artículos\";s:29:\"Té Chai & Cúrcuma &times; 1\";}}}}\";s:25:\"previous_shipping_methods\";s:39:\"a:1:{i:0;a:1:{i:0;s:11:\"flat_rate:1\";}}\";s:23:\"chosen_shipping_methods\";s:29:\"a:1:{i:0;s:11:\"flat_rate:1\";}\";s:22:\"shipping_method_counts\";s:14:\"a:1:{i:0;i:1;}\";s:10:\"wc_notices\";N;s:8:\"customer\";s:718:\"a:27:{s:2:\"id\";s:1:\"0\";s:13:\"date_modified\";s:0:\"\";s:8:\"postcode\";s:0:\"\";s:4:\"city\";s:0:\"\";s:9:\"address_1\";s:0:\"\";s:7:\"address\";s:0:\"\";s:9:\"address_2\";s:0:\"\";s:5:\"state\";s:1:\"1\";s:7:\"country\";s:2:\"CR\";s:17:\"shipping_postcode\";s:0:\"\";s:13:\"shipping_city\";s:0:\"\";s:18:\"shipping_address_1\";s:0:\"\";s:16:\"shipping_address\";s:0:\"\";s:18:\"shipping_address_2\";s:0:\"\";s:14:\"shipping_state\";s:1:\"1\";s:16:\"shipping_country\";s:2:\"CR\";s:13:\"is_vat_exempt\";s:0:\"\";s:19:\"calculated_shipping\";s:0:\"\";s:10:\"first_name\";s:0:\"\";s:9:\"last_name\";s:0:\"\";s:7:\"company\";s:0:\"\";s:5:\"phone\";s:0:\"\";s:5:\"email\";s:0:\"\";s:19:\"shipping_first_name\";s:0:\"\";s:18:\"shipping_last_name\";s:0:\"\";s:16:\"shipping_company\";s:0:\"\";s:14:\"shipping_phone\";s:0:\"\";}\";}',1684783372),(15854,'t_6124b4d40172ef66f8c6f749005fff','a:13:{s:4:\"cart\";s:415:\"a:1:{s:32:\"704afe073992cbe4813cae2f7715336f\";a:11:{s:3:\"key\";s:32:\"704afe073992cbe4813cae2f7715336f\";s:10:\"product_id\";i:886;s:12:\"variation_id\";i:0;s:9:\"variation\";a:0:{}s:8:\"quantity\";i:1;s:9:\"data_hash\";s:32:\"b5c1d5ca8bae6d4896cf1807cdf763f0\";s:13:\"line_tax_data\";a:2:{s:8:\"subtotal\";a:0:{}s:5:\"total\";a:0:{}}s:13:\"line_subtotal\";d:3571;s:17:\"line_subtotal_tax\";d:0;s:10:\"line_total\";d:3571;s:8:\"line_tax\";d:0;}}\";s:11:\"cart_totals\";s:399:\"a:15:{s:8:\"subtotal\";s:4:\"3571\";s:12:\"subtotal_tax\";d:0;s:14:\"shipping_total\";s:4:\"2500\";s:12:\"shipping_tax\";d:0;s:14:\"shipping_taxes\";a:0:{}s:14:\"discount_total\";d:0;s:12:\"discount_tax\";d:0;s:19:\"cart_contents_total\";s:4:\"3571\";s:17:\"cart_contents_tax\";i:0;s:19:\"cart_contents_taxes\";a:0:{}s:9:\"fee_total\";s:1:\"0\";s:7:\"fee_tax\";d:0;s:9:\"fee_taxes\";a:0:{}s:5:\"total\";s:4:\"6071\";s:9:\"total_tax\";d:0;}\";s:15:\"applied_coupons\";s:6:\"a:0:{}\";s:22:\"coupon_discount_totals\";s:6:\"a:0:{}\";s:26:\"coupon_discount_tax_totals\";s:6:\"a:0:{}\";s:21:\"removed_cart_contents\";s:6:\"a:0:{}\";s:16:\"wca_session_data\";s:233:\"a:2:{i:0;a:3:{s:5:\"event\";s:33:\"woocommerceanalytics_product_view\";s:10:\"product_id\";s:3:\"886\";s:8:\"quantity\";s:1:\"1\";}i:1;a:3:{s:5:\"event\";s:32:\"woocommerceanalytics_add_to_cart\";s:10:\"product_id\";s:3:\"886\";s:8:\"quantity\";s:1:\"1\";}}\";s:22:\"shipping_for_package_0\";s:382:\"a:2:{s:12:\"package_hash\";s:40:\"wc_ship_b1bc73a60bbb84b8acef1db0d1bd45ff\";s:5:\"rates\";a:1:{s:11:\"flat_rate:1\";O:16:\"WC_Shipping_Rate\":2:{s:7:\"\0*\0data\";a:6:{s:2:\"id\";s:11:\"flat_rate:1\";s:9:\"method_id\";s:9:\"flat_rate\";s:11:\"instance_id\";i:1;s:5:\"label\";s:3:\"GAM\";s:4:\"cost\";s:4:\"2500\";s:5:\"taxes\";a:0:{}}s:12:\"\0*\0meta_data\";a:1:{s:10:\"Artículos\";s:26:\"Té Verde Matcha &times; 1\";}}}}\";s:25:\"previous_shipping_methods\";s:39:\"a:1:{i:0;a:1:{i:0;s:11:\"flat_rate:1\";}}\";s:23:\"chosen_shipping_methods\";s:29:\"a:1:{i:0;s:11:\"flat_rate:1\";}\";s:22:\"shipping_method_counts\";s:14:\"a:1:{i:0;i:1;}\";s:10:\"wc_notices\";s:251:\"a:1:{s:7:\"success\";a:1:{i:0;a:2:{s:6:\"notice\";s:176:\"<a href=\"https://www.mondaisa.com/carrito/\" tabindex=\"1\" class=\"button wc-forward wp-element-button\">Ver carrito</a> &ldquo;Té Verde Matcha&rdquo; se ha añadido a tu carrito.\";s:4:\"data\";a:0:{}}}}\";s:8:\"customer\";s:718:\"a:27:{s:2:\"id\";s:1:\"0\";s:13:\"date_modified\";s:0:\"\";s:8:\"postcode\";s:0:\"\";s:4:\"city\";s:0:\"\";s:9:\"address_1\";s:0:\"\";s:7:\"address\";s:0:\"\";s:9:\"address_2\";s:0:\"\";s:5:\"state\";s:1:\"1\";s:7:\"country\";s:2:\"CR\";s:17:\"shipping_postcode\";s:0:\"\";s:13:\"shipping_city\";s:0:\"\";s:18:\"shipping_address_1\";s:0:\"\";s:16:\"shipping_address\";s:0:\"\";s:18:\"shipping_address_2\";s:0:\"\";s:14:\"shipping_state\";s:1:\"1\";s:16:\"shipping_country\";s:2:\"CR\";s:13:\"is_vat_exempt\";s:0:\"\";s:19:\"calculated_shipping\";s:0:\"\";s:10:\"first_name\";s:0:\"\";s:9:\"last_name\";s:0:\"\";s:7:\"company\";s:0:\"\";s:5:\"phone\";s:0:\"\";s:5:\"email\";s:0:\"\";s:19:\"shipping_first_name\";s:0:\"\";s:18:\"shipping_last_name\";s:0:\"\";s:16:\"shipping_company\";s:0:\"\";s:14:\"shipping_phone\";s:0:\"\";}\";}',1684784363),(15851,'t_0e48bff597782e34f93196f195616d','a:7:{s:4:\"cart\";s:6:\"a:0:{}\";s:11:\"cart_totals\";s:367:\"a:15:{s:8:\"subtotal\";i:0;s:12:\"subtotal_tax\";i:0;s:14:\"shipping_total\";i:0;s:12:\"shipping_tax\";i:0;s:14:\"shipping_taxes\";a:0:{}s:14:\"discount_total\";i:0;s:12:\"discount_tax\";i:0;s:19:\"cart_contents_total\";i:0;s:17:\"cart_contents_tax\";i:0;s:19:\"cart_contents_taxes\";a:0:{}s:9:\"fee_total\";i:0;s:7:\"fee_tax\";i:0;s:9:\"fee_taxes\";a:0:{}s:5:\"total\";i:0;s:9:\"total_tax\";i:0;}\";s:15:\"applied_coupons\";s:6:\"a:0:{}\";s:22:\"coupon_discount_totals\";s:6:\"a:0:{}\";s:26:\"coupon_discount_tax_totals\";s:6:\"a:0:{}\";s:21:\"removed_cart_contents\";s:6:\"a:0:{}\";s:8:\"customer\";s:718:\"a:27:{s:2:\"id\";s:1:\"0\";s:13:\"date_modified\";s:0:\"\";s:8:\"postcode\";s:0:\"\";s:4:\"city\";s:0:\"\";s:9:\"address_1\";s:0:\"\";s:7:\"address\";s:0:\"\";s:9:\"address_2\";s:0:\"\";s:5:\"state\";s:1:\"1\";s:7:\"country\";s:2:\"CR\";s:17:\"shipping_postcode\";s:0:\"\";s:13:\"shipping_city\";s:0:\"\";s:18:\"shipping_address_1\";s:0:\"\";s:16:\"shipping_address\";s:0:\"\";s:18:\"shipping_address_2\";s:0:\"\";s:14:\"shipping_state\";s:1:\"1\";s:16:\"shipping_country\";s:2:\"CR\";s:13:\"is_vat_exempt\";s:0:\"\";s:19:\"calculated_shipping\";s:0:\"\";s:10:\"first_name\";s:0:\"\";s:9:\"last_name\";s:0:\"\";s:7:\"company\";s:0:\"\";s:5:\"phone\";s:0:\"\";s:5:\"email\";s:0:\"\";s:19:\"shipping_first_name\";s:0:\"\";s:18:\"shipping_last_name\";s:0:\"\";s:16:\"shipping_company\";s:0:\"\";s:14:\"shipping_phone\";s:0:\"\";}\";}',1684775020),(15852,'t_37adee91ec46b253a28feca1bb59fd','a:13:{s:4:\"cart\";s:413:\"a:1:{s:32:\"3cef96dcc9b8035d23f69e30bb19218a\";a:11:{s:3:\"key\";s:32:\"3cef96dcc9b8035d23f69e30bb19218a\";s:10:\"product_id\";i:949;s:12:\"variation_id\";i:0;s:9:\"variation\";a:0:{}s:8:\"quantity\";i:1;s:9:\"data_hash\";s:32:\"b5c1d5ca8bae6d4896cf1807cdf763f0\";s:13:\"line_tax_data\";a:2:{s:8:\"subtotal\";a:0:{}s:5:\"total\";a:0:{}}s:13:\"line_subtotal\";d:985;s:17:\"line_subtotal_tax\";d:0;s:10:\"line_total\";d:985;s:8:\"line_tax\";d:0;}}\";s:11:\"cart_totals\";s:397:\"a:15:{s:8:\"subtotal\";s:3:\"985\";s:12:\"subtotal_tax\";d:0;s:14:\"shipping_total\";s:4:\"2500\";s:12:\"shipping_tax\";d:0;s:14:\"shipping_taxes\";a:0:{}s:14:\"discount_total\";d:0;s:12:\"discount_tax\";d:0;s:19:\"cart_contents_total\";s:3:\"985\";s:17:\"cart_contents_tax\";i:0;s:19:\"cart_contents_taxes\";a:0:{}s:9:\"fee_total\";s:1:\"0\";s:7:\"fee_tax\";d:0;s:9:\"fee_taxes\";a:0:{}s:5:\"total\";s:4:\"3485\";s:9:\"total_tax\";d:0;}\";s:15:\"applied_coupons\";s:6:\"a:0:{}\";s:22:\"coupon_discount_totals\";s:6:\"a:0:{}\";s:26:\"coupon_discount_tax_totals\";s:6:\"a:0:{}\";s:21:\"removed_cart_contents\";s:6:\"a:0:{}\";s:16:\"wca_session_data\";s:0:\"\";s:22:\"shipping_for_package_0\";s:390:\"a:2:{s:12:\"package_hash\";s:40:\"wc_ship_c4ead522215dd37307b5d6255bc42441\";s:5:\"rates\";a:1:{s:11:\"flat_rate:1\";O:16:\"WC_Shipping_Rate\":2:{s:7:\"\0*\0data\";a:6:{s:2:\"id\";s:11:\"flat_rate:1\";s:9:\"method_id\";s:9:\"flat_rate\";s:11:\"instance_id\";i:1;s:5:\"label\";s:3:\"GAM\";s:4:\"cost\";s:4:\"2500\";s:5:\"taxes\";a:0:{}}s:12:\"\0*\0meta_data\";a:1:{s:10:\"Artículos\";s:34:\"Rosa de Jamaica - Granel &times; 1\";}}}}\";s:25:\"previous_shipping_methods\";s:39:\"a:1:{i:0;a:1:{i:0;s:11:\"flat_rate:1\";}}\";s:23:\"chosen_shipping_methods\";s:29:\"a:1:{i:0;s:11:\"flat_rate:1\";}\";s:22:\"shipping_method_counts\";s:14:\"a:1:{i:0;i:1;}\";s:10:\"wc_notices\";N;s:8:\"customer\";s:718:\"a:27:{s:2:\"id\";s:1:\"0\";s:13:\"date_modified\";s:0:\"\";s:8:\"postcode\";s:0:\"\";s:4:\"city\";s:0:\"\";s:9:\"address_1\";s:0:\"\";s:7:\"address\";s:0:\"\";s:9:\"address_2\";s:0:\"\";s:5:\"state\";s:1:\"1\";s:7:\"country\";s:2:\"CR\";s:17:\"shipping_postcode\";s:0:\"\";s:13:\"shipping_city\";s:0:\"\";s:18:\"shipping_address_1\";s:0:\"\";s:16:\"shipping_address\";s:0:\"\";s:18:\"shipping_address_2\";s:0:\"\";s:14:\"shipping_state\";s:1:\"1\";s:16:\"shipping_country\";s:2:\"CR\";s:13:\"is_vat_exempt\";s:0:\"\";s:19:\"calculated_shipping\";s:0:\"\";s:10:\"first_name\";s:0:\"\";s:9:\"last_name\";s:0:\"\";s:7:\"company\";s:0:\"\";s:5:\"phone\";s:0:\"\";s:5:\"email\";s:0:\"\";s:19:\"shipping_first_name\";s:0:\"\";s:18:\"shipping_last_name\";s:0:\"\";s:16:\"shipping_company\";s:0:\"\";s:14:\"shipping_phone\";s:0:\"\";}\";}',1684783369),(15873,'t_85a1b1910ce48732711084a6735afa','a:13:{s:4:\"cart\";s:415:\"a:1:{s:32:\"e820a45f1dfc7b95282d10b6087e11c0\";a:11:{s:3:\"key\";s:32:\"e820a45f1dfc7b95282d10b6087e11c0\";s:10:\"product_id\";i:935;s:12:\"variation_id\";i:0;s:9:\"variation\";a:0:{}s:8:\"quantity\";i:1;s:9:\"data_hash\";s:32:\"b5c1d5ca8bae6d4896cf1807cdf763f0\";s:13:\"line_tax_data\";a:2:{s:8:\"subtotal\";a:0:{}s:5:\"total\";a:0:{}}s:13:\"line_subtotal\";d:2274;s:17:\"line_subtotal_tax\";d:0;s:10:\"line_total\";d:2274;s:8:\"line_tax\";d:0;}}\";s:11:\"cart_totals\";s:399:\"a:15:{s:8:\"subtotal\";s:4:\"2274\";s:12:\"subtotal_tax\";d:0;s:14:\"shipping_total\";s:4:\"2500\";s:12:\"shipping_tax\";d:0;s:14:\"shipping_taxes\";a:0:{}s:14:\"discount_total\";d:0;s:12:\"discount_tax\";d:0;s:19:\"cart_contents_total\";s:4:\"2274\";s:17:\"cart_contents_tax\";i:0;s:19:\"cart_contents_taxes\";a:0:{}s:9:\"fee_total\";s:1:\"0\";s:7:\"fee_tax\";d:0;s:9:\"fee_taxes\";a:0:{}s:5:\"total\";s:4:\"4774\";s:9:\"total_tax\";d:0;}\";s:15:\"applied_coupons\";s:6:\"a:0:{}\";s:22:\"coupon_discount_totals\";s:6:\"a:0:{}\";s:26:\"coupon_discount_tax_totals\";s:6:\"a:0:{}\";s:21:\"removed_cart_contents\";s:6:\"a:0:{}\";s:16:\"wca_session_data\";s:0:\"\";s:22:\"shipping_for_package_0\";s:386:\"a:2:{s:12:\"package_hash\";s:40:\"wc_ship_96f85fcf604a16adb0cb23811d7c18c6\";s:5:\"rates\";a:1:{s:11:\"flat_rate:1\";O:16:\"WC_Shipping_Rate\":2:{s:7:\"\0*\0data\";a:6:{s:2:\"id\";s:11:\"flat_rate:1\";s:9:\"method_id\";s:9:\"flat_rate\";s:11:\"instance_id\";i:1;s:5:\"label\";s:3:\"GAM\";s:4:\"cost\";s:4:\"2500\";s:5:\"taxes\";a:0:{}}s:12:\"\0*\0meta_data\";a:1:{s:10:\"Artículos\";s:30:\"Miel de Abeja - 350g &times; 1\";}}}}\";s:25:\"previous_shipping_methods\";s:39:\"a:1:{i:0;a:1:{i:0;s:11:\"flat_rate:1\";}}\";s:23:\"chosen_shipping_methods\";s:29:\"a:1:{i:0;s:11:\"flat_rate:1\";}\";s:22:\"shipping_method_counts\";s:14:\"a:1:{i:0;i:1;}\";s:10:\"wc_notices\";N;s:8:\"customer\";s:718:\"a:27:{s:2:\"id\";s:1:\"0\";s:13:\"date_modified\";s:0:\"\";s:8:\"postcode\";s:0:\"\";s:4:\"city\";s:0:\"\";s:9:\"address_1\";s:0:\"\";s:7:\"address\";s:0:\"\";s:9:\"address_2\";s:0:\"\";s:5:\"state\";s:1:\"1\";s:7:\"country\";s:2:\"CR\";s:17:\"shipping_postcode\";s:0:\"\";s:13:\"shipping_city\";s:0:\"\";s:18:\"shipping_address_1\";s:0:\"\";s:16:\"shipping_address\";s:0:\"\";s:18:\"shipping_address_2\";s:0:\"\";s:14:\"shipping_state\";s:1:\"1\";s:16:\"shipping_country\";s:2:\"CR\";s:13:\"is_vat_exempt\";s:0:\"\";s:19:\"calculated_shipping\";s:0:\"\";s:10:\"first_name\";s:0:\"\";s:9:\"last_name\";s:0:\"\";s:7:\"company\";s:0:\"\";s:5:\"phone\";s:0:\"\";s:5:\"email\";s:0:\"\";s:19:\"shipping_first_name\";s:0:\"\";s:18:\"shipping_last_name\";s:0:\"\";s:16:\"shipping_company\";s:0:\"\";s:14:\"shipping_phone\";s:0:\"\";}\";}',1684945655),(15872,'t_5573e42ff41344049c4134911e57c4','a:13:{s:4:\"cart\";s:421:\"a:1:{s:32:\"4b6538a44a1dfdc2b83477cd76dee98e\";a:11:{s:3:\"key\";s:32:\"4b6538a44a1dfdc2b83477cd76dee98e\";s:10:\"product_id\";i:945;s:12:\"variation_id\";i:0;s:9:\"variation\";a:0:{}s:8:\"quantity\";i:1;s:9:\"data_hash\";s:32:\"b5c1d5ca8bae6d4896cf1807cdf763f0\";s:13:\"line_tax_data\";a:2:{s:8:\"subtotal\";a:0:{}s:5:\"total\";a:0:{}}s:13:\"line_subtotal\";d:1698.23;s:17:\"line_subtotal_tax\";d:0;s:10:\"line_total\";d:1698.23;s:8:\"line_tax\";d:0;}}\";s:11:\"cart_totals\";s:399:\"a:15:{s:8:\"subtotal\";s:4:\"1698\";s:12:\"subtotal_tax\";d:0;s:14:\"shipping_total\";s:4:\"2500\";s:12:\"shipping_tax\";d:0;s:14:\"shipping_taxes\";a:0:{}s:14:\"discount_total\";d:0;s:12:\"discount_tax\";d:0;s:19:\"cart_contents_total\";s:4:\"1698\";s:17:\"cart_contents_tax\";i:0;s:19:\"cart_contents_taxes\";a:0:{}s:9:\"fee_total\";s:1:\"0\";s:7:\"fee_tax\";d:0;s:9:\"fee_taxes\";a:0:{}s:5:\"total\";s:4:\"4198\";s:9:\"total_tax\";d:0;}\";s:15:\"applied_coupons\";s:6:\"a:0:{}\";s:22:\"coupon_discount_totals\";s:6:\"a:0:{}\";s:26:\"coupon_discount_tax_totals\";s:6:\"a:0:{}\";s:21:\"removed_cart_contents\";s:6:\"a:0:{}\";s:16:\"wca_session_data\";s:0:\"\";s:22:\"shipping_for_package_0\";s:386:\"a:2:{s:12:\"package_hash\";s:40:\"wc_ship_1523ebe0398c519beb5501cb2f88b51b\";s:5:\"rates\";a:1:{s:11:\"flat_rate:1\";O:16:\"WC_Shipping_Rate\":2:{s:7:\"\0*\0data\";a:6:{s:2:\"id\";s:11:\"flat_rate:1\";s:9:\"method_id\";s:9:\"flat_rate\";s:11:\"instance_id\";i:1;s:5:\"label\";s:3:\"GAM\";s:4:\"cost\";s:4:\"2500\";s:5:\"taxes\";a:0:{}}s:12:\"\0*\0meta_data\";a:1:{s:10:\"Artículos\";s:30:\"Miel de Abeja - 250g &times; 1\";}}}}\";s:25:\"previous_shipping_methods\";s:39:\"a:1:{i:0;a:1:{i:0;s:11:\"flat_rate:1\";}}\";s:23:\"chosen_shipping_methods\";s:29:\"a:1:{i:0;s:11:\"flat_rate:1\";}\";s:22:\"shipping_method_counts\";s:14:\"a:1:{i:0;i:1;}\";s:10:\"wc_notices\";N;s:8:\"customer\";s:718:\"a:27:{s:2:\"id\";s:1:\"0\";s:13:\"date_modified\";s:0:\"\";s:8:\"postcode\";s:0:\"\";s:4:\"city\";s:0:\"\";s:9:\"address_1\";s:0:\"\";s:7:\"address\";s:0:\"\";s:9:\"address_2\";s:0:\"\";s:5:\"state\";s:1:\"1\";s:7:\"country\";s:2:\"CR\";s:17:\"shipping_postcode\";s:0:\"\";s:13:\"shipping_city\";s:0:\"\";s:18:\"shipping_address_1\";s:0:\"\";s:16:\"shipping_address\";s:0:\"\";s:18:\"shipping_address_2\";s:0:\"\";s:14:\"shipping_state\";s:1:\"1\";s:16:\"shipping_country\";s:2:\"CR\";s:13:\"is_vat_exempt\";s:0:\"\";s:19:\"calculated_shipping\";s:0:\"\";s:10:\"first_name\";s:0:\"\";s:9:\"last_name\";s:0:\"\";s:7:\"company\";s:0:\"\";s:5:\"phone\";s:0:\"\";s:5:\"email\";s:0:\"\";s:19:\"shipping_first_name\";s:0:\"\";s:18:\"shipping_last_name\";s:0:\"\";s:16:\"shipping_company\";s:0:\"\";s:14:\"shipping_phone\";s:0:\"\";}\";}',1684945654),(15871,'t_137f12698f3f1b462c10fc29c2cc38','a:13:{s:4:\"cart\";s:413:\"a:1:{s:32:\"6c3cf77d52820cd0fe646d38bc2145ca\";a:11:{s:3:\"key\";s:32:\"6c3cf77d52820cd0fe646d38bc2145ca\";s:10:\"product_id\";i:882;s:12:\"variation_id\";i:0;s:9:\"variation\";a:0:{}s:8:\"quantity\";i:1;s:9:\"data_hash\";s:32:\"b5c1d5ca8bae6d4896cf1807cdf763f0\";s:13:\"line_tax_data\";a:2:{s:8:\"subtotal\";a:0:{}s:5:\"total\";a:0:{}}s:13:\"line_subtotal\";d:675;s:17:\"line_subtotal_tax\";d:0;s:10:\"line_total\";d:675;s:8:\"line_tax\";d:0;}}\";s:11:\"cart_totals\";s:397:\"a:15:{s:8:\"subtotal\";s:3:\"675\";s:12:\"subtotal_tax\";d:0;s:14:\"shipping_total\";s:4:\"2500\";s:12:\"shipping_tax\";d:0;s:14:\"shipping_taxes\";a:0:{}s:14:\"discount_total\";d:0;s:12:\"discount_tax\";d:0;s:19:\"cart_contents_total\";s:3:\"675\";s:17:\"cart_contents_tax\";i:0;s:19:\"cart_contents_taxes\";a:0:{}s:9:\"fee_total\";s:1:\"0\";s:7:\"fee_tax\";d:0;s:9:\"fee_taxes\";a:0:{}s:5:\"total\";s:4:\"3175\";s:9:\"total_tax\";d:0;}\";s:15:\"applied_coupons\";s:6:\"a:0:{}\";s:22:\"coupon_discount_totals\";s:6:\"a:0:{}\";s:26:\"coupon_discount_tax_totals\";s:6:\"a:0:{}\";s:21:\"removed_cart_contents\";s:6:\"a:0:{}\";s:16:\"wca_session_data\";s:0:\"\";s:22:\"shipping_for_package_0\";s:389:\"a:2:{s:12:\"package_hash\";s:40:\"wc_ship_f7e4987500c63b89352d1bf5e9cdf914\";s:5:\"rates\";a:1:{s:11:\"flat_rate:1\";O:16:\"WC_Shipping_Rate\":2:{s:7:\"\0*\0data\";a:6:{s:2:\"id\";s:11:\"flat_rate:1\";s:9:\"method_id\";s:9:\"flat_rate\";s:11:\"instance_id\";i:1;s:5:\"label\";s:3:\"GAM\";s:4:\"cost\";s:4:\"2500\";s:5:\"taxes\";a:0:{}}s:12:\"\0*\0meta_data\";a:1:{s:10:\"Artículos\";s:33:\"Té Negro - 25 bolsitas &times; 1\";}}}}\";s:25:\"previous_shipping_methods\";s:39:\"a:1:{i:0;a:1:{i:0;s:11:\"flat_rate:1\";}}\";s:23:\"chosen_shipping_methods\";s:29:\"a:1:{i:0;s:11:\"flat_rate:1\";}\";s:22:\"shipping_method_counts\";s:14:\"a:1:{i:0;i:1;}\";s:10:\"wc_notices\";s:264:\"a:1:{s:7:\"success\";a:1:{i:0;a:2:{s:6:\"notice\";s:189:\"<a href=\"https://www.mondaisa.com/carrito/\" tabindex=\"1\" class=\"button wc-forward wp-element-button\">Ver carrito</a> &ldquo;Té Negro &#8211; 25 bolsitas&rdquo; se ha añadido a tu carrito.\";s:4:\"data\";a:0:{}}}}\";s:8:\"customer\";s:718:\"a:27:{s:2:\"id\";s:1:\"0\";s:13:\"date_modified\";s:0:\"\";s:8:\"postcode\";s:0:\"\";s:4:\"city\";s:0:\"\";s:9:\"address_1\";s:0:\"\";s:7:\"address\";s:0:\"\";s:9:\"address_2\";s:0:\"\";s:5:\"state\";s:1:\"1\";s:7:\"country\";s:2:\"CR\";s:17:\"shipping_postcode\";s:0:\"\";s:13:\"shipping_city\";s:0:\"\";s:18:\"shipping_address_1\";s:0:\"\";s:16:\"shipping_address\";s:0:\"\";s:18:\"shipping_address_2\";s:0:\"\";s:14:\"shipping_state\";s:1:\"1\";s:16:\"shipping_country\";s:2:\"CR\";s:13:\"is_vat_exempt\";s:0:\"\";s:19:\"calculated_shipping\";s:0:\"\";s:10:\"first_name\";s:0:\"\";s:9:\"last_name\";s:0:\"\";s:7:\"company\";s:0:\"\";s:5:\"phone\";s:0:\"\";s:5:\"email\";s:0:\"\";s:19:\"shipping_first_name\";s:0:\"\";s:18:\"shipping_last_name\";s:0:\"\";s:16:\"shipping_company\";s:0:\"\";s:14:\"shipping_phone\";s:0:\"\";}\";}',1684942887),(15870,'t_dc0496144fc3f1d5938cadcf610bad','a:13:{s:4:\"cart\";s:413:\"a:1:{s:32:\"6c3cf77d52820cd0fe646d38bc2145ca\";a:11:{s:3:\"key\";s:32:\"6c3cf77d52820cd0fe646d38bc2145ca\";s:10:\"product_id\";i:882;s:12:\"variation_id\";i:0;s:9:\"variation\";a:0:{}s:8:\"quantity\";i:1;s:9:\"data_hash\";s:32:\"b5c1d5ca8bae6d4896cf1807cdf763f0\";s:13:\"line_tax_data\";a:2:{s:8:\"subtotal\";a:0:{}s:5:\"total\";a:0:{}}s:13:\"line_subtotal\";d:675;s:17:\"line_subtotal_tax\";d:0;s:10:\"line_total\";d:675;s:8:\"line_tax\";d:0;}}\";s:11:\"cart_totals\";s:397:\"a:15:{s:8:\"subtotal\";s:3:\"675\";s:12:\"subtotal_tax\";d:0;s:14:\"shipping_total\";s:4:\"2500\";s:12:\"shipping_tax\";d:0;s:14:\"shipping_taxes\";a:0:{}s:14:\"discount_total\";d:0;s:12:\"discount_tax\";d:0;s:19:\"cart_contents_total\";s:3:\"675\";s:17:\"cart_contents_tax\";i:0;s:19:\"cart_contents_taxes\";a:0:{}s:9:\"fee_total\";s:1:\"0\";s:7:\"fee_tax\";d:0;s:9:\"fee_taxes\";a:0:{}s:5:\"total\";s:4:\"3175\";s:9:\"total_tax\";d:0;}\";s:15:\"applied_coupons\";s:6:\"a:0:{}\";s:22:\"coupon_discount_totals\";s:6:\"a:0:{}\";s:26:\"coupon_discount_tax_totals\";s:6:\"a:0:{}\";s:21:\"removed_cart_contents\";s:6:\"a:0:{}\";s:16:\"wca_session_data\";s:233:\"a:2:{i:0;a:3:{s:5:\"event\";s:33:\"woocommerceanalytics_product_view\";s:10:\"product_id\";s:3:\"882\";s:8:\"quantity\";s:1:\"1\";}i:1;a:3:{s:5:\"event\";s:32:\"woocommerceanalytics_add_to_cart\";s:10:\"product_id\";s:3:\"882\";s:8:\"quantity\";s:1:\"1\";}}\";s:22:\"shipping_for_package_0\";s:389:\"a:2:{s:12:\"package_hash\";s:40:\"wc_ship_f7e4987500c63b89352d1bf5e9cdf914\";s:5:\"rates\";a:1:{s:11:\"flat_rate:1\";O:16:\"WC_Shipping_Rate\":2:{s:7:\"\0*\0data\";a:6:{s:2:\"id\";s:11:\"flat_rate:1\";s:9:\"method_id\";s:9:\"flat_rate\";s:11:\"instance_id\";i:1;s:5:\"label\";s:3:\"GAM\";s:4:\"cost\";s:4:\"2500\";s:5:\"taxes\";a:0:{}}s:12:\"\0*\0meta_data\";a:1:{s:10:\"Artículos\";s:33:\"Té Negro - 25 bolsitas &times; 1\";}}}}\";s:25:\"previous_shipping_methods\";s:39:\"a:1:{i:0;a:1:{i:0;s:11:\"flat_rate:1\";}}\";s:23:\"chosen_shipping_methods\";s:29:\"a:1:{i:0;s:11:\"flat_rate:1\";}\";s:22:\"shipping_method_counts\";s:14:\"a:1:{i:0;i:1;}\";s:10:\"wc_notices\";s:264:\"a:1:{s:7:\"success\";a:1:{i:0;a:2:{s:6:\"notice\";s:189:\"<a href=\"https://www.mondaisa.com/carrito/\" tabindex=\"1\" class=\"button wc-forward wp-element-button\">Ver carrito</a> &ldquo;Té Negro &#8211; 25 bolsitas&rdquo; se ha añadido a tu carrito.\";s:4:\"data\";a:0:{}}}}\";s:8:\"customer\";s:718:\"a:27:{s:2:\"id\";s:1:\"0\";s:13:\"date_modified\";s:0:\"\";s:8:\"postcode\";s:0:\"\";s:4:\"city\";s:0:\"\";s:9:\"address_1\";s:0:\"\";s:7:\"address\";s:0:\"\";s:9:\"address_2\";s:0:\"\";s:5:\"state\";s:1:\"1\";s:7:\"country\";s:2:\"CR\";s:17:\"shipping_postcode\";s:0:\"\";s:13:\"shipping_city\";s:0:\"\";s:18:\"shipping_address_1\";s:0:\"\";s:16:\"shipping_address\";s:0:\"\";s:18:\"shipping_address_2\";s:0:\"\";s:14:\"shipping_state\";s:1:\"1\";s:16:\"shipping_country\";s:2:\"CR\";s:13:\"is_vat_exempt\";s:0:\"\";s:19:\"calculated_shipping\";s:0:\"\";s:10:\"first_name\";s:0:\"\";s:9:\"last_name\";s:0:\"\";s:7:\"company\";s:0:\"\";s:5:\"phone\";s:0:\"\";s:5:\"email\";s:0:\"\";s:19:\"shipping_first_name\";s:0:\"\";s:18:\"shipping_last_name\";s:0:\"\";s:16:\"shipping_company\";s:0:\"\";s:14:\"shipping_phone\";s:0:\"\";}\";}',1684942878),(15869,'t_a320460c898e67048cf14f2cb93a38','a:13:{s:4:\"cart\";s:415:\"a:1:{s:32:\"c24cd76e1ce41366a4bbe8a49b02a028\";a:11:{s:3:\"key\";s:32:\"c24cd76e1ce41366a4bbe8a49b02a028\";s:10:\"product_id\";i:253;s:12:\"variation_id\";i:0;s:9:\"variation\";a:0:{}s:8:\"quantity\";i:2;s:9:\"data_hash\";s:32:\"b5c1d5ca8bae6d4896cf1807cdf763f0\";s:13:\"line_tax_data\";a:2:{s:8:\"subtotal\";a:0:{}s:5:\"total\";a:0:{}}s:13:\"line_subtotal\";d:2494;s:17:\"line_subtotal_tax\";d:0;s:10:\"line_total\";d:2494;s:8:\"line_tax\";d:0;}}\";s:11:\"cart_totals\";s:399:\"a:15:{s:8:\"subtotal\";s:4:\"2494\";s:12:\"subtotal_tax\";d:0;s:14:\"shipping_total\";s:4:\"2500\";s:12:\"shipping_tax\";d:0;s:14:\"shipping_taxes\";a:0:{}s:14:\"discount_total\";d:0;s:12:\"discount_tax\";d:0;s:19:\"cart_contents_total\";s:4:\"2494\";s:17:\"cart_contents_tax\";i:0;s:19:\"cart_contents_taxes\";a:0:{}s:9:\"fee_total\";s:1:\"0\";s:7:\"fee_tax\";d:0;s:9:\"fee_taxes\";a:0:{}s:5:\"total\";s:4:\"4994\";s:9:\"total_tax\";d:0;}\";s:15:\"applied_coupons\";s:6:\"a:0:{}\";s:22:\"coupon_discount_totals\";s:6:\"a:0:{}\";s:26:\"coupon_discount_tax_totals\";s:6:\"a:0:{}\";s:21:\"removed_cart_contents\";s:6:\"a:0:{}\";s:16:\"wca_session_data\";s:0:\"\";s:22:\"shipping_for_package_0\";s:396:\"a:2:{s:12:\"package_hash\";s:40:\"wc_ship_34dc313bd8e0b0d01c3a674f79c14a63\";s:5:\"rates\";a:1:{s:11:\"flat_rate:1\";O:16:\"WC_Shipping_Rate\":2:{s:7:\"\0*\0data\";a:6:{s:2:\"id\";s:11:\"flat_rate:1\";s:9:\"method_id\";s:9:\"flat_rate\";s:11:\"instance_id\";i:1;s:5:\"label\";s:3:\"GAM\";s:4:\"cost\";s:4:\"2500\";s:5:\"taxes\";a:0:{}}s:12:\"\0*\0meta_data\";a:1:{s:10:\"Artículos\";s:40:\"Té 7 Azahares® - 25 bolsitas &times; 2\";}}}}\";s:25:\"previous_shipping_methods\";s:39:\"a:1:{i:0;a:1:{i:0;s:11:\"flat_rate:1\";}}\";s:23:\"chosen_shipping_methods\";s:29:\"a:1:{i:0;s:11:\"flat_rate:1\";}\";s:22:\"shipping_method_counts\";s:14:\"a:1:{i:0;i:1;}\";s:10:\"wc_notices\";s:516:\"a:1:{s:7:\"success\";a:2:{i:0;a:2:{s:6:\"notice\";s:196:\"<a href=\"https://www.mondaisa.com/carrito/\" tabindex=\"1\" class=\"button wc-forward wp-element-button\">Ver carrito</a> &ldquo;Té 7 Azahares® &#8211; 25 bolsitas&rdquo; se ha añadido a tu carrito.\";s:4:\"data\";a:0:{}}i:1;a:2:{s:6:\"notice\";s:196:\"<a href=\"https://www.mondaisa.com/carrito/\" tabindex=\"1\" class=\"button wc-forward wp-element-button\">Ver carrito</a> &ldquo;Té 7 Azahares® &#8211; 25 bolsitas&rdquo; se ha añadido a tu carrito.\";s:4:\"data\";a:0:{}}}}\";s:8:\"customer\";s:718:\"a:27:{s:2:\"id\";s:1:\"0\";s:13:\"date_modified\";s:0:\"\";s:8:\"postcode\";s:0:\"\";s:4:\"city\";s:0:\"\";s:9:\"address_1\";s:0:\"\";s:7:\"address\";s:0:\"\";s:9:\"address_2\";s:0:\"\";s:5:\"state\";s:1:\"1\";s:7:\"country\";s:2:\"CR\";s:17:\"shipping_postcode\";s:0:\"\";s:13:\"shipping_city\";s:0:\"\";s:18:\"shipping_address_1\";s:0:\"\";s:16:\"shipping_address\";s:0:\"\";s:18:\"shipping_address_2\";s:0:\"\";s:14:\"shipping_state\";s:1:\"1\";s:16:\"shipping_country\";s:2:\"CR\";s:13:\"is_vat_exempt\";s:0:\"\";s:19:\"calculated_shipping\";s:0:\"\";s:10:\"first_name\";s:0:\"\";s:9:\"last_name\";s:0:\"\";s:7:\"company\";s:0:\"\";s:5:\"phone\";s:0:\"\";s:5:\"email\";s:0:\"\";s:19:\"shipping_first_name\";s:0:\"\";s:18:\"shipping_last_name\";s:0:\"\";s:16:\"shipping_company\";s:0:\"\";s:14:\"shipping_phone\";s:0:\"\";}\";}',1684942191),(15867,'t_3c592bf478bab2be42254c47d6868d','a:13:{s:4:\"cart\";s:415:\"a:1:{s:32:\"704afe073992cbe4813cae2f7715336f\";a:11:{s:3:\"key\";s:32:\"704afe073992cbe4813cae2f7715336f\";s:10:\"product_id\";i:886;s:12:\"variation_id\";i:0;s:9:\"variation\";a:0:{}s:8:\"quantity\";i:2;s:9:\"data_hash\";s:32:\"b5c1d5ca8bae6d4896cf1807cdf763f0\";s:13:\"line_tax_data\";a:2:{s:8:\"subtotal\";a:0:{}s:5:\"total\";a:0:{}}s:13:\"line_subtotal\";d:7142;s:17:\"line_subtotal_tax\";d:0;s:10:\"line_total\";d:7142;s:8:\"line_tax\";d:0;}}\";s:11:\"cart_totals\";s:399:\"a:15:{s:8:\"subtotal\";s:4:\"7142\";s:12:\"subtotal_tax\";d:0;s:14:\"shipping_total\";s:4:\"2500\";s:12:\"shipping_tax\";d:0;s:14:\"shipping_taxes\";a:0:{}s:14:\"discount_total\";d:0;s:12:\"discount_tax\";d:0;s:19:\"cart_contents_total\";s:4:\"7142\";s:17:\"cart_contents_tax\";i:0;s:19:\"cart_contents_taxes\";a:0:{}s:9:\"fee_total\";s:1:\"0\";s:7:\"fee_tax\";d:0;s:9:\"fee_taxes\";a:0:{}s:5:\"total\";s:4:\"9642\";s:9:\"total_tax\";d:0;}\";s:15:\"applied_coupons\";s:6:\"a:0:{}\";s:22:\"coupon_discount_totals\";s:6:\"a:0:{}\";s:26:\"coupon_discount_tax_totals\";s:6:\"a:0:{}\";s:21:\"removed_cart_contents\";s:6:\"a:0:{}\";s:16:\"wca_session_data\";s:0:\"\";s:22:\"shipping_for_package_0\";s:382:\"a:2:{s:12:\"package_hash\";s:40:\"wc_ship_c200dbc8bc7ec53eb8f4373e7f4cb865\";s:5:\"rates\";a:1:{s:11:\"flat_rate:1\";O:16:\"WC_Shipping_Rate\":2:{s:7:\"\0*\0data\";a:6:{s:2:\"id\";s:11:\"flat_rate:1\";s:9:\"method_id\";s:9:\"flat_rate\";s:11:\"instance_id\";i:1;s:5:\"label\";s:3:\"GAM\";s:4:\"cost\";s:4:\"2500\";s:5:\"taxes\";a:0:{}}s:12:\"\0*\0meta_data\";a:1:{s:10:\"Artículos\";s:26:\"Té Verde Matcha &times; 2\";}}}}\";s:25:\"previous_shipping_methods\";s:39:\"a:1:{i:0;a:1:{i:0;s:11:\"flat_rate:1\";}}\";s:23:\"chosen_shipping_methods\";s:29:\"a:1:{i:0;s:11:\"flat_rate:1\";}\";s:22:\"shipping_method_counts\";s:14:\"a:1:{i:0;i:1;}\";s:10:\"wc_notices\";s:476:\"a:1:{s:7:\"success\";a:2:{i:0;a:2:{s:6:\"notice\";s:176:\"<a href=\"https://www.mondaisa.com/carrito/\" tabindex=\"1\" class=\"button wc-forward wp-element-button\">Ver carrito</a> &ldquo;Té Verde Matcha&rdquo; se ha añadido a tu carrito.\";s:4:\"data\";a:0:{}}i:1;a:2:{s:6:\"notice\";s:176:\"<a href=\"https://www.mondaisa.com/carrito/\" tabindex=\"1\" class=\"button wc-forward wp-element-button\">Ver carrito</a> &ldquo;Té Verde Matcha&rdquo; se ha añadido a tu carrito.\";s:4:\"data\";a:0:{}}}}\";s:8:\"customer\";s:718:\"a:27:{s:2:\"id\";s:1:\"0\";s:13:\"date_modified\";s:0:\"\";s:8:\"postcode\";s:0:\"\";s:4:\"city\";s:0:\"\";s:9:\"address_1\";s:0:\"\";s:7:\"address\";s:0:\"\";s:9:\"address_2\";s:0:\"\";s:5:\"state\";s:1:\"1\";s:7:\"country\";s:2:\"CR\";s:17:\"shipping_postcode\";s:0:\"\";s:13:\"shipping_city\";s:0:\"\";s:18:\"shipping_address_1\";s:0:\"\";s:16:\"shipping_address\";s:0:\"\";s:18:\"shipping_address_2\";s:0:\"\";s:14:\"shipping_state\";s:1:\"1\";s:16:\"shipping_country\";s:2:\"CR\";s:13:\"is_vat_exempt\";s:0:\"\";s:19:\"calculated_shipping\";s:0:\"\";s:10:\"first_name\";s:0:\"\";s:9:\"last_name\";s:0:\"\";s:7:\"company\";s:0:\"\";s:5:\"phone\";s:0:\"\";s:5:\"email\";s:0:\"\";s:19:\"shipping_first_name\";s:0:\"\";s:18:\"shipping_last_name\";s:0:\"\";s:16:\"shipping_company\";s:0:\"\";s:14:\"shipping_phone\";s:0:\"\";}\";}',1684891487),(15855,'t_962d2557be796a0a87c96747561849','a:13:{s:4:\"cart\";s:415:\"a:1:{s:32:\"704afe073992cbe4813cae2f7715336f\";a:11:{s:3:\"key\";s:32:\"704afe073992cbe4813cae2f7715336f\";s:10:\"product_id\";i:886;s:12:\"variation_id\";i:0;s:9:\"variation\";a:0:{}s:8:\"quantity\";i:1;s:9:\"data_hash\";s:32:\"b5c1d5ca8bae6d4896cf1807cdf763f0\";s:13:\"line_tax_data\";a:2:{s:8:\"subtotal\";a:0:{}s:5:\"total\";a:0:{}}s:13:\"line_subtotal\";d:3571;s:17:\"line_subtotal_tax\";d:0;s:10:\"line_total\";d:3571;s:8:\"line_tax\";d:0;}}\";s:11:\"cart_totals\";s:399:\"a:15:{s:8:\"subtotal\";s:4:\"3571\";s:12:\"subtotal_tax\";d:0;s:14:\"shipping_total\";s:4:\"2500\";s:12:\"shipping_tax\";d:0;s:14:\"shipping_taxes\";a:0:{}s:14:\"discount_total\";d:0;s:12:\"discount_tax\";d:0;s:19:\"cart_contents_total\";s:4:\"3571\";s:17:\"cart_contents_tax\";i:0;s:19:\"cart_contents_taxes\";a:0:{}s:9:\"fee_total\";s:1:\"0\";s:7:\"fee_tax\";d:0;s:9:\"fee_taxes\";a:0:{}s:5:\"total\";s:4:\"6071\";s:9:\"total_tax\";d:0;}\";s:15:\"applied_coupons\";s:6:\"a:0:{}\";s:22:\"coupon_discount_totals\";s:6:\"a:0:{}\";s:26:\"coupon_discount_tax_totals\";s:6:\"a:0:{}\";s:21:\"removed_cart_contents\";s:6:\"a:0:{}\";s:16:\"wca_session_data\";s:0:\"\";s:22:\"shipping_for_package_0\";s:382:\"a:2:{s:12:\"package_hash\";s:40:\"wc_ship_b1bc73a60bbb84b8acef1db0d1bd45ff\";s:5:\"rates\";a:1:{s:11:\"flat_rate:1\";O:16:\"WC_Shipping_Rate\":2:{s:7:\"\0*\0data\";a:6:{s:2:\"id\";s:11:\"flat_rate:1\";s:9:\"method_id\";s:9:\"flat_rate\";s:11:\"instance_id\";i:1;s:5:\"label\";s:3:\"GAM\";s:4:\"cost\";s:4:\"2500\";s:5:\"taxes\";a:0:{}}s:12:\"\0*\0meta_data\";a:1:{s:10:\"Artículos\";s:26:\"Té Verde Matcha &times; 1\";}}}}\";s:25:\"previous_shipping_methods\";s:39:\"a:1:{i:0;a:1:{i:0;s:11:\"flat_rate:1\";}}\";s:23:\"chosen_shipping_methods\";s:29:\"a:1:{i:0;s:11:\"flat_rate:1\";}\";s:22:\"shipping_method_counts\";s:14:\"a:1:{i:0;i:1;}\";s:10:\"wc_notices\";s:251:\"a:1:{s:7:\"success\";a:1:{i:0;a:2:{s:6:\"notice\";s:176:\"<a href=\"https://www.mondaisa.com/carrito/\" tabindex=\"1\" class=\"button wc-forward wp-element-button\">Ver carrito</a> &ldquo;Té Verde Matcha&rdquo; se ha añadido a tu carrito.\";s:4:\"data\";a:0:{}}}}\";s:8:\"customer\";s:718:\"a:27:{s:2:\"id\";s:1:\"0\";s:13:\"date_modified\";s:0:\"\";s:8:\"postcode\";s:0:\"\";s:4:\"city\";s:0:\"\";s:9:\"address_1\";s:0:\"\";s:7:\"address\";s:0:\"\";s:9:\"address_2\";s:0:\"\";s:5:\"state\";s:1:\"1\";s:7:\"country\";s:2:\"CR\";s:17:\"shipping_postcode\";s:0:\"\";s:13:\"shipping_city\";s:0:\"\";s:18:\"shipping_address_1\";s:0:\"\";s:16:\"shipping_address\";s:0:\"\";s:18:\"shipping_address_2\";s:0:\"\";s:14:\"shipping_state\";s:1:\"1\";s:16:\"shipping_country\";s:2:\"CR\";s:13:\"is_vat_exempt\";s:0:\"\";s:19:\"calculated_shipping\";s:0:\"\";s:10:\"first_name\";s:0:\"\";s:9:\"last_name\";s:0:\"\";s:7:\"company\";s:0:\"\";s:5:\"phone\";s:0:\"\";s:5:\"email\";s:0:\"\";s:19:\"shipping_first_name\";s:0:\"\";s:18:\"shipping_last_name\";s:0:\"\";s:16:\"shipping_company\";s:0:\"\";s:14:\"shipping_phone\";s:0:\"\";}\";}',1684784375),(15856,'t_2317ed3dca644a80ce4a7f595f05dd','a:13:{s:4:\"cart\";s:416:\"a:1:{s:32:\"273448411df1962cba1db6c05b3213c9\";a:11:{s:3:\"key\";s:32:\"273448411df1962cba1db6c05b3213c9\";s:10:\"product_id\";i:2331;s:12:\"variation_id\";i:0;s:9:\"variation\";a:0:{}s:8:\"quantity\";i:1;s:9:\"data_hash\";s:32:\"b5c1d5ca8bae6d4896cf1807cdf763f0\";s:13:\"line_tax_data\";a:2:{s:8:\"subtotal\";a:0:{}s:5:\"total\";a:0:{}}s:13:\"line_subtotal\";d:1611;s:17:\"line_subtotal_tax\";d:0;s:10:\"line_total\";d:1611;s:8:\"line_tax\";d:0;}}\";s:11:\"cart_totals\";s:399:\"a:15:{s:8:\"subtotal\";s:4:\"1611\";s:12:\"subtotal_tax\";d:0;s:14:\"shipping_total\";s:4:\"2500\";s:12:\"shipping_tax\";d:0;s:14:\"shipping_taxes\";a:0:{}s:14:\"discount_total\";d:0;s:12:\"discount_tax\";d:0;s:19:\"cart_contents_total\";s:4:\"1611\";s:17:\"cart_contents_tax\";i:0;s:19:\"cart_contents_taxes\";a:0:{}s:9:\"fee_total\";s:1:\"0\";s:7:\"fee_tax\";d:0;s:9:\"fee_taxes\";a:0:{}s:5:\"total\";s:4:\"4111\";s:9:\"total_tax\";d:0;}\";s:15:\"applied_coupons\";s:6:\"a:0:{}\";s:22:\"coupon_discount_totals\";s:6:\"a:0:{}\";s:26:\"coupon_discount_tax_totals\";s:6:\"a:0:{}\";s:21:\"removed_cart_contents\";s:6:\"a:0:{}\";s:16:\"wca_session_data\";s:0:\"\";s:22:\"shipping_for_package_0\";s:397:\"a:2:{s:12:\"package_hash\";s:40:\"wc_ship_1693054b5077b8b44cd1c10b821a6118\";s:5:\"rates\";a:1:{s:11:\"flat_rate:1\";O:16:\"WC_Shipping_Rate\":2:{s:7:\"\0*\0data\";a:6:{s:2:\"id\";s:11:\"flat_rate:1\";s:9:\"method_id\";s:9:\"flat_rate\";s:11:\"instance_id\";i:1;s:5:\"label\";s:3:\"GAM\";s:4:\"cost\";s:4:\"2500\";s:5:\"taxes\";a:0:{}}s:12:\"\0*\0meta_data\";a:1:{s:10:\"Artículos\";s:41:\"Té Manzanilla, Jengibre & Miel &times; 1\";}}}}\";s:25:\"previous_shipping_methods\";s:39:\"a:1:{i:0;a:1:{i:0;s:11:\"flat_rate:1\";}}\";s:23:\"chosen_shipping_methods\";s:29:\"a:1:{i:0;s:11:\"flat_rate:1\";}\";s:22:\"shipping_method_counts\";s:14:\"a:1:{i:0;i:1;}\";s:8:\"customer\";s:718:\"a:27:{s:2:\"id\";s:1:\"0\";s:13:\"date_modified\";s:0:\"\";s:8:\"postcode\";s:0:\"\";s:4:\"city\";s:0:\"\";s:9:\"address_1\";s:0:\"\";s:7:\"address\";s:0:\"\";s:9:\"address_2\";s:0:\"\";s:5:\"state\";s:1:\"1\";s:7:\"country\";s:2:\"CR\";s:17:\"shipping_postcode\";s:0:\"\";s:13:\"shipping_city\";s:0:\"\";s:18:\"shipping_address_1\";s:0:\"\";s:16:\"shipping_address\";s:0:\"\";s:18:\"shipping_address_2\";s:0:\"\";s:14:\"shipping_state\";s:1:\"1\";s:16:\"shipping_country\";s:2:\"CR\";s:13:\"is_vat_exempt\";s:0:\"\";s:19:\"calculated_shipping\";s:0:\"\";s:10:\"first_name\";s:0:\"\";s:9:\"last_name\";s:0:\"\";s:7:\"company\";s:0:\"\";s:5:\"phone\";s:0:\"\";s:5:\"email\";s:0:\"\";s:19:\"shipping_first_name\";s:0:\"\";s:18:\"shipping_last_name\";s:0:\"\";s:16:\"shipping_company\";s:0:\"\";s:14:\"shipping_phone\";s:0:\"\";}\";s:21:\"chosen_payment_method\";s:7:\"tilopay\";}',1684811676),(15857,'t_ce5bdde6c0770aa162a3b808b7ba84','a:13:{s:4:\"cart\";s:415:\"a:1:{s:32:\"c8fbbc86abe8bd6a5eb6a3b4d0411301\";a:11:{s:3:\"key\";s:32:\"c8fbbc86abe8bd6a5eb6a3b4d0411301\";s:10:\"product_id\";i:906;s:12:\"variation_id\";i:0;s:9:\"variation\";a:0:{}s:8:\"quantity\";i:1;s:9:\"data_hash\";s:32:\"b5c1d5ca8bae6d4896cf1807cdf763f0\";s:13:\"line_tax_data\";a:2:{s:8:\"subtotal\";a:0:{}s:5:\"total\";a:0:{}}s:13:\"line_subtotal\";d:1694;s:17:\"line_subtotal_tax\";d:0;s:10:\"line_total\";d:1694;s:8:\"line_tax\";d:0;}}\";s:11:\"cart_totals\";s:399:\"a:15:{s:8:\"subtotal\";s:4:\"1694\";s:12:\"subtotal_tax\";d:0;s:14:\"shipping_total\";s:4:\"2500\";s:12:\"shipping_tax\";d:0;s:14:\"shipping_taxes\";a:0:{}s:14:\"discount_total\";d:0;s:12:\"discount_tax\";d:0;s:19:\"cart_contents_total\";s:4:\"1694\";s:17:\"cart_contents_tax\";i:0;s:19:\"cart_contents_taxes\";a:0:{}s:9:\"fee_total\";s:1:\"0\";s:7:\"fee_tax\";d:0;s:9:\"fee_taxes\";a:0:{}s:5:\"total\";s:4:\"4194\";s:9:\"total_tax\";d:0;}\";s:15:\"applied_coupons\";s:6:\"a:0:{}\";s:22:\"coupon_discount_totals\";s:6:\"a:0:{}\";s:26:\"coupon_discount_tax_totals\";s:6:\"a:0:{}\";s:21:\"removed_cart_contents\";s:6:\"a:0:{}\";s:16:\"wca_session_data\";s:0:\"\";s:22:\"shipping_for_package_0\";s:389:\"a:2:{s:12:\"package_hash\";s:40:\"wc_ship_8e365a3759b75fece016c18a50b821bc\";s:5:\"rates\";a:1:{s:11:\"flat_rate:1\";O:16:\"WC_Shipping_Rate\":2:{s:7:\"\0*\0data\";a:6:{s:2:\"id\";s:11:\"flat_rate:1\";s:9:\"method_id\";s:9:\"flat_rate\";s:11:\"instance_id\";i:1;s:5:\"label\";s:3:\"GAM\";s:4:\"cost\";s:4:\"2500\";s:5:\"taxes\";a:0:{}}s:12:\"\0*\0meta_data\";a:1:{s:10:\"Artículos\";s:33:\"Té Cacao - 20 bolsitas &times; 1\";}}}}\";s:25:\"previous_shipping_methods\";s:39:\"a:1:{i:0;a:1:{i:0;s:11:\"flat_rate:1\";}}\";s:23:\"chosen_shipping_methods\";s:29:\"a:1:{i:0;s:11:\"flat_rate:1\";}\";s:22:\"shipping_method_counts\";s:14:\"a:1:{i:0;i:1;}\";s:8:\"customer\";s:718:\"a:27:{s:2:\"id\";s:1:\"0\";s:13:\"date_modified\";s:0:\"\";s:8:\"postcode\";s:0:\"\";s:4:\"city\";s:0:\"\";s:9:\"address_1\";s:0:\"\";s:7:\"address\";s:0:\"\";s:9:\"address_2\";s:0:\"\";s:5:\"state\";s:1:\"1\";s:7:\"country\";s:2:\"CR\";s:17:\"shipping_postcode\";s:0:\"\";s:13:\"shipping_city\";s:0:\"\";s:18:\"shipping_address_1\";s:0:\"\";s:16:\"shipping_address\";s:0:\"\";s:18:\"shipping_address_2\";s:0:\"\";s:14:\"shipping_state\";s:1:\"1\";s:16:\"shipping_country\";s:2:\"CR\";s:13:\"is_vat_exempt\";s:0:\"\";s:19:\"calculated_shipping\";s:0:\"\";s:10:\"first_name\";s:0:\"\";s:9:\"last_name\";s:0:\"\";s:7:\"company\";s:0:\"\";s:5:\"phone\";s:0:\"\";s:5:\"email\";s:0:\"\";s:19:\"shipping_first_name\";s:0:\"\";s:18:\"shipping_last_name\";s:0:\"\";s:16:\"shipping_company\";s:0:\"\";s:14:\"shipping_phone\";s:0:\"\";}\";s:21:\"chosen_payment_method\";s:7:\"tilopay\";}',1684858118),(15858,'t_b653e75520b5a8dcf15cf60c0dde8d','a:13:{s:4:\"cart\";s:415:\"a:1:{s:32:\"3df1d4b96d8976ff5986393e8767f5b2\";a:11:{s:3:\"key\";s:32:\"3df1d4b96d8976ff5986393e8767f5b2\";s:10:\"product_id\";i:939;s:12:\"variation_id\";i:0;s:9:\"variation\";a:0:{}s:8:\"quantity\";i:1;s:9:\"data_hash\";s:32:\"b5c1d5ca8bae6d4896cf1807cdf763f0\";s:13:\"line_tax_data\";a:2:{s:8:\"subtotal\";a:0:{}s:5:\"total\";a:0:{}}s:13:\"line_subtotal\";d:3531;s:17:\"line_subtotal_tax\";d:0;s:10:\"line_total\";d:3531;s:8:\"line_tax\";d:0;}}\";s:11:\"cart_totals\";s:399:\"a:15:{s:8:\"subtotal\";s:4:\"3531\";s:12:\"subtotal_tax\";d:0;s:14:\"shipping_total\";s:4:\"2500\";s:12:\"shipping_tax\";d:0;s:14:\"shipping_taxes\";a:0:{}s:14:\"discount_total\";d:0;s:12:\"discount_tax\";d:0;s:19:\"cart_contents_total\";s:4:\"3531\";s:17:\"cart_contents_tax\";i:0;s:19:\"cart_contents_taxes\";a:0:{}s:9:\"fee_total\";s:1:\"0\";s:7:\"fee_tax\";d:0;s:9:\"fee_taxes\";a:0:{}s:5:\"total\";s:4:\"6031\";s:9:\"total_tax\";d:0;}\";s:15:\"applied_coupons\";s:6:\"a:0:{}\";s:22:\"coupon_discount_totals\";s:6:\"a:0:{}\";s:26:\"coupon_discount_tax_totals\";s:6:\"a:0:{}\";s:21:\"removed_cart_contents\";s:6:\"a:0:{}\";s:16:\"wca_session_data\";s:233:\"a:2:{i:0;a:3:{s:5:\"event\";s:33:\"woocommerceanalytics_product_view\";s:10:\"product_id\";s:3:\"939\";s:8:\"quantity\";s:1:\"1\";}i:1;a:3:{s:5:\"event\";s:32:\"woocommerceanalytics_add_to_cart\";s:10:\"product_id\";s:3:\"939\";s:8:\"quantity\";s:1:\"1\";}}\";s:22:\"shipping_for_package_0\";s:387:\"a:2:{s:12:\"package_hash\";s:40:\"wc_ship_461214a573cd523daadae9c4820fa15d\";s:5:\"rates\";a:1:{s:11:\"flat_rate:1\";O:16:\"WC_Shipping_Rate\":2:{s:7:\"\0*\0data\";a:6:{s:2:\"id\";s:11:\"flat_rate:1\";s:9:\"method_id\";s:9:\"flat_rate\";s:11:\"instance_id\";i:1;s:5:\"label\";s:3:\"GAM\";s:4:\"cost\";s:4:\"2500\";s:5:\"taxes\";a:0:{}}s:12:\"\0*\0meta_data\";a:1:{s:10:\"Artículos\";s:31:\"Polen de Abeja - 125g &times; 1\";}}}}\";s:25:\"previous_shipping_methods\";s:39:\"a:1:{i:0;a:1:{i:0;s:11:\"flat_rate:1\";}}\";s:23:\"chosen_shipping_methods\";s:29:\"a:1:{i:0;s:11:\"flat_rate:1\";}\";s:22:\"shipping_method_counts\";s:14:\"a:1:{i:0;i:1;}\";s:10:\"wc_notices\";s:262:\"a:1:{s:7:\"success\";a:1:{i:0;a:2:{s:6:\"notice\";s:187:\"<a href=\"https://www.mondaisa.com/carrito/\" tabindex=\"1\" class=\"button wc-forward wp-element-button\">Ver carrito</a> &ldquo;Polen de Abeja &#8211; 125g&rdquo; se ha añadido a tu carrito.\";s:4:\"data\";a:0:{}}}}\";s:8:\"customer\";s:718:\"a:27:{s:2:\"id\";s:1:\"0\";s:13:\"date_modified\";s:0:\"\";s:8:\"postcode\";s:0:\"\";s:4:\"city\";s:0:\"\";s:9:\"address_1\";s:0:\"\";s:7:\"address\";s:0:\"\";s:9:\"address_2\";s:0:\"\";s:5:\"state\";s:1:\"1\";s:7:\"country\";s:2:\"CR\";s:17:\"shipping_postcode\";s:0:\"\";s:13:\"shipping_city\";s:0:\"\";s:18:\"shipping_address_1\";s:0:\"\";s:16:\"shipping_address\";s:0:\"\";s:18:\"shipping_address_2\";s:0:\"\";s:14:\"shipping_state\";s:1:\"1\";s:16:\"shipping_country\";s:2:\"CR\";s:13:\"is_vat_exempt\";s:0:\"\";s:19:\"calculated_shipping\";s:0:\"\";s:10:\"first_name\";s:0:\"\";s:9:\"last_name\";s:0:\"\";s:7:\"company\";s:0:\"\";s:5:\"phone\";s:0:\"\";s:5:\"email\";s:0:\"\";s:19:\"shipping_first_name\";s:0:\"\";s:18:\"shipping_last_name\";s:0:\"\";s:16:\"shipping_company\";s:0:\"\";s:14:\"shipping_phone\";s:0:\"\";}\";}',1684862245),(15859,'t_fba35103fc66ea8bd82cc207f3ebca','a:13:{s:4:\"cart\";s:421:\"a:1:{s:32:\"b55ec28c52d5f6205684a473a2193564\";a:11:{s:3:\"key\";s:32:\"b55ec28c52d5f6205684a473a2193564\";s:10:\"product_id\";i:942;s:12:\"variation_id\";i:0;s:9:\"variation\";a:0:{}s:8:\"quantity\";i:1;s:9:\"data_hash\";s:32:\"b5c1d5ca8bae6d4896cf1807cdf763f0\";s:13:\"line_tax_data\";a:2:{s:8:\"subtotal\";a:0:{}s:5:\"total\";a:0:{}}s:13:\"line_subtotal\";d:3083.63;s:17:\"line_subtotal_tax\";d:0;s:10:\"line_total\";d:3083.63;s:8:\"line_tax\";d:0;}}\";s:11:\"cart_totals\";s:399:\"a:15:{s:8:\"subtotal\";s:4:\"3084\";s:12:\"subtotal_tax\";d:0;s:14:\"shipping_total\";s:4:\"2500\";s:12:\"shipping_tax\";d:0;s:14:\"shipping_taxes\";a:0:{}s:14:\"discount_total\";d:0;s:12:\"discount_tax\";d:0;s:19:\"cart_contents_total\";s:4:\"3084\";s:17:\"cart_contents_tax\";i:0;s:19:\"cart_contents_taxes\";a:0:{}s:9:\"fee_total\";s:1:\"0\";s:7:\"fee_tax\";d:0;s:9:\"fee_taxes\";a:0:{}s:5:\"total\";s:4:\"5584\";s:9:\"total_tax\";d:0;}\";s:15:\"applied_coupons\";s:6:\"a:0:{}\";s:22:\"coupon_discount_totals\";s:6:\"a:0:{}\";s:26:\"coupon_discount_tax_totals\";s:6:\"a:0:{}\";s:21:\"removed_cart_contents\";s:6:\"a:0:{}\";s:16:\"wca_session_data\";s:233:\"a:2:{i:0;a:3:{s:5:\"event\";s:33:\"woocommerceanalytics_product_view\";s:10:\"product_id\";s:3:\"942\";s:8:\"quantity\";s:1:\"1\";}i:1;a:3:{s:5:\"event\";s:32:\"woocommerceanalytics_add_to_cart\";s:10:\"product_id\";s:3:\"942\";s:8:\"quantity\";s:1:\"1\";}}\";s:22:\"shipping_for_package_0\";s:386:\"a:2:{s:12:\"package_hash\";s:40:\"wc_ship_84b31a665bd59b74fde6cd5956d46e1e\";s:5:\"rates\";a:1:{s:11:\"flat_rate:1\";O:16:\"WC_Shipping_Rate\":2:{s:7:\"\0*\0data\";a:6:{s:2:\"id\";s:11:\"flat_rate:1\";s:9:\"method_id\";s:9:\"flat_rate\";s:11:\"instance_id\";i:1;s:5:\"label\";s:3:\"GAM\";s:4:\"cost\";s:4:\"2500\";s:5:\"taxes\";a:0:{}}s:12:\"\0*\0meta_data\";a:1:{s:10:\"Artículos\";s:30:\"Miel de Abeja - 500g &times; 1\";}}}}\";s:25:\"previous_shipping_methods\";s:39:\"a:1:{i:0;a:1:{i:0;s:11:\"flat_rate:1\";}}\";s:23:\"chosen_shipping_methods\";s:29:\"a:1:{i:0;s:11:\"flat_rate:1\";}\";s:22:\"shipping_method_counts\";s:14:\"a:1:{i:0;i:1;}\";s:10:\"wc_notices\";s:261:\"a:1:{s:7:\"success\";a:1:{i:0;a:2:{s:6:\"notice\";s:186:\"<a href=\"https://www.mondaisa.com/carrito/\" tabindex=\"1\" class=\"button wc-forward wp-element-button\">Ver carrito</a> &ldquo;Miel de Abeja &#8211; 500g&rdquo; se ha añadido a tu carrito.\";s:4:\"data\";a:0:{}}}}\";s:8:\"customer\";s:718:\"a:27:{s:2:\"id\";s:1:\"0\";s:13:\"date_modified\";s:0:\"\";s:8:\"postcode\";s:0:\"\";s:4:\"city\";s:0:\"\";s:9:\"address_1\";s:0:\"\";s:7:\"address\";s:0:\"\";s:9:\"address_2\";s:0:\"\";s:5:\"state\";s:1:\"1\";s:7:\"country\";s:2:\"CR\";s:17:\"shipping_postcode\";s:0:\"\";s:13:\"shipping_city\";s:0:\"\";s:18:\"shipping_address_1\";s:0:\"\";s:16:\"shipping_address\";s:0:\"\";s:18:\"shipping_address_2\";s:0:\"\";s:14:\"shipping_state\";s:1:\"1\";s:16:\"shipping_country\";s:2:\"CR\";s:13:\"is_vat_exempt\";s:0:\"\";s:19:\"calculated_shipping\";s:0:\"\";s:10:\"first_name\";s:0:\"\";s:9:\"last_name\";s:0:\"\";s:7:\"company\";s:0:\"\";s:5:\"phone\";s:0:\"\";s:5:\"email\";s:0:\"\";s:19:\"shipping_first_name\";s:0:\"\";s:18:\"shipping_last_name\";s:0:\"\";s:16:\"shipping_company\";s:0:\"\";s:14:\"shipping_phone\";s:0:\"\";}\";}',1684862254),(15860,'t_d559098488d3339c712fb85ad5d7ea','a:13:{s:4:\"cart\";s:415:\"a:1:{s:32:\"c2aee86157b4a40b78132f1e71a9e6f1\";a:11:{s:3:\"key\";s:32:\"c2aee86157b4a40b78132f1e71a9e6f1\";s:10:\"product_id\";i:892;s:12:\"variation_id\";i:0;s:9:\"variation\";a:0:{}s:8:\"quantity\";i:1;s:9:\"data_hash\";s:32:\"b5c1d5ca8bae6d4896cf1807cdf763f0\";s:13:\"line_tax_data\";a:2:{s:8:\"subtotal\";a:0:{}s:5:\"total\";a:0:{}}s:13:\"line_subtotal\";d:1515;s:17:\"line_subtotal_tax\";d:0;s:10:\"line_total\";d:1515;s:8:\"line_tax\";d:0;}}\";s:11:\"cart_totals\";s:399:\"a:15:{s:8:\"subtotal\";s:4:\"1515\";s:12:\"subtotal_tax\";d:0;s:14:\"shipping_total\";s:4:\"2500\";s:12:\"shipping_tax\";d:0;s:14:\"shipping_taxes\";a:0:{}s:14:\"discount_total\";d:0;s:12:\"discount_tax\";d:0;s:19:\"cart_contents_total\";s:4:\"1515\";s:17:\"cart_contents_tax\";i:0;s:19:\"cart_contents_taxes\";a:0:{}s:9:\"fee_total\";s:1:\"0\";s:7:\"fee_tax\";d:0;s:9:\"fee_taxes\";a:0:{}s:5:\"total\";s:4:\"4015\";s:9:\"total_tax\";d:0;}\";s:15:\"applied_coupons\";s:6:\"a:0:{}\";s:22:\"coupon_discount_totals\";s:6:\"a:0:{}\";s:26:\"coupon_discount_tax_totals\";s:6:\"a:0:{}\";s:21:\"removed_cart_contents\";s:6:\"a:0:{}\";s:16:\"wca_session_data\";s:233:\"a:2:{i:0;a:3:{s:5:\"event\";s:33:\"woocommerceanalytics_product_view\";s:10:\"product_id\";s:3:\"892\";s:8:\"quantity\";s:1:\"1\";}i:1;a:3:{s:5:\"event\";s:32:\"woocommerceanalytics_add_to_cart\";s:10:\"product_id\";s:3:\"892\";s:8:\"quantity\";s:1:\"1\";}}\";s:22:\"shipping_for_package_0\";s:399:\"a:2:{s:12:\"package_hash\";s:40:\"wc_ship_232ab5daa0de1d7aa96c450866bfe82f\";s:5:\"rates\";a:1:{s:11:\"flat_rate:1\";O:16:\"WC_Shipping_Rate\":2:{s:7:\"\0*\0data\";a:6:{s:2:\"id\";s:11:\"flat_rate:1\";s:9:\"method_id\";s:9:\"flat_rate\";s:11:\"instance_id\";i:1;s:5:\"label\";s:3:\"GAM\";s:4:\"cost\";s:4:\"2500\";s:5:\"taxes\";a:0:{}}s:12:\"\0*\0meta_data\";a:1:{s:10:\"Artículos\";s:43:\"Té Verde con Piña - 20 bolsitas &times; 1\";}}}}\";s:25:\"previous_shipping_methods\";s:39:\"a:1:{i:0;a:1:{i:0;s:11:\"flat_rate:1\";}}\";s:23:\"chosen_shipping_methods\";s:29:\"a:1:{i:0;s:11:\"flat_rate:1\";}\";s:22:\"shipping_method_counts\";s:14:\"a:1:{i:0;i:1;}\";s:10:\"wc_notices\";s:274:\"a:1:{s:7:\"success\";a:1:{i:0;a:2:{s:6:\"notice\";s:199:\"<a href=\"https://www.mondaisa.com/carrito/\" tabindex=\"1\" class=\"button wc-forward wp-element-button\">Ver carrito</a> &ldquo;Té Verde con Piña &#8211; 20 bolsitas&rdquo; se ha añadido a tu carrito.\";s:4:\"data\";a:0:{}}}}\";s:8:\"customer\";s:718:\"a:27:{s:2:\"id\";s:1:\"0\";s:13:\"date_modified\";s:0:\"\";s:8:\"postcode\";s:0:\"\";s:4:\"city\";s:0:\"\";s:9:\"address_1\";s:0:\"\";s:7:\"address\";s:0:\"\";s:9:\"address_2\";s:0:\"\";s:5:\"state\";s:1:\"1\";s:7:\"country\";s:2:\"CR\";s:17:\"shipping_postcode\";s:0:\"\";s:13:\"shipping_city\";s:0:\"\";s:18:\"shipping_address_1\";s:0:\"\";s:16:\"shipping_address\";s:0:\"\";s:18:\"shipping_address_2\";s:0:\"\";s:14:\"shipping_state\";s:1:\"1\";s:16:\"shipping_country\";s:2:\"CR\";s:13:\"is_vat_exempt\";s:0:\"\";s:19:\"calculated_shipping\";s:0:\"\";s:10:\"first_name\";s:0:\"\";s:9:\"last_name\";s:0:\"\";s:7:\"company\";s:0:\"\";s:5:\"phone\";s:0:\"\";s:5:\"email\";s:0:\"\";s:19:\"shipping_first_name\";s:0:\"\";s:18:\"shipping_last_name\";s:0:\"\";s:16:\"shipping_company\";s:0:\"\";s:14:\"shipping_phone\";s:0:\"\";}\";}',1684872132),(15861,'t_cf5723422d98a5eb66bdfd626a0213','a:13:{s:4:\"cart\";s:415:\"a:1:{s:32:\"c2aee86157b4a40b78132f1e71a9e6f1\";a:11:{s:3:\"key\";s:32:\"c2aee86157b4a40b78132f1e71a9e6f1\";s:10:\"product_id\";i:892;s:12:\"variation_id\";i:0;s:9:\"variation\";a:0:{}s:8:\"quantity\";i:1;s:9:\"data_hash\";s:32:\"b5c1d5ca8bae6d4896cf1807cdf763f0\";s:13:\"line_tax_data\";a:2:{s:8:\"subtotal\";a:0:{}s:5:\"total\";a:0:{}}s:13:\"line_subtotal\";d:1515;s:17:\"line_subtotal_tax\";d:0;s:10:\"line_total\";d:1515;s:8:\"line_tax\";d:0;}}\";s:11:\"cart_totals\";s:399:\"a:15:{s:8:\"subtotal\";s:4:\"1515\";s:12:\"subtotal_tax\";d:0;s:14:\"shipping_total\";s:4:\"2500\";s:12:\"shipping_tax\";d:0;s:14:\"shipping_taxes\";a:0:{}s:14:\"discount_total\";d:0;s:12:\"discount_tax\";d:0;s:19:\"cart_contents_total\";s:4:\"1515\";s:17:\"cart_contents_tax\";i:0;s:19:\"cart_contents_taxes\";a:0:{}s:9:\"fee_total\";s:1:\"0\";s:7:\"fee_tax\";d:0;s:9:\"fee_taxes\";a:0:{}s:5:\"total\";s:4:\"4015\";s:9:\"total_tax\";d:0;}\";s:15:\"applied_coupons\";s:6:\"a:0:{}\";s:22:\"coupon_discount_totals\";s:6:\"a:0:{}\";s:26:\"coupon_discount_tax_totals\";s:6:\"a:0:{}\";s:21:\"removed_cart_contents\";s:6:\"a:0:{}\";s:16:\"wca_session_data\";s:0:\"\";s:22:\"shipping_for_package_0\";s:399:\"a:2:{s:12:\"package_hash\";s:40:\"wc_ship_232ab5daa0de1d7aa96c450866bfe82f\";s:5:\"rates\";a:1:{s:11:\"flat_rate:1\";O:16:\"WC_Shipping_Rate\":2:{s:7:\"\0*\0data\";a:6:{s:2:\"id\";s:11:\"flat_rate:1\";s:9:\"method_id\";s:9:\"flat_rate\";s:11:\"instance_id\";i:1;s:5:\"label\";s:3:\"GAM\";s:4:\"cost\";s:4:\"2500\";s:5:\"taxes\";a:0:{}}s:12:\"\0*\0meta_data\";a:1:{s:10:\"Artículos\";s:43:\"Té Verde con Piña - 20 bolsitas &times; 1\";}}}}\";s:25:\"previous_shipping_methods\";s:39:\"a:1:{i:0;a:1:{i:0;s:11:\"flat_rate:1\";}}\";s:23:\"chosen_shipping_methods\";s:29:\"a:1:{i:0;s:11:\"flat_rate:1\";}\";s:22:\"shipping_method_counts\";s:14:\"a:1:{i:0;i:1;}\";s:10:\"wc_notices\";s:274:\"a:1:{s:7:\"success\";a:1:{i:0;a:2:{s:6:\"notice\";s:199:\"<a href=\"https://www.mondaisa.com/carrito/\" tabindex=\"1\" class=\"button wc-forward wp-element-button\">Ver carrito</a> &ldquo;Té Verde con Piña &#8211; 20 bolsitas&rdquo; se ha añadido a tu carrito.\";s:4:\"data\";a:0:{}}}}\";s:8:\"customer\";s:718:\"a:27:{s:2:\"id\";s:1:\"0\";s:13:\"date_modified\";s:0:\"\";s:8:\"postcode\";s:0:\"\";s:4:\"city\";s:0:\"\";s:9:\"address_1\";s:0:\"\";s:7:\"address\";s:0:\"\";s:9:\"address_2\";s:0:\"\";s:5:\"state\";s:1:\"1\";s:7:\"country\";s:2:\"CR\";s:17:\"shipping_postcode\";s:0:\"\";s:13:\"shipping_city\";s:0:\"\";s:18:\"shipping_address_1\";s:0:\"\";s:16:\"shipping_address\";s:0:\"\";s:18:\"shipping_address_2\";s:0:\"\";s:14:\"shipping_state\";s:1:\"1\";s:16:\"shipping_country\";s:2:\"CR\";s:13:\"is_vat_exempt\";s:0:\"\";s:19:\"calculated_shipping\";s:0:\"\";s:10:\"first_name\";s:0:\"\";s:9:\"last_name\";s:0:\"\";s:7:\"company\";s:0:\"\";s:5:\"phone\";s:0:\"\";s:5:\"email\";s:0:\"\";s:19:\"shipping_first_name\";s:0:\"\";s:18:\"shipping_last_name\";s:0:\"\";s:16:\"shipping_company\";s:0:\"\";s:14:\"shipping_phone\";s:0:\"\";}\";}',1684872142),(15864,'t_43dccbd14a1989cbb5397c3abe6c49','a:13:{s:4:\"cart\";s:415:\"a:1:{s:32:\"10a7cdd970fe135cf4f7bb55c0e3b59f\";a:11:{s:3:\"key\";s:32:\"10a7cdd970fe135cf4f7bb55c0e3b59f\";s:10:\"product_id\";i:512;s:12:\"variation_id\";i:0;s:9:\"variation\";a:0:{}s:8:\"quantity\";i:1;s:9:\"data_hash\";s:32:\"b5c1d5ca8bae6d4896cf1807cdf763f0\";s:13:\"line_tax_data\";a:2:{s:8:\"subtotal\";a:0:{}s:5:\"total\";a:0:{}}s:13:\"line_subtotal\";d:1336;s:17:\"line_subtotal_tax\";d:0;s:10:\"line_total\";d:1336;s:8:\"line_tax\";d:0;}}\";s:11:\"cart_totals\";s:399:\"a:15:{s:8:\"subtotal\";s:4:\"1336\";s:12:\"subtotal_tax\";d:0;s:14:\"shipping_total\";s:4:\"2500\";s:12:\"shipping_tax\";d:0;s:14:\"shipping_taxes\";a:0:{}s:14:\"discount_total\";d:0;s:12:\"discount_tax\";d:0;s:19:\"cart_contents_total\";s:4:\"1336\";s:17:\"cart_contents_tax\";i:0;s:19:\"cart_contents_taxes\";a:0:{}s:9:\"fee_total\";s:1:\"0\";s:7:\"fee_tax\";d:0;s:9:\"fee_taxes\";a:0:{}s:5:\"total\";s:4:\"3836\";s:9:\"total_tax\";d:0;}\";s:15:\"applied_coupons\";s:6:\"a:0:{}\";s:22:\"coupon_discount_totals\";s:6:\"a:0:{}\";s:26:\"coupon_discount_tax_totals\";s:6:\"a:0:{}\";s:21:\"removed_cart_contents\";s:6:\"a:0:{}\";s:16:\"wca_session_data\";s:233:\"a:2:{i:0;a:3:{s:5:\"event\";s:33:\"woocommerceanalytics_product_view\";s:10:\"product_id\";s:3:\"512\";s:8:\"quantity\";s:1:\"1\";}i:1;a:3:{s:5:\"event\";s:32:\"woocommerceanalytics_add_to_cart\";s:10:\"product_id\";s:3:\"512\";s:8:\"quantity\";s:1:\"1\";}}\";s:22:\"shipping_for_package_0\";s:392:\"a:2:{s:12:\"package_hash\";s:40:\"wc_ship_61a9aec22d2a3777be6cb4623e451f2b\";s:5:\"rates\";a:1:{s:11:\"flat_rate:1\";O:16:\"WC_Shipping_Rate\":2:{s:7:\"\0*\0data\";a:6:{s:2:\"id\";s:11:\"flat_rate:1\";s:9:\"method_id\";s:9:\"flat_rate\";s:11:\"instance_id\";i:1;s:5:\"label\";s:3:\"GAM\";s:4:\"cost\";s:4:\"2500\";s:5:\"taxes\";a:0:{}}s:12:\"\0*\0meta_data\";a:1:{s:10:\"Artículos\";s:36:\"Té X-Pect® - 25 bolsitas &times; 1\";}}}}\";s:25:\"previous_shipping_methods\";s:39:\"a:1:{i:0;a:1:{i:0;s:11:\"flat_rate:1\";}}\";s:23:\"chosen_shipping_methods\";s:29:\"a:1:{i:0;s:11:\"flat_rate:1\";}\";s:22:\"shipping_method_counts\";s:14:\"a:1:{i:0;i:1;}\";s:10:\"wc_notices\";s:267:\"a:1:{s:7:\"success\";a:1:{i:0;a:2:{s:6:\"notice\";s:192:\"<a href=\"https://www.mondaisa.com/carrito/\" tabindex=\"1\" class=\"button wc-forward wp-element-button\">Ver carrito</a> &ldquo;Té X-Pect® &#8211; 25 bolsitas&rdquo; se ha añadido a tu carrito.\";s:4:\"data\";a:0:{}}}}\";s:8:\"customer\";s:718:\"a:27:{s:2:\"id\";s:1:\"0\";s:13:\"date_modified\";s:0:\"\";s:8:\"postcode\";s:0:\"\";s:4:\"city\";s:0:\"\";s:9:\"address_1\";s:0:\"\";s:7:\"address\";s:0:\"\";s:9:\"address_2\";s:0:\"\";s:5:\"state\";s:1:\"1\";s:7:\"country\";s:2:\"CR\";s:17:\"shipping_postcode\";s:0:\"\";s:13:\"shipping_city\";s:0:\"\";s:18:\"shipping_address_1\";s:0:\"\";s:16:\"shipping_address\";s:0:\"\";s:18:\"shipping_address_2\";s:0:\"\";s:14:\"shipping_state\";s:1:\"1\";s:16:\"shipping_country\";s:2:\"CR\";s:13:\"is_vat_exempt\";s:0:\"\";s:19:\"calculated_shipping\";s:0:\"\";s:10:\"first_name\";s:0:\"\";s:9:\"last_name\";s:0:\"\";s:7:\"company\";s:0:\"\";s:5:\"phone\";s:0:\"\";s:5:\"email\";s:0:\"\";s:19:\"shipping_first_name\";s:0:\"\";s:18:\"shipping_last_name\";s:0:\"\";s:16:\"shipping_company\";s:0:\"\";s:14:\"shipping_phone\";s:0:\"\";}\";}',1684887397),(15862,'t_c332314c35b7fff343b38a3f883bdf','a:13:{s:4:\"cart\";s:415:\"a:1:{s:32:\"e205ee2a5de471a70c1fd1b46033a75f\";a:11:{s:3:\"key\";s:32:\"e205ee2a5de471a70c1fd1b46033a75f\";s:10:\"product_id\";i:910;s:12:\"variation_id\";i:0;s:9:\"variation\";a:0:{}s:8:\"quantity\";i:1;s:9:\"data_hash\";s:32:\"b5c1d5ca8bae6d4896cf1807cdf763f0\";s:13:\"line_tax_data\";a:2:{s:8:\"subtotal\";a:0:{}s:5:\"total\";a:0:{}}s:13:\"line_subtotal\";d:1426;s:17:\"line_subtotal_tax\";d:0;s:10:\"line_total\";d:1426;s:8:\"line_tax\";d:0;}}\";s:11:\"cart_totals\";s:399:\"a:15:{s:8:\"subtotal\";s:4:\"1426\";s:12:\"subtotal_tax\";d:0;s:14:\"shipping_total\";s:4:\"2500\";s:12:\"shipping_tax\";d:0;s:14:\"shipping_taxes\";a:0:{}s:14:\"discount_total\";d:0;s:12:\"discount_tax\";d:0;s:19:\"cart_contents_total\";s:4:\"1426\";s:17:\"cart_contents_tax\";i:0;s:19:\"cart_contents_taxes\";a:0:{}s:9:\"fee_total\";s:1:\"0\";s:7:\"fee_tax\";d:0;s:9:\"fee_taxes\";a:0:{}s:5:\"total\";s:4:\"3926\";s:9:\"total_tax\";d:0;}\";s:15:\"applied_coupons\";s:6:\"a:0:{}\";s:22:\"coupon_discount_totals\";s:6:\"a:0:{}\";s:26:\"coupon_discount_tax_totals\";s:6:\"a:0:{}\";s:21:\"removed_cart_contents\";s:6:\"a:0:{}\";s:16:\"wca_session_data\";s:233:\"a:2:{i:0;a:3:{s:5:\"event\";s:33:\"woocommerceanalytics_product_view\";s:10:\"product_id\";s:3:\"910\";s:8:\"quantity\";s:1:\"1\";}i:1;a:3:{s:5:\"event\";s:32:\"woocommerceanalytics_add_to_cart\";s:10:\"product_id\";s:3:\"910\";s:8:\"quantity\";s:1:\"1\";}}\";s:22:\"shipping_for_package_0\";s:399:\"a:2:{s:12:\"package_hash\";s:40:\"wc_ship_193039993dc0dbdfe7d5b62a91bb8aef\";s:5:\"rates\";a:1:{s:11:\"flat_rate:1\";O:16:\"WC_Shipping_Rate\":2:{s:7:\"\0*\0data\";a:6:{s:2:\"id\";s:11:\"flat_rate:1\";s:9:\"method_id\";s:9:\"flat_rate\";s:11:\"instance_id\";i:1;s:5:\"label\";s:3:\"GAM\";s:4:\"cost\";s:4:\"2500\";s:5:\"taxes\";a:0:{}}s:12:\"\0*\0meta_data\";a:1:{s:10:\"Artículos\";s:43:\"Té Rosa de Jamaica - 20 bolsitas &times; 1\";}}}}\";s:25:\"previous_shipping_methods\";s:39:\"a:1:{i:0;a:1:{i:0;s:11:\"flat_rate:1\";}}\";s:23:\"chosen_shipping_methods\";s:29:\"a:1:{i:0;s:11:\"flat_rate:1\";}\";s:22:\"shipping_method_counts\";s:14:\"a:1:{i:0;i:1;}\";s:10:\"wc_notices\";s:274:\"a:1:{s:7:\"success\";a:1:{i:0;a:2:{s:6:\"notice\";s:199:\"<a href=\"https://www.mondaisa.com/carrito/\" tabindex=\"1\" class=\"button wc-forward wp-element-button\">Ver carrito</a> &ldquo;Té Rosa de Jamaica &#8211; 20 bolsitas&rdquo; se ha añadido a tu carrito.\";s:4:\"data\";a:0:{}}}}\";s:8:\"customer\";s:718:\"a:27:{s:2:\"id\";s:1:\"0\";s:13:\"date_modified\";s:0:\"\";s:8:\"postcode\";s:0:\"\";s:4:\"city\";s:0:\"\";s:9:\"address_1\";s:0:\"\";s:7:\"address\";s:0:\"\";s:9:\"address_2\";s:0:\"\";s:5:\"state\";s:1:\"1\";s:7:\"country\";s:2:\"CR\";s:17:\"shipping_postcode\";s:0:\"\";s:13:\"shipping_city\";s:0:\"\";s:18:\"shipping_address_1\";s:0:\"\";s:16:\"shipping_address\";s:0:\"\";s:18:\"shipping_address_2\";s:0:\"\";s:14:\"shipping_state\";s:1:\"1\";s:16:\"shipping_country\";s:2:\"CR\";s:13:\"is_vat_exempt\";s:0:\"\";s:19:\"calculated_shipping\";s:0:\"\";s:10:\"first_name\";s:0:\"\";s:9:\"last_name\";s:0:\"\";s:7:\"company\";s:0:\"\";s:5:\"phone\";s:0:\"\";s:5:\"email\";s:0:\"\";s:19:\"shipping_first_name\";s:0:\"\";s:18:\"shipping_last_name\";s:0:\"\";s:16:\"shipping_company\";s:0:\"\";s:14:\"shipping_phone\";s:0:\"\";}\";}',1684881655),(15863,'t_e05f54cf07f9a0edd1d5ed955ef06d','a:13:{s:4:\"cart\";s:421:\"a:1:{s:32:\"c4b31ce7d95c75ca70d50c19aef08bf1\";a:11:{s:3:\"key\";s:32:\"c4b31ce7d95c75ca70d50c19aef08bf1\";s:10:\"product_id\";i:947;s:12:\"variation_id\";i:0;s:9:\"variation\";a:0:{}s:8:\"quantity\";i:1;s:9:\"data_hash\";s:32:\"b5c1d5ca8bae6d4896cf1807cdf763f0\";s:13:\"line_tax_data\";a:2:{s:8:\"subtotal\";a:0:{}s:5:\"total\";a:0:{}}s:13:\"line_subtotal\";d:1251.33;s:17:\"line_subtotal_tax\";d:0;s:10:\"line_total\";d:1251.33;s:8:\"line_tax\";d:0;}}\";s:11:\"cart_totals\";s:399:\"a:15:{s:8:\"subtotal\";s:4:\"1251\";s:12:\"subtotal_tax\";d:0;s:14:\"shipping_total\";s:4:\"2500\";s:12:\"shipping_tax\";d:0;s:14:\"shipping_taxes\";a:0:{}s:14:\"discount_total\";d:0;s:12:\"discount_tax\";d:0;s:19:\"cart_contents_total\";s:4:\"1251\";s:17:\"cart_contents_tax\";i:0;s:19:\"cart_contents_taxes\";a:0:{}s:9:\"fee_total\";s:1:\"0\";s:7:\"fee_tax\";d:0;s:9:\"fee_taxes\";a:0:{}s:5:\"total\";s:4:\"3751\";s:9:\"total_tax\";d:0;}\";s:15:\"applied_coupons\";s:6:\"a:0:{}\";s:22:\"coupon_discount_totals\";s:6:\"a:0:{}\";s:26:\"coupon_discount_tax_totals\";s:6:\"a:0:{}\";s:21:\"removed_cart_contents\";s:6:\"a:0:{}\";s:16:\"wca_session_data\";s:233:\"a:2:{i:0;a:3:{s:5:\"event\";s:33:\"woocommerceanalytics_product_view\";s:10:\"product_id\";s:3:\"947\";s:8:\"quantity\";s:1:\"1\";}i:1;a:3:{s:5:\"event\";s:32:\"woocommerceanalytics_add_to_cart\";s:10:\"product_id\";s:3:\"947\";s:8:\"quantity\";s:1:\"1\";}}\";s:22:\"shipping_for_package_0\";s:386:\"a:2:{s:12:\"package_hash\";s:40:\"wc_ship_cace001f6f15ff92dfe03c3bf4cd61eb\";s:5:\"rates\";a:1:{s:11:\"flat_rate:1\";O:16:\"WC_Shipping_Rate\":2:{s:7:\"\0*\0data\";a:6:{s:2:\"id\";s:11:\"flat_rate:1\";s:9:\"method_id\";s:9:\"flat_rate\";s:11:\"instance_id\";i:1;s:5:\"label\";s:3:\"GAM\";s:4:\"cost\";s:4:\"2500\";s:5:\"taxes\";a:0:{}}s:12:\"\0*\0meta_data\";a:1:{s:10:\"Artículos\";s:30:\"Miel de Abeja - 150g &times; 1\";}}}}\";s:25:\"previous_shipping_methods\";s:39:\"a:1:{i:0;a:1:{i:0;s:11:\"flat_rate:1\";}}\";s:23:\"chosen_shipping_methods\";s:29:\"a:1:{i:0;s:11:\"flat_rate:1\";}\";s:22:\"shipping_method_counts\";s:14:\"a:1:{i:0;i:1;}\";s:10:\"wc_notices\";s:261:\"a:1:{s:7:\"success\";a:1:{i:0;a:2:{s:6:\"notice\";s:186:\"<a href=\"https://www.mondaisa.com/carrito/\" tabindex=\"1\" class=\"button wc-forward wp-element-button\">Ver carrito</a> &ldquo;Miel de Abeja &#8211; 150g&rdquo; se ha añadido a tu carrito.\";s:4:\"data\";a:0:{}}}}\";s:8:\"customer\";s:718:\"a:27:{s:2:\"id\";s:1:\"0\";s:13:\"date_modified\";s:0:\"\";s:8:\"postcode\";s:0:\"\";s:4:\"city\";s:0:\"\";s:9:\"address_1\";s:0:\"\";s:7:\"address\";s:0:\"\";s:9:\"address_2\";s:0:\"\";s:5:\"state\";s:1:\"1\";s:7:\"country\";s:2:\"CR\";s:17:\"shipping_postcode\";s:0:\"\";s:13:\"shipping_city\";s:0:\"\";s:18:\"shipping_address_1\";s:0:\"\";s:16:\"shipping_address\";s:0:\"\";s:18:\"shipping_address_2\";s:0:\"\";s:14:\"shipping_state\";s:1:\"1\";s:16:\"shipping_country\";s:2:\"CR\";s:13:\"is_vat_exempt\";s:0:\"\";s:19:\"calculated_shipping\";s:0:\"\";s:10:\"first_name\";s:0:\"\";s:9:\"last_name\";s:0:\"\";s:7:\"company\";s:0:\"\";s:5:\"phone\";s:0:\"\";s:5:\"email\";s:0:\"\";s:19:\"shipping_first_name\";s:0:\"\";s:18:\"shipping_last_name\";s:0:\"\";s:16:\"shipping_company\";s:0:\"\";s:14:\"shipping_phone\";s:0:\"\";}\";}',1684884584);

--
-- Table structure for table `wpos_woocommerce_shipping_zone_locations`
--

CREATE TABLE `wpos_woocommerce_shipping_zone_locations` (
  `location_id` bigint unsigned NOT NULL AUTO_INCREMENT,
  `zone_id` bigint unsigned NOT NULL,
  `location_code` varchar(200) COLLATE utf8mb4_unicode_520_ci NOT NULL,
  `location_type` varchar(40) COLLATE utf8mb4_unicode_520_ci NOT NULL,
  PRIMARY KEY (`location_id`),
  KEY `location_id` (`location_id`),
  KEY `location_type_code` (`location_type`(10),`location_code`(20))
) ENGINE=MyISAM AUTO_INCREMENT=31 DEFAULT CHARSET=utf8mb4 COLLATE=utf8mb4_unicode_520_ci;

--
-- Dumping data for table `wpos_woocommerce_shipping_zone_locations`
--

INSERT INTO `wpos_woocommerce_shipping_zone_locations` VALUES (2,1,'CR:1','state'),(3,1,'CR:3','state'),(4,1,'CR:4','state'),(5,1,'CR:7','state'),(6,1,'CR:8','state'),(7,1,'CR:9','state'),(8,1,'CR:10','state'),(9,1,'CR:11','state'),(10,1,'CR:13','state'),(11,1,'CR:14','state'),(12,1,'CR:15','state'),(13,1,'CR:16','state'),(14,1,'CR:19','state'),(15,1,'CR:22','state'),(16,1,'CR:37','state'),(17,1,'CR:38','state'),(18,1,'CR:39','state'),(19,1,'CR:42','state'),(20,1,'CR:43','state'),(21,1,'CR:44','state'),(22,1,'CR:45','state'),(23,1,'CR:46','state'),(24,1,'CR:47','state'),(25,1,'CR:48','state'),(26,1,'CR:49','state'),(27,1,'CR:50','state'),(28,1,'CR:51','state'),(29,1,'CR:52','state'),(30,1,'CR:53','state');

--
-- Table structure for table `wpos_woocommerce_shipping_zone_methods`
--

CREATE TABLE `wpos_woocommerce_shipping_zone_methods` (
  `zone_id` bigint unsigned NOT NULL,
  `instance_id` bigint unsigned NOT NULL AUTO_INCREMENT,
  `method_id` varchar(200) COLLATE utf8mb4_unicode_520_ci NOT NULL,
  `method_order` bigint unsigned NOT NULL,
  `is_enabled` tinyint(1) NOT NULL DEFAULT '1',
  PRIMARY KEY (`instance_id`)
) ENGINE=MyISAM AUTO_INCREMENT=3 DEFAULT CHARSET=utf8mb4 COLLATE=utf8mb4_unicode_520_ci;

--
-- Dumping data for table `wpos_woocommerce_shipping_zone_methods`
--

INSERT INTO `wpos_woocommerce_shipping_zone_methods` VALUES (1,1,'flat_rate',1,1),(0,2,'flat_rate',1,1);

--
-- Table structure for table `wpos_woocommerce_shipping_zones`
--

CREATE TABLE `wpos_woocommerce_shipping_zones` (
  `zone_id` bigint unsigned NOT NULL AUTO_INCREMENT,
  `zone_name` varchar(200) COLLATE utf8mb4_unicode_520_ci NOT NULL,
  `zone_order` bigint unsigned NOT NULL,
  PRIMARY KEY (`zone_id`)
) ENGINE=MyISAM AUTO_INCREMENT=2 DEFAULT CHARSET=utf8mb4 COLLATE=utf8mb4_unicode_520_ci;

--
-- Dumping data for table `wpos_woocommerce_shipping_zones`
--

INSERT INTO `wpos_woocommerce_shipping_zones` VALUES (1,'GAM',0);

--
-- Table structure for table `wpos_woocommerce_tax_rate_locations`
--

CREATE TABLE `wpos_woocommerce_tax_rate_locations` (
  `location_id` bigint unsigned NOT NULL AUTO_INCREMENT,
  `location_code` varchar(200) COLLATE utf8mb4_unicode_520_ci NOT NULL,
  `tax_rate_id` bigint unsigned NOT NULL,
  `location_type` varchar(40) COLLATE utf8mb4_unicode_520_ci NOT NULL,
  PRIMARY KEY (`location_id`),
  KEY `tax_rate_id` (`tax_rate_id`),
  KEY `location_type_code` (`location_type`(10),`location_code`(20))
) ENGINE=MyISAM DEFAULT CHARSET=utf8mb4 COLLATE=utf8mb4_unicode_520_ci;

--
-- Dumping data for table `wpos_woocommerce_tax_rate_locations`
--


--
-- Table structure for table `wpos_woocommerce_tax_rates`
--

CREATE TABLE `wpos_woocommerce_tax_rates` (
  `tax_rate_id` bigint unsigned NOT NULL AUTO_INCREMENT,
  `tax_rate_country` varchar(2) COLLATE utf8mb4_unicode_520_ci NOT NULL DEFAULT '',
  `tax_rate_state` varchar(200) COLLATE utf8mb4_unicode_520_ci NOT NULL DEFAULT '',
  `tax_rate` varchar(8) COLLATE utf8mb4_unicode_520_ci NOT NULL DEFAULT '',
  `tax_rate_name` varchar(200) COLLATE utf8mb4_unicode_520_ci NOT NULL DEFAULT '',
  `tax_rate_priority` bigint unsigned NOT NULL,
  `tax_rate_compound` int NOT NULL DEFAULT '0',
  `tax_rate_shipping` int NOT NULL DEFAULT '1',
  `tax_rate_order` bigint unsigned NOT NULL,
  `tax_rate_class` varchar(200) COLLATE utf8mb4_unicode_520_ci NOT NULL DEFAULT '',
  PRIMARY KEY (`tax_rate_id`),
  KEY `tax_rate_country` (`tax_rate_country`),
  KEY `tax_rate_state` (`tax_rate_state`(2)),
  KEY `tax_rate_class` (`tax_rate_class`(10)),
  KEY `tax_rate_priority` (`tax_rate_priority`)
) ENGINE=MyISAM DEFAULT CHARSET=utf8mb4 COLLATE=utf8mb4_unicode_520_ci;

--
-- Dumping data for table `wpos_woocommerce_tax_rates`
--


--
-- Table structure for table `wpos_wpf_filters`
--

CREATE TABLE `wpos_wpf_filters` (
  `id` int NOT NULL AUTO_INCREMENT,
  `title` varchar(128) DEFAULT NULL,
  `setting_data` mediumtext,
  `meta_keys` varchar(255) DEFAULT NULL,
  PRIMARY KEY (`id`)
) ENGINE=MyISAM AUTO_INCREMENT=3 DEFAULT CHARSET=utf8mb3;

--
-- Dumping data for table `wpos_wpf_filters`
--

INSERT INTO `wpos_wpf_filters` VALUES (1,'Filtro','a:1:{s:8:\"settings\";a:67:{s:15:\"display_on_page\";s:4:\"both\";s:25:\"display_on_page_shortcode\";s:1:\"0\";s:11:\"display_for\";s:4:\"both\";s:18:\"force_show_current\";s:1:\"0\";s:34:\"desctop_mobile_breakpoint_switcher\";s:1:\"0\";s:31:\"desctop_mobile_breakpoint_width\";s:1:\"0\";s:21:\"hide_without_products\";s:1:\"0\";s:18:\"count_product_shop\";s:3:\"150\";s:20:\"columns_product_shop\";s:1:\"0\";s:11:\"enable_ajax\";s:1:\"1\";s:14:\"remove_actions\";s:1:\"0\";s:22:\"display_status_private\";s:1:\"0\";s:21:\"product_list_selector\";s:0:\"\";s:26:\"product_container_selector\";s:0:\"\";s:21:\"force_theme_templates\";s:1:\"0\";s:19:\"recalculate_filters\";s:1:\"0\";s:19:\"do_not_use_shortcut\";s:1:\"0\";s:21:\"show_filtering_button\";s:1:\"1\";s:21:\"filtering_button_word\";s:7:\"Filtrar\";s:18:\"auto_update_filter\";s:1:\"0\";s:17:\"show_clean_button\";s:1:\"0\";s:22:\"show_clean_button_word\";s:5:\"Clara\";s:17:\"reset_all_filters\";s:1:\"0\";s:21:\"main_buttons_position\";s:6:\"bottom\";s:18:\"main_buttons_order\";s:4:\"left\";s:22:\"all_products_filtering\";s:1:\"0\";s:16:\"show_clean_block\";s:1:\"0\";s:21:\"show_clean_block_word\";s:5:\"Clara\";s:14:\"filter_recount\";s:1:\"0\";s:20:\"filter_recount_price\";s:1:\"0\";s:20:\"filter_null_disabled\";s:1:\"0\";s:13:\"sort_by_title\";s:1:\"0\";s:17:\"checked_items_top\";s:1:\"0\";s:18:\"checked_items_bold\";s:1:\"0\";s:16:\"text_no_products\";s:30:\"No se han encontrado productos\";s:23:\"filtering_by_variations\";s:1:\"1\";s:28:\"exclude_backorder_variations\";s:1:\"0\";s:16:\"hide_filter_icon\";s:1:\"1\";s:17:\"use_title_as_slug\";s:1:\"0\";s:23:\"use_category_filtration\";s:1:\"1\";s:30:\"display_only_children_category\";s:1:\"0\";s:15:\"check_get_names\";s:1:\"0\";s:13:\"f_multi_logic\";s:3:\"and\";s:21:\"third_party_prefilter\";s:1:\"0\";s:32:\"filter_loader_icon_onload_enable\";s:1:\"0\";s:24:\"filter_loader_icon_color\";s:7:\"#000000\";s:23:\"filter_loader_icon_name\";s:7:\"default\";s:25:\"filter_loader_icon_number\";s:1:\"0\";s:14:\"enable_overlay\";s:1:\"0\";s:18:\"overlay_background\";s:0:\"\";s:19:\"enable_overlay_icon\";s:1:\"0\";s:19:\"enable_overlay_word\";s:1:\"0\";s:12:\"overlay_word\";s:8:\"WooBeWoo\";s:12:\"filter_width\";s:3:\"100\";s:15:\"filter_width_in\";s:1:\"%\";s:19:\"filter_width_mobile\";s:3:\"100\";s:22:\"filter_width_in_mobile\";s:1:\"%\";s:18:\"filter_block_width\";s:3:\"100\";s:21:\"filter_block_width_in\";s:1:\"%\";s:25:\"filter_block_width_mobile\";s:3:\"100\";s:28:\"filter_block_width_in_mobile\";s:1:\"%\";s:19:\"filter_block_height\";s:0:\"\";s:18:\"padding_child_list\";s:0:\"\";s:10:\"css_editor\";s:0:\"\";s:9:\"js_editor\";s:0:\"\";s:21:\"disable_plugin_styles\";s:1:\"1\";s:7:\"filters\";a:2:{s:5:\"order\";s:844:\"[{\"id\":\"wpfSortBy\",\"uniqId\":\"wpf_0h80brwv4\",\"name\":\"\",\"settings\":{\"f_enable\":true,\"f_title\":\"Ordenar por\",\"f_name\":\"Ordenar por\",\"f_enable_title\":\"yes_open\",\"f_enable_title_mobile\":\"yes_close\",\"f_frontend_type\":\"dropdown\",\"f_options[]\":\"default,rating,date,price,price-desc,rand,title,title-desc\"}},{\"id\":\"wpfPrice\",\"uniqId\":\"wpf_9whv1q4gl\",\"name\":\"\",\"settings\":{\"f_enable\":true,\"f_title\":\"Precio\",\"f_name\":\"Precio\",\"f_enable_title\":\"yes_open\",\"f_enable_title_mobile\":\"yes_close\",\"f_skin_type\":\"default\",\"f_show_inputs\":true,\"f_currency_position\":\"before\",\"f_currency_show_as\":\"symbol\",\"f_price_tooltip_show_as\":true}},{\"id\":\"wpfRating\",\"uniqId\":\"wpf_k5sn94vxa\",\"name\":\"\",\"settings\":{\"f_enable\":true,\"f_title\":\"Clasificación\",\"f_name\":\"Clasificación\",\"f_enable_title\":\"yes_open\",\"f_enable_title_mobile\":\"yes_close\",\"f_frontend_type\":\"list\"}}]\";s:9:\"preselect\";s:0:\"\";}}}',''),(2,'Filter','a:1:{s:8:\"settings\";a:67:{s:15:\"display_on_page\";s:4:\"both\";s:25:\"display_on_page_shortcode\";s:1:\"0\";s:11:\"display_for\";s:4:\"both\";s:18:\"force_show_current\";s:1:\"0\";s:34:\"desctop_mobile_breakpoint_switcher\";s:1:\"0\";s:31:\"desctop_mobile_breakpoint_width\";s:1:\"0\";s:21:\"hide_without_products\";s:1:\"0\";s:18:\"count_product_shop\";s:1:\"0\";s:20:\"columns_product_shop\";s:1:\"0\";s:11:\"enable_ajax\";s:1:\"1\";s:14:\"remove_actions\";s:1:\"0\";s:22:\"display_status_private\";s:1:\"0\";s:21:\"product_list_selector\";s:0:\"\";s:26:\"product_container_selector\";s:0:\"\";s:21:\"force_theme_templates\";s:1:\"0\";s:19:\"recalculate_filters\";s:1:\"0\";s:19:\"do_not_use_shortcut\";s:1:\"0\";s:21:\"show_filtering_button\";s:1:\"1\";s:21:\"filtering_button_word\";s:6:\"Filter\";s:18:\"auto_update_filter\";s:1:\"0\";s:17:\"show_clean_button\";s:1:\"0\";s:22:\"show_clean_button_word\";s:5:\"Clara\";s:17:\"reset_all_filters\";s:1:\"0\";s:21:\"main_buttons_position\";s:6:\"bottom\";s:18:\"main_buttons_order\";s:4:\"left\";s:22:\"all_products_filtering\";s:1:\"0\";s:16:\"show_clean_block\";s:1:\"0\";s:21:\"show_clean_block_word\";s:5:\"Clara\";s:14:\"filter_recount\";s:1:\"0\";s:20:\"filter_recount_price\";s:1:\"0\";s:20:\"filter_null_disabled\";s:1:\"0\";s:13:\"sort_by_title\";s:1:\"0\";s:17:\"checked_items_top\";s:1:\"0\";s:18:\"checked_items_bold\";s:1:\"0\";s:16:\"text_no_products\";s:30:\"No se han encontrado productos\";s:23:\"filtering_by_variations\";s:1:\"1\";s:28:\"exclude_backorder_variations\";s:1:\"0\";s:16:\"hide_filter_icon\";s:1:\"1\";s:17:\"use_title_as_slug\";s:1:\"0\";s:23:\"use_category_filtration\";s:1:\"1\";s:30:\"display_only_children_category\";s:1:\"0\";s:15:\"check_get_names\";s:1:\"0\";s:13:\"f_multi_logic\";s:3:\"and\";s:21:\"third_party_prefilter\";s:1:\"0\";s:32:\"filter_loader_icon_onload_enable\";s:1:\"0\";s:24:\"filter_loader_icon_color\";s:7:\"#000000\";s:23:\"filter_loader_icon_name\";s:7:\"default\";s:25:\"filter_loader_icon_number\";s:1:\"0\";s:14:\"enable_overlay\";s:1:\"0\";s:18:\"overlay_background\";s:0:\"\";s:19:\"enable_overlay_icon\";s:1:\"0\";s:19:\"enable_overlay_word\";s:1:\"0\";s:12:\"overlay_word\";s:8:\"WooBeWoo\";s:12:\"filter_width\";s:3:\"100\";s:15:\"filter_width_in\";s:1:\"%\";s:19:\"filter_width_mobile\";s:3:\"100\";s:22:\"filter_width_in_mobile\";s:1:\"%\";s:18:\"filter_block_width\";s:3:\"100\";s:21:\"filter_block_width_in\";s:1:\"%\";s:25:\"filter_block_width_mobile\";s:3:\"100\";s:28:\"filter_block_width_in_mobile\";s:1:\"%\";s:19:\"filter_block_height\";s:0:\"\";s:18:\"padding_child_list\";s:0:\"\";s:10:\"css_editor\";s:0:\"\";s:9:\"js_editor\";s:0:\"\";s:21:\"disable_plugin_styles\";s:1:\"1\";s:7:\"filters\";a:2:{s:5:\"order\";s:757:\"[{\"id\":\"wpfSortBy\",\"uniqId\":\"wpf_lpjz4xnwc\",\"name\":\"\",\"settings\":{\"f_enable\":true,\"f_title\":\"Order by\",\"f_name\":\"Ordenar por\",\"f_enable_title\":\"yes_open\",\"f_enable_title_mobile\":\"yes_close\",\"f_frontend_type\":\"dropdown\"}},{\"id\":\"wpfPrice\",\"uniqId\":\"wpf_3pb0mfvde\",\"name\":\"\",\"settings\":{\"f_enable\":true,\"f_title\":\"Price\",\"f_name\":\"Precio\",\"f_enable_title\":\"yes_open\",\"f_enable_title_mobile\":\"yes_close\",\"f_skin_type\":\"default\",\"f_show_inputs\":true,\"f_currency_position\":\"before\",\"f_currency_show_as\":\"symbol\",\"f_price_tooltip_show_as\":true}},{\"id\":\"wpfRating\",\"uniqId\":\"wpf_ybc3y438p\",\"name\":\"\",\"settings\":{\"f_enable\":true,\"f_title\":\"Rating\",\"f_name\":\"Clasificación\",\"f_enable_title\":\"yes_open\",\"f_enable_title_mobile\":\"yes_close\",\"f_frontend_type\":\"list\"}}]\";s:9:\"preselect\";s:0:\"\";}}}','');

--
-- Table structure for table `wpos_wpf_meta_data`
--

CREATE TABLE `wpos_wpf_meta_data` (
  `id` bigint NOT NULL AUTO_INCREMENT,
  `product_id` bigint NOT NULL,
  `is_var` smallint NOT NULL DEFAULT '0',
  `key_id` int NOT NULL,
  `val_int` bigint DEFAULT NULL,
  `val_dec` decimal(19,4) DEFAULT NULL,
  `val_id` bigint DEFAULT NULL,
  `updated` timestamp NOT NULL DEFAULT CURRENT_TIMESTAMP,
  PRIMARY KEY (`id`),
  KEY `product_key` (`product_id`,`key_id`),
  KEY `key_id` (`key_id`),
  KEY `key_dec` (`val_dec`,`key_id`),
  KEY `key_int` (`val_int`,`key_id`),
  KEY `val_id` (`val_id`)
) ENGINE=MyISAM AUTO_INCREMENT=714 DEFAULT CHARSET=utf8mb3;

--
-- Dumping data for table `wpos_wpf_meta_data`
--

INSERT INTO `wpos_wpf_meta_data` VALUES (1,253,0,1,NULL,NULL,2,'2023-05-10 14:48:55'),(2,1210,0,1,NULL,NULL,2,'2023-05-10 14:48:55'),(3,435,0,1,NULL,NULL,2,'2023-05-10 14:48:55'),(4,1211,0,1,NULL,NULL,2,'2023-05-10 14:48:55'),(5,442,0,1,NULL,NULL,2,'2023-05-10 14:48:55'),(6,449,0,1,NULL,NULL,2,'2023-05-10 14:48:55'),(7,1213,0,1,NULL,NULL,2,'2023-05-10 14:48:55'),(8,456,0,1,NULL,NULL,2,'2023-05-10 14:48:55'),(9,1214,0,1,NULL,NULL,2,'2023-05-10 14:48:55'),(10,463,0,1,NULL,NULL,2,'2023-05-10 14:48:55'),(11,1215,0,1,NULL,NULL,2,'2023-05-10 14:48:55'),(12,470,0,1,NULL,NULL,2,'2023-05-10 14:48:55'),(13,1216,0,1,NULL,NULL,2,'2023-05-10 14:48:55'),(14,477,0,1,NULL,NULL,2,'2023-05-10 14:48:55'),(15,1217,0,1,NULL,NULL,2,'2023-05-10 14:48:55'),(16,484,0,1,NULL,NULL,2,'2023-05-10 14:48:55'),(17,1218,0,1,NULL,NULL,2,'2023-05-10 14:48:55'),(18,491,0,1,NULL,NULL,2,'2023-05-10 14:48:55'),(19,1219,0,1,NULL,NULL,2,'2023-05-10 14:48:55'),(20,498,0,1,NULL,NULL,2,'2023-05-10 14:48:55'),(21,1220,0,1,NULL,NULL,2,'2023-05-10 14:48:55'),(22,505,0,1,NULL,NULL,2,'2023-05-10 14:48:55'),(23,1221,0,1,NULL,NULL,2,'2023-05-10 14:48:55'),(24,512,0,1,NULL,NULL,2,'2023-05-10 14:48:55'),(25,1222,0,1,NULL,NULL,2,'2023-05-10 14:48:55'),(26,569,0,1,NULL,NULL,2,'2023-05-10 14:48:55'),(27,1172,0,1,NULL,NULL,2,'2023-05-10 14:48:55'),(28,864,0,1,NULL,NULL,2,'2023-05-10 14:48:55'),(29,1173,0,1,NULL,NULL,2,'2023-05-10 14:48:55'),(30,865,0,1,NULL,NULL,2,'2023-05-10 14:48:55'),(31,1175,0,1,NULL,NULL,2,'2023-05-10 14:48:55'),(32,867,0,1,NULL,NULL,2,'2023-05-10 14:48:55'),(33,877,0,1,NULL,NULL,2,'2023-05-10 14:48:55'),(34,880,0,1,NULL,NULL,2,'2023-05-10 14:48:55'),(35,1186,0,1,NULL,NULL,2,'2023-05-10 14:48:55'),(36,881,0,1,NULL,NULL,2,'2023-05-10 14:48:55'),(37,882,0,1,NULL,NULL,2,'2023-05-10 14:48:55'),(38,1185,0,1,NULL,NULL,2,'2023-05-10 14:48:55'),(39,883,0,1,NULL,NULL,2,'2023-05-10 14:48:55'),(40,1184,0,1,NULL,NULL,2,'2023-05-10 14:48:55'),(41,886,0,1,NULL,NULL,2,'2023-05-10 14:48:55'),(42,888,0,1,NULL,NULL,2,'2023-05-10 14:48:55'),(43,1183,0,1,NULL,NULL,2,'2023-05-10 14:48:55'),(44,890,0,1,NULL,NULL,2,'2023-05-10 14:48:55'),(45,1182,0,1,NULL,NULL,2,'2023-05-10 14:48:55'),(46,892,0,1,NULL,NULL,2,'2023-05-10 14:48:55'),(47,1181,0,1,NULL,NULL,2,'2023-05-10 14:48:55'),(48,893,0,1,NULL,NULL,2,'2023-05-10 14:48:55'),(49,1180,0,1,NULL,NULL,2,'2023-05-10 14:48:55'),(50,894,0,1,NULL,NULL,2,'2023-05-10 14:48:55'),(51,1179,0,1,NULL,NULL,2,'2023-05-10 14:48:55'),(52,895,0,1,NULL,NULL,2,'2023-05-10 14:48:55'),(53,1178,0,1,NULL,NULL,2,'2023-05-10 14:48:55'),(54,896,0,1,NULL,NULL,2,'2023-05-10 14:48:55'),(55,1177,0,1,NULL,NULL,2,'2023-05-10 14:48:55'),(56,898,0,1,NULL,NULL,2,'2023-05-10 14:48:55'),(57,900,0,1,NULL,NULL,2,'2023-05-10 14:48:55'),(58,902,0,1,NULL,NULL,2,'2023-05-10 14:48:55'),(59,1176,0,1,NULL,NULL,2,'2023-05-10 14:48:55'),(60,903,0,1,NULL,NULL,2,'2023-05-10 14:48:55'),(61,904,0,1,NULL,NULL,2,'2023-05-10 14:48:55'),(62,1189,0,1,NULL,NULL,2,'2023-05-10 14:48:55'),(63,905,0,1,NULL,NULL,2,'2023-05-10 14:48:55'),(64,1188,0,1,NULL,NULL,2,'2023-05-10 14:48:55'),(65,906,0,1,NULL,NULL,2,'2023-05-10 14:48:55'),(66,1187,0,1,NULL,NULL,2,'2023-05-10 14:48:55'),(67,908,0,1,NULL,NULL,2,'2023-05-10 14:48:55'),(68,1197,0,1,NULL,NULL,2,'2023-05-10 14:48:55'),(69,909,0,1,NULL,NULL,2,'2023-05-10 14:48:55'),(70,1196,0,1,NULL,NULL,2,'2023-05-10 14:48:55'),(71,910,0,1,NULL,NULL,2,'2023-05-10 14:48:55'),(72,1195,0,1,NULL,NULL,2,'2023-05-10 14:48:55'),(73,911,0,1,NULL,NULL,2,'2023-05-10 14:48:55'),(74,1194,0,1,NULL,NULL,2,'2023-05-10 14:48:55'),(75,913,0,1,NULL,NULL,2,'2023-05-10 14:48:55'),(76,1193,0,1,NULL,NULL,2,'2023-05-10 14:48:55'),(77,915,0,1,NULL,NULL,2,'2023-05-10 14:48:55'),(78,1191,0,1,NULL,NULL,2,'2023-05-10 14:48:55'),(79,917,0,1,NULL,NULL,2,'2023-05-10 14:48:55'),(80,1192,0,1,NULL,NULL,2,'2023-05-10 14:48:55'),(81,920,0,1,NULL,NULL,2,'2023-05-10 14:48:55'),(82,1190,0,1,NULL,NULL,2,'2023-05-10 14:48:55'),(83,919,0,1,NULL,NULL,2,'2023-05-10 14:48:55'),(84,1201,0,1,NULL,NULL,2,'2023-05-10 14:48:55'),(85,922,0,1,NULL,NULL,2,'2023-05-10 14:48:55'),(86,1200,0,1,NULL,NULL,2,'2023-05-10 14:48:55'),(87,923,0,1,NULL,NULL,2,'2023-05-10 14:48:55'),(88,1199,0,1,NULL,NULL,2,'2023-05-10 14:48:55'),(89,924,0,1,NULL,NULL,2,'2023-05-10 14:48:55'),(90,1198,0,1,NULL,NULL,2,'2023-05-10 14:48:55'),(91,926,0,1,NULL,NULL,2,'2023-05-10 14:48:55'),(92,1205,0,1,NULL,NULL,2,'2023-05-10 14:48:55'),(93,928,0,1,NULL,NULL,2,'2023-05-10 14:48:55'),(94,1204,0,1,NULL,NULL,2,'2023-05-10 14:48:55'),(95,929,0,1,NULL,NULL,2,'2023-05-10 14:48:55'),(96,1203,0,1,NULL,NULL,2,'2023-05-10 14:48:55'),(97,930,0,1,NULL,NULL,2,'2023-05-10 14:48:55'),(98,1202,0,1,NULL,NULL,2,'2023-05-10 14:48:55'),(99,932,0,1,NULL,NULL,2,'2023-05-10 14:48:55'),(100,933,0,1,NULL,NULL,2,'2023-05-10 14:48:55'),(101,934,0,1,NULL,NULL,2,'2023-05-10 14:48:55'),(102,935,0,1,NULL,NULL,2,'2023-05-10 14:48:55'),(103,937,0,1,NULL,NULL,2,'2023-05-10 14:48:55'),(104,938,0,1,NULL,NULL,2,'2023-05-10 14:48:55'),(105,939,0,1,NULL,NULL,2,'2023-05-10 14:48:55'),(106,941,0,1,NULL,NULL,2,'2023-05-10 14:48:55'),(107,942,0,1,NULL,NULL,2,'2023-05-10 14:48:55'),(108,943,0,1,NULL,NULL,2,'2023-05-10 14:48:55'),(109,945,0,1,NULL,NULL,2,'2023-05-10 14:48:55'),(110,946,0,1,NULL,NULL,2,'2023-05-10 14:48:55'),(111,947,0,1,NULL,NULL,2,'2023-05-10 14:48:55'),(112,948,0,1,NULL,NULL,2,'2023-05-10 14:48:55'),(113,951,0,1,NULL,NULL,2,'2023-05-10 14:48:55'),(114,949,0,1,NULL,NULL,2,'2023-05-10 14:48:55'),(685,950,0,6,NULL,19619.0000,NULL,'2023-05-10 16:22:11'),(705,1100,0,6,NULL,29943.0000,NULL,'2023-05-17 16:06:42'),(117,1101,0,1,NULL,NULL,2,'2023-05-10 14:48:55'),(118,1104,0,1,NULL,NULL,2,'2023-05-10 14:48:55'),(119,1105,0,1,NULL,NULL,2,'2023-05-10 14:48:55'),(120,1106,0,1,NULL,NULL,2,'2023-05-10 14:48:55'),(121,1108,0,1,NULL,NULL,2,'2023-05-10 14:48:55'),(122,1109,0,1,NULL,NULL,2,'2023-05-10 14:48:55'),(123,1110,0,1,NULL,NULL,2,'2023-05-10 14:48:55'),(124,1112,0,1,NULL,NULL,2,'2023-05-10 14:48:55'),(709,1113,0,6,NULL,22980.0000,NULL,'2023-05-17 16:17:56'),(126,1114,0,1,NULL,NULL,2,'2023-05-10 14:48:55'),(127,1115,0,1,NULL,NULL,2,'2023-05-10 14:48:55'),(128,1120,0,1,NULL,NULL,2,'2023-05-10 14:48:55'),(129,1121,0,1,NULL,NULL,2,'2023-05-10 14:48:55'),(698,1122,0,1,NULL,NULL,2,'2023-05-15 16:07:47'),(131,1123,0,1,NULL,NULL,2,'2023-05-10 14:48:55'),(690,1125,0,1,NULL,NULL,2,'2023-05-15 16:00:07'),(133,1126,0,1,NULL,NULL,2,'2023-05-10 14:48:55'),(134,1127,0,1,NULL,NULL,2,'2023-05-10 14:48:55'),(135,1128,0,1,NULL,NULL,2,'2023-05-10 14:48:55'),(136,1129,0,1,NULL,NULL,2,'2023-05-10 14:48:55'),(713,1130,0,6,NULL,22980.0000,NULL,'2023-05-17 16:18:36'),(138,1131,0,1,NULL,NULL,2,'2023-05-10 14:48:55'),(139,1132,0,1,NULL,NULL,2,'2023-05-10 14:48:55'),(140,1133,0,1,NULL,NULL,2,'2023-05-10 14:48:55'),(141,1134,0,1,NULL,NULL,2,'2023-05-10 14:48:55'),(142,1136,0,1,NULL,NULL,2,'2023-05-10 14:48:55'),(143,1137,0,1,NULL,NULL,2,'2023-05-10 14:48:55'),(144,1138,0,1,NULL,NULL,2,'2023-05-10 14:48:55'),(145,1139,0,1,NULL,NULL,2,'2023-05-10 14:48:55'),(146,1140,0,1,NULL,NULL,2,'2023-05-10 14:48:55'),(147,1141,0,1,NULL,NULL,2,'2023-05-10 14:48:55'),(148,1142,0,1,NULL,NULL,2,'2023-05-10 14:48:55'),(149,1143,0,1,NULL,NULL,2,'2023-05-10 14:48:55'),(150,1144,0,1,NULL,NULL,2,'2023-05-10 14:48:55'),(151,1145,0,1,NULL,NULL,2,'2023-05-10 14:48:55'),(152,1146,0,1,NULL,NULL,2,'2023-05-10 14:48:55'),(153,1147,0,1,NULL,NULL,2,'2023-05-10 14:48:55'),(154,1148,0,1,NULL,NULL,2,'2023-05-10 14:48:55'),(155,1150,0,1,NULL,NULL,2,'2023-05-10 14:48:55'),(156,1151,0,1,NULL,NULL,2,'2023-05-10 14:48:55'),(157,1152,0,1,NULL,NULL,2,'2023-05-10 14:48:55'),(158,1153,0,1,NULL,NULL,2,'2023-05-10 14:48:55'),(159,1154,0,1,NULL,NULL,2,'2023-05-10 14:48:55'),(160,1155,0,1,NULL,NULL,2,'2023-05-10 14:48:55'),(161,1156,0,1,NULL,NULL,2,'2023-05-10 14:48:55'),(162,1157,0,1,NULL,NULL,2,'2023-05-10 14:48:55'),(163,1158,0,1,NULL,NULL,2,'2023-05-10 14:48:55'),(164,1159,0,1,NULL,NULL,2,'2023-05-10 14:48:55'),(165,1160,0,1,NULL,NULL,2,'2023-05-10 14:48:55'),(166,1161,0,1,NULL,NULL,2,'2023-05-10 14:48:55'),(167,1162,0,1,NULL,NULL,2,'2023-05-10 14:48:55'),(168,1163,0,1,NULL,NULL,2,'2023-05-10 14:48:55'),(169,1164,0,1,NULL,NULL,2,'2023-05-10 14:48:55'),(170,1165,0,1,NULL,NULL,2,'2023-05-10 14:48:55'),(171,1166,0,1,NULL,NULL,2,'2023-05-10 14:48:55'),(172,2310,0,1,NULL,NULL,2,'2023-05-10 14:48:55'),(173,2317,0,1,NULL,NULL,2,'2023-05-10 14:48:55'),(174,2324,0,1,NULL,NULL,2,'2023-05-10 14:48:55'),(175,2331,0,1,NULL,NULL,2,'2023-05-10 14:48:55'),(176,2338,0,1,NULL,NULL,2,'2023-05-10 14:48:55'),(177,2342,0,1,NULL,NULL,2,'2023-05-10 14:48:55'),(178,2345,0,1,NULL,NULL,2,'2023-05-10 14:48:55'),(179,2348,0,1,NULL,NULL,2,'2023-05-10 14:48:55'),(180,2352,0,1,NULL,NULL,2,'2023-05-10 14:48:55'),(181,2357,0,1,NULL,NULL,2,'2023-05-10 14:48:55'),(182,253,0,4,0,0.0000,NULL,'2023-05-10 14:48:55'),(183,435,0,4,0,0.0000,NULL,'2023-05-10 14:48:55'),(184,442,0,4,0,0.0000,NULL,'2023-05-10 14:48:55'),(185,449,0,4,0,0.0000,NULL,'2023-05-10 14:48:55'),(186,456,0,4,0,0.0000,NULL,'2023-05-10 14:48:55'),(187,463,0,4,0,0.0000,NULL,'2023-05-10 14:48:55'),(188,470,0,4,0,0.0000,NULL,'2023-05-10 14:48:55'),(189,477,0,4,0,0.0000,NULL,'2023-05-10 14:48:55'),(190,484,0,4,0,0.0000,NULL,'2023-05-10 14:48:55'),(191,491,0,4,0,0.0000,NULL,'2023-05-10 14:48:55'),(192,498,0,4,0,0.0000,NULL,'2023-05-10 14:48:55'),(193,505,0,4,0,0.0000,NULL,'2023-05-10 14:48:55'),(194,512,0,4,0,0.0000,NULL,'2023-05-10 14:48:55'),(195,569,0,4,0,0.0000,NULL,'2023-05-10 14:48:55'),(196,864,0,4,0,0.0000,NULL,'2023-05-10 14:48:55'),(197,865,0,4,0,0.0000,NULL,'2023-05-10 14:48:55'),(198,867,0,4,0,0.0000,NULL,'2023-05-10 14:48:55'),(199,877,0,4,0,0.0000,NULL,'2023-05-10 14:48:55'),(200,880,0,4,0,0.0000,NULL,'2023-05-10 14:48:55'),(201,881,0,4,0,0.0000,NULL,'2023-05-10 14:48:55'),(202,882,0,4,0,0.0000,NULL,'2023-05-10 14:48:55'),(203,883,0,4,0,0.0000,NULL,'2023-05-10 14:48:55'),(204,886,0,4,0,0.0000,NULL,'2023-05-10 14:48:55'),(205,888,0,4,0,0.0000,NULL,'2023-05-10 14:48:55'),(206,890,0,4,0,0.0000,NULL,'2023-05-10 14:48:55'),(207,892,0,4,0,0.0000,NULL,'2023-05-10 14:48:55'),(208,893,0,4,0,0.0000,NULL,'2023-05-10 14:48:55'),(209,894,0,4,0,0.0000,NULL,'2023-05-10 14:48:55'),(210,895,0,4,0,0.0000,NULL,'2023-05-10 14:48:55'),(211,896,0,4,0,0.0000,NULL,'2023-05-10 14:48:55'),(212,898,0,4,0,0.0000,NULL,'2023-05-10 14:48:55'),(213,900,0,4,0,0.0000,NULL,'2023-05-10 14:48:55'),(214,902,0,4,0,0.0000,NULL,'2023-05-10 14:48:55'),(215,903,0,4,0,0.0000,NULL,'2023-05-10 14:48:55'),(216,904,0,4,0,0.0000,NULL,'2023-05-10 14:48:55'),(217,905,0,4,0,0.0000,NULL,'2023-05-10 14:48:55'),(218,906,0,4,0,0.0000,NULL,'2023-05-10 14:48:55'),(219,908,0,4,0,0.0000,NULL,'2023-05-10 14:48:55'),(220,909,0,4,0,0.0000,NULL,'2023-05-10 14:48:55'),(221,910,0,4,0,0.0000,NULL,'2023-05-10 14:48:55'),(222,911,0,4,0,0.0000,NULL,'2023-05-10 14:48:55'),(223,913,0,4,0,0.0000,NULL,'2023-05-10 14:48:55'),(224,915,0,4,0,0.0000,NULL,'2023-05-10 14:48:55'),(225,917,0,4,0,0.0000,NULL,'2023-05-10 14:48:55'),(226,920,0,4,0,0.0000,NULL,'2023-05-10 14:48:55'),(227,919,0,4,0,0.0000,NULL,'2023-05-10 14:48:55'),(228,922,0,4,0,0.0000,NULL,'2023-05-10 14:48:55'),(229,923,0,4,0,0.0000,NULL,'2023-05-10 14:48:55'),(230,924,0,4,0,0.0000,NULL,'2023-05-10 14:48:55'),(231,926,0,4,0,0.0000,NULL,'2023-05-10 14:48:55'),(232,928,0,4,0,0.0000,NULL,'2023-05-10 14:48:55'),(233,929,0,4,0,0.0000,NULL,'2023-05-10 14:48:55'),(234,930,0,4,0,0.0000,NULL,'2023-05-10 14:48:55'),(235,932,0,4,0,0.0000,NULL,'2023-05-10 14:48:55'),(236,933,0,4,0,0.0000,NULL,'2023-05-10 14:48:55'),(237,934,0,4,0,0.0000,NULL,'2023-05-10 14:48:55'),(238,935,0,4,0,0.0000,NULL,'2023-05-10 14:48:55'),(239,937,0,4,0,0.0000,NULL,'2023-05-10 14:48:55'),(240,938,0,4,0,0.0000,NULL,'2023-05-10 14:48:55'),(241,939,0,4,0,0.0000,NULL,'2023-05-10 14:48:55'),(242,941,0,4,0,0.0000,NULL,'2023-05-10 14:48:55'),(243,942,0,4,0,0.0000,NULL,'2023-05-10 14:48:55'),(244,943,0,4,0,0.0000,NULL,'2023-05-10 14:48:55'),(245,945,0,4,0,0.0000,NULL,'2023-05-10 14:48:55'),(246,946,0,4,0,0.0000,NULL,'2023-05-10 14:48:55'),(247,947,0,4,0,0.0000,NULL,'2023-05-10 14:48:55'),(248,948,0,4,0,0.0000,NULL,'2023-05-10 14:48:55'),(249,951,0,4,0,0.0000,NULL,'2023-05-10 14:48:55'),(250,949,0,4,0,0.0000,NULL,'2023-05-10 14:48:55'),(684,950,0,5,NULL,NULL,5,'2023-05-10 16:22:11'),(704,1100,0,5,NULL,NULL,4,'2023-05-17 16:06:42'),(253,1101,0,4,0,0.0000,NULL,'2023-05-10 14:48:55'),(254,1104,0,4,0,0.0000,NULL,'2023-05-10 14:48:55'),(255,1105,0,4,0,0.0000,NULL,'2023-05-10 14:48:55'),(256,1106,0,4,0,0.0000,NULL,'2023-05-10 14:48:55'),(257,1108,0,4,0,0.0000,NULL,'2023-05-10 14:48:55'),(258,1109,0,4,0,0.0000,NULL,'2023-05-10 14:48:55'),(259,1110,0,4,0,0.0000,NULL,'2023-05-10 14:48:55'),(260,1112,0,4,0,0.0000,NULL,'2023-05-10 14:48:55'),(708,1113,0,5,NULL,NULL,4,'2023-05-17 16:17:56'),(262,1114,0,4,0,0.0000,NULL,'2023-05-10 14:48:55'),(263,1115,0,4,0,0.0000,NULL,'2023-05-10 14:48:55'),(264,1120,0,4,0,0.0000,NULL,'2023-05-10 14:48:55'),(265,1121,0,4,0,0.0000,NULL,'2023-05-10 14:48:55'),(699,1122,0,4,0,0.0000,NULL,'2023-05-15 16:07:48'),(267,1123,0,4,0,0.0000,NULL,'2023-05-10 14:48:55'),(691,1125,0,4,0,0.0000,NULL,'2023-05-15 16:00:07'),(269,1126,0,4,0,0.0000,NULL,'2023-05-10 14:48:55'),(270,1127,0,4,0,0.0000,NULL,'2023-05-10 14:48:55'),(271,1128,0,4,0,0.0000,NULL,'2023-05-10 14:48:55'),(272,1129,0,4,0,0.0000,NULL,'2023-05-10 14:48:55'),(712,1130,0,5,NULL,NULL,4,'2023-05-17 16:18:36'),(274,1131,0,4,0,0.0000,NULL,'2023-05-10 14:48:55'),(275,1132,0,4,0,0.0000,NULL,'2023-05-10 14:48:55'),(276,1133,0,4,0,0.0000,NULL,'2023-05-10 14:48:55'),(277,1134,0,4,0,0.0000,NULL,'2023-05-10 14:48:55'),(278,1136,0,4,0,0.0000,NULL,'2023-05-10 14:48:55'),(279,1137,0,4,0,0.0000,NULL,'2023-05-10 14:48:55'),(280,1138,0,4,0,0.0000,NULL,'2023-05-10 14:48:55'),(281,1139,0,4,0,0.0000,NULL,'2023-05-10 14:48:55'),(282,1140,0,4,0,0.0000,NULL,'2023-05-10 14:48:55'),(283,1141,0,4,0,0.0000,NULL,'2023-05-10 14:48:55'),(284,1142,0,4,0,0.0000,NULL,'2023-05-10 14:48:55'),(285,1143,0,4,0,0.0000,NULL,'2023-05-10 14:48:55'),(286,1144,0,4,0,0.0000,NULL,'2023-05-10 14:48:55'),(287,1145,0,4,0,0.0000,NULL,'2023-05-10 14:48:55'),(288,1146,0,4,0,0.0000,NULL,'2023-05-10 14:48:55'),(289,1147,0,4,0,0.0000,NULL,'2023-05-10 14:48:55'),(290,1148,0,4,0,0.0000,NULL,'2023-05-10 14:48:55'),(291,1150,0,4,0,0.0000,NULL,'2023-05-10 14:48:55'),(292,1151,0,4,0,0.0000,NULL,'2023-05-10 14:48:55'),(293,1152,0,4,0,0.0000,NULL,'2023-05-10 14:48:55'),(294,1153,0,4,0,0.0000,NULL,'2023-05-10 14:48:55'),(295,1154,0,4,0,0.0000,NULL,'2023-05-10 14:48:55'),(296,1155,0,4,0,0.0000,NULL,'2023-05-10 14:48:55'),(297,1156,0,4,0,0.0000,NULL,'2023-05-10 14:48:55'),(298,1157,0,4,0,0.0000,NULL,'2023-05-10 14:48:55'),(299,1158,0,4,0,0.0000,NULL,'2023-05-10 14:48:55'),(300,1159,0,4,0,0.0000,NULL,'2023-05-10 14:48:55'),(301,1160,0,4,0,0.0000,NULL,'2023-05-10 14:48:55'),(302,1161,0,4,0,0.0000,NULL,'2023-05-10 14:48:55'),(303,1162,0,4,0,0.0000,NULL,'2023-05-10 14:48:55'),(304,1163,0,4,0,0.0000,NULL,'2023-05-10 14:48:55'),(305,1164,0,4,0,0.0000,NULL,'2023-05-10 14:48:55'),(306,1165,0,4,0,0.0000,NULL,'2023-05-10 14:48:55'),(307,1166,0,4,0,0.0000,NULL,'2023-05-10 14:48:55'),(308,1222,0,4,0,0.0000,NULL,'2023-05-10 14:48:55'),(309,2310,0,4,0,0.0000,NULL,'2023-05-10 14:48:55'),(310,2317,0,4,0,0.0000,NULL,'2023-05-10 14:48:55'),(311,2324,0,4,0,0.0000,NULL,'2023-05-10 14:48:55'),(312,2331,0,4,0,0.0000,NULL,'2023-05-10 14:48:55'),(313,2338,0,4,0,0.0000,NULL,'2023-05-10 14:48:55'),(314,2342,0,4,0,0.0000,NULL,'2023-05-10 14:48:55'),(315,2345,0,4,0,0.0000,NULL,'2023-05-10 14:48:55'),(316,2348,0,4,0,0.0000,NULL,'2023-05-10 14:48:55'),(317,2352,0,4,0,0.0000,NULL,'2023-05-10 14:48:55'),(318,2357,0,4,0,0.0000,NULL,'2023-05-10 14:48:55'),(319,253,0,5,NULL,NULL,4,'2023-05-10 14:48:55'),(320,435,0,5,NULL,NULL,4,'2023-05-10 14:48:55'),(321,442,0,5,NULL,NULL,4,'2023-05-10 14:48:55'),(322,449,0,5,NULL,NULL,4,'2023-05-10 14:48:55'),(323,456,0,5,NULL,NULL,4,'2023-05-10 14:48:55'),(324,463,0,5,NULL,NULL,4,'2023-05-10 14:48:55'),(325,470,0,5,NULL,NULL,4,'2023-05-10 14:48:55'),(326,477,0,5,NULL,NULL,4,'2023-05-10 14:48:55'),(327,484,0,5,NULL,NULL,4,'2023-05-10 14:48:55'),(328,491,0,5,NULL,NULL,4,'2023-05-10 14:48:55'),(329,498,0,5,NULL,NULL,4,'2023-05-10 14:48:55'),(330,505,0,5,NULL,NULL,4,'2023-05-10 14:48:55'),(331,512,0,5,NULL,NULL,4,'2023-05-10 14:48:55'),(332,569,0,5,NULL,NULL,4,'2023-05-10 14:48:55'),(333,864,0,5,NULL,NULL,4,'2023-05-10 14:48:55'),(334,865,0,5,NULL,NULL,4,'2023-05-10 14:48:55'),(335,867,0,5,NULL,NULL,4,'2023-05-10 14:48:55'),(336,877,0,5,NULL,NULL,4,'2023-05-10 14:48:55'),(337,880,0,5,NULL,NULL,4,'2023-05-10 14:48:55'),(338,881,0,5,NULL,NULL,4,'2023-05-10 14:48:55'),(339,882,0,5,NULL,NULL,4,'2023-05-10 14:48:55'),(340,883,0,5,NULL,NULL,4,'2023-05-10 14:48:55'),(341,886,0,5,NULL,NULL,4,'2023-05-10 14:48:55'),(342,888,0,5,NULL,NULL,4,'2023-05-10 14:48:55'),(343,890,0,5,NULL,NULL,5,'2023-05-10 14:48:55'),(344,892,0,5,NULL,NULL,4,'2023-05-10 14:48:55'),(345,893,0,5,NULL,NULL,4,'2023-05-10 14:48:55'),(346,894,0,5,NULL,NULL,4,'2023-05-10 14:48:55'),(347,895,0,5,NULL,NULL,4,'2023-05-10 14:48:55'),(348,896,0,5,NULL,NULL,4,'2023-05-10 14:48:55'),(349,898,0,5,NULL,NULL,4,'2023-05-10 14:48:55'),(350,900,0,5,NULL,NULL,4,'2023-05-10 14:48:55'),(351,902,0,5,NULL,NULL,4,'2023-05-10 14:48:55'),(352,903,0,5,NULL,NULL,4,'2023-05-10 14:48:55'),(353,904,0,5,NULL,NULL,4,'2023-05-10 14:48:55'),(354,905,0,5,NULL,NULL,4,'2023-05-10 14:48:55'),(355,906,0,5,NULL,NULL,4,'2023-05-10 14:48:55'),(356,908,0,5,NULL,NULL,4,'2023-05-10 14:48:55'),(357,909,0,5,NULL,NULL,4,'2023-05-10 14:48:55'),(358,910,0,5,NULL,NULL,4,'2023-05-10 14:48:55'),(359,911,0,5,NULL,NULL,4,'2023-05-10 14:48:55'),(360,913,0,5,NULL,NULL,4,'2023-05-10 14:48:55'),(361,915,0,5,NULL,NULL,4,'2023-05-10 14:48:55'),(362,917,0,5,NULL,NULL,4,'2023-05-10 14:48:55'),(363,920,0,5,NULL,NULL,4,'2023-05-10 14:48:55'),(364,919,0,5,NULL,NULL,4,'2023-05-10 14:48:55'),(365,922,0,5,NULL,NULL,4,'2023-05-10 14:48:55'),(366,923,0,5,NULL,NULL,5,'2023-05-10 14:48:55'),(367,924,0,5,NULL,NULL,4,'2023-05-10 14:48:55'),(368,926,0,5,NULL,NULL,4,'2023-05-10 14:48:55'),(369,928,0,5,NULL,NULL,4,'2023-05-10 14:48:55'),(370,929,0,5,NULL,NULL,4,'2023-05-10 14:48:55'),(371,930,0,5,NULL,NULL,4,'2023-05-10 14:48:55'),(372,932,0,5,NULL,NULL,4,'2023-05-10 14:48:55'),(373,933,0,5,NULL,NULL,4,'2023-05-10 14:48:55'),(374,934,0,5,NULL,NULL,4,'2023-05-10 14:48:55'),(375,935,0,5,NULL,NULL,4,'2023-05-10 14:48:55'),(376,937,0,5,NULL,NULL,4,'2023-05-10 14:48:55'),(377,938,0,5,NULL,NULL,4,'2023-05-10 14:48:55'),(378,939,0,5,NULL,NULL,4,'2023-05-10 14:48:55'),(379,941,0,5,NULL,NULL,4,'2023-05-10 14:48:55'),(380,942,0,5,NULL,NULL,4,'2023-05-10 14:48:55'),(381,943,0,5,NULL,NULL,4,'2023-05-10 14:48:55'),(382,945,0,5,NULL,NULL,4,'2023-05-10 14:48:55'),(383,946,0,5,NULL,NULL,4,'2023-05-10 14:48:55'),(384,947,0,5,NULL,NULL,4,'2023-05-10 14:48:55'),(385,948,0,5,NULL,NULL,5,'2023-05-10 14:48:55'),(386,951,0,5,NULL,NULL,4,'2023-05-10 14:48:55'),(387,949,0,5,NULL,NULL,4,'2023-05-10 14:48:55'),(683,950,0,4,0,0.0000,NULL,'2023-05-10 16:22:11'),(703,1100,0,4,0,0.0000,NULL,'2023-05-17 16:06:42'),(390,1101,0,5,NULL,NULL,4,'2023-05-10 14:48:55'),(391,1104,0,5,NULL,NULL,4,'2023-05-10 14:48:55'),(392,1105,0,5,NULL,NULL,4,'2023-05-10 14:48:55'),(393,1106,0,5,NULL,NULL,4,'2023-05-10 14:48:55'),(394,1108,0,5,NULL,NULL,4,'2023-05-10 14:48:55'),(395,1109,0,5,NULL,NULL,4,'2023-05-10 14:48:55'),(396,1110,0,5,NULL,NULL,4,'2023-05-10 14:48:55'),(397,1112,0,5,NULL,NULL,4,'2023-05-10 14:48:55'),(707,1113,0,4,0,0.0000,NULL,'2023-05-17 16:17:56'),(399,1114,0,5,NULL,NULL,4,'2023-05-10 14:48:55'),(400,1115,0,5,NULL,NULL,4,'2023-05-10 14:48:55'),(401,1120,0,5,NULL,NULL,4,'2023-05-10 14:48:55'),(402,1121,0,5,NULL,NULL,4,'2023-05-10 14:48:55'),(700,1122,0,5,NULL,NULL,4,'2023-05-15 16:07:48'),(404,1123,0,5,NULL,NULL,5,'2023-05-10 14:48:55'),(692,1125,0,5,NULL,NULL,4,'2023-05-15 16:00:07'),(406,1126,0,5,NULL,NULL,4,'2023-05-10 14:48:55'),(407,1127,0,5,NULL,NULL,4,'2023-05-10 14:48:55'),(408,1128,0,5,NULL,NULL,5,'2023-05-10 14:48:55'),(409,1129,0,5,NULL,NULL,5,'2023-05-10 14:48:55'),(711,1130,0,4,0,0.0000,NULL,'2023-05-17 16:18:36'),(411,1131,0,5,NULL,NULL,4,'2023-05-10 14:48:55'),(412,1132,0,5,NULL,NULL,4,'2023-05-10 14:48:55'),(413,1133,0,5,NULL,NULL,4,'2023-05-10 14:48:55'),(414,1134,0,5,NULL,NULL,4,'2023-05-10 14:48:55'),(415,1136,0,5,NULL,NULL,4,'2023-05-10 14:48:55'),(416,1137,0,5,NULL,NULL,4,'2023-05-10 14:48:55'),(417,1138,0,5,NULL,NULL,5,'2023-05-10 14:48:55'),(418,1139,0,5,NULL,NULL,4,'2023-05-10 14:48:55'),(419,1140,0,5,NULL,NULL,4,'2023-05-10 14:48:55'),(420,1141,0,5,NULL,NULL,4,'2023-05-10 14:48:55'),(421,1142,0,5,NULL,NULL,4,'2023-05-10 14:48:55'),(422,1143,0,5,NULL,NULL,4,'2023-05-10 14:48:55'),(423,1144,0,5,NULL,NULL,4,'2023-05-10 14:48:55'),(424,1145,0,5,NULL,NULL,4,'2023-05-10 14:48:55'),(425,1146,0,5,NULL,NULL,4,'2023-05-10 14:48:55'),(426,1147,0,5,NULL,NULL,4,'2023-05-10 14:48:55'),(427,1148,0,5,NULL,NULL,4,'2023-05-10 14:48:55'),(428,1150,0,5,NULL,NULL,5,'2023-05-10 14:48:55'),(429,1151,0,5,NULL,NULL,4,'2023-05-10 14:48:55'),(430,1152,0,5,NULL,NULL,4,'2023-05-10 14:48:55'),(431,1153,0,5,NULL,NULL,4,'2023-05-10 14:48:55'),(432,1154,0,5,NULL,NULL,4,'2023-05-10 14:48:55'),(433,1155,0,5,NULL,NULL,4,'2023-05-10 14:48:55'),(434,1156,0,5,NULL,NULL,5,'2023-05-10 14:48:55'),(435,1157,0,5,NULL,NULL,4,'2023-05-10 14:48:55'),(436,1158,0,5,NULL,NULL,5,'2023-05-10 14:48:55'),(437,1159,0,5,NULL,NULL,4,'2023-05-10 14:48:55'),(438,1160,0,5,NULL,NULL,4,'2023-05-10 14:48:55'),(439,1161,0,5,NULL,NULL,4,'2023-05-10 14:48:55'),(440,1162,0,5,NULL,NULL,4,'2023-05-10 14:48:55'),(441,1163,0,5,NULL,NULL,4,'2023-05-10 14:48:55'),(442,1164,0,5,NULL,NULL,4,'2023-05-10 14:48:55'),(443,1165,0,5,NULL,NULL,4,'2023-05-10 14:48:55'),(444,1166,0,5,NULL,NULL,4,'2023-05-10 14:48:55'),(445,1172,0,5,NULL,NULL,4,'2023-05-10 14:48:55'),(446,1173,0,5,NULL,NULL,4,'2023-05-10 14:48:55'),(447,1175,0,5,NULL,NULL,4,'2023-05-10 14:48:55'),(448,1176,0,5,NULL,NULL,4,'2023-05-10 14:48:55'),(449,1177,0,5,NULL,NULL,4,'2023-05-10 14:48:55'),(450,1178,0,5,NULL,NULL,4,'2023-05-10 14:48:55'),(451,1179,0,5,NULL,NULL,4,'2023-05-10 14:48:55'),(452,1180,0,5,NULL,NULL,4,'2023-05-10 14:48:55'),(453,1181,0,5,NULL,NULL,4,'2023-05-10 14:48:55'),(454,1182,0,5,NULL,NULL,5,'2023-05-10 14:48:55'),(455,1183,0,5,NULL,NULL,4,'2023-05-10 14:48:55'),(456,1184,0,5,NULL,NULL,4,'2023-05-10 14:48:55'),(457,1185,0,5,NULL,NULL,4,'2023-05-10 14:48:55'),(458,1186,0,5,NULL,NULL,4,'2023-05-10 14:48:55'),(459,1187,0,5,NULL,NULL,4,'2023-05-10 14:48:55'),(460,1188,0,5,NULL,NULL,4,'2023-05-10 14:48:55'),(461,1189,0,5,NULL,NULL,4,'2023-05-10 14:48:55'),(462,1190,0,5,NULL,NULL,4,'2023-05-10 14:48:55'),(463,1191,0,5,NULL,NULL,4,'2023-05-10 14:48:55'),(464,1192,0,5,NULL,NULL,4,'2023-05-10 14:48:55'),(465,1193,0,5,NULL,NULL,4,'2023-05-10 14:48:55'),(466,1194,0,5,NULL,NULL,4,'2023-05-10 14:48:55'),(467,1195,0,5,NULL,NULL,4,'2023-05-10 14:48:55'),(468,1196,0,5,NULL,NULL,4,'2023-05-10 14:48:55'),(469,1197,0,5,NULL,NULL,4,'2023-05-10 14:48:55'),(470,1198,0,5,NULL,NULL,4,'2023-05-10 14:48:55'),(471,1199,0,5,NULL,NULL,5,'2023-05-10 14:48:55'),(472,1200,0,5,NULL,NULL,4,'2023-05-10 14:48:55'),(473,1201,0,5,NULL,NULL,4,'2023-05-10 14:48:55'),(474,1202,0,5,NULL,NULL,4,'2023-05-10 14:48:55'),(475,1203,0,5,NULL,NULL,4,'2023-05-10 14:48:55'),(476,1204,0,5,NULL,NULL,4,'2023-05-10 14:48:55'),(477,1205,0,5,NULL,NULL,4,'2023-05-10 14:48:55'),(478,1210,0,5,NULL,NULL,4,'2023-05-10 14:48:55'),(479,1211,0,5,NULL,NULL,4,'2023-05-10 14:48:55'),(480,1213,0,5,NULL,NULL,4,'2023-05-10 14:48:55'),(481,1214,0,5,NULL,NULL,4,'2023-05-10 14:48:55'),(482,1215,0,5,NULL,NULL,4,'2023-05-10 14:48:55'),(483,1216,0,5,NULL,NULL,4,'2023-05-10 14:48:55'),(484,1217,0,5,NULL,NULL,4,'2023-05-10 14:48:55'),(485,1218,0,5,NULL,NULL,4,'2023-05-10 14:48:55'),(486,1219,0,5,NULL,NULL,4,'2023-05-10 14:48:55'),(487,1220,0,5,NULL,NULL,4,'2023-05-10 14:48:55'),(488,1221,0,5,NULL,NULL,4,'2023-05-10 14:48:55'),(489,1222,0,5,NULL,NULL,4,'2023-05-10 14:48:55'),(490,2310,0,5,NULL,NULL,4,'2023-05-10 14:48:55'),(491,2317,0,5,NULL,NULL,4,'2023-05-10 14:48:55'),(492,2324,0,5,NULL,NULL,4,'2023-05-10 14:48:55'),(493,2331,0,5,NULL,NULL,4,'2023-05-10 14:48:55'),(494,2338,0,5,NULL,NULL,4,'2023-05-10 14:48:55'),(495,2342,0,5,NULL,NULL,4,'2023-05-10 14:48:55'),(496,2345,0,5,NULL,NULL,4,'2023-05-10 14:48:55'),(497,2348,0,5,NULL,NULL,4,'2023-05-10 14:48:55'),(498,2352,0,5,NULL,NULL,4,'2023-05-10 14:48:55'),(499,2357,0,5,NULL,NULL,4,'2023-05-10 14:48:55'),(500,253,0,6,NULL,1247.0000,NULL,'2023-05-10 14:48:55'),(501,435,0,6,NULL,1247.0000,NULL,'2023-05-10 14:48:55'),(502,442,0,6,NULL,1448.0000,NULL,'2023-05-10 14:48:55'),(503,449,0,6,NULL,1247.0000,NULL,'2023-05-10 14:48:55'),(504,456,0,6,NULL,1247.0000,NULL,'2023-05-10 14:48:55'),(505,463,0,6,NULL,1515.0000,NULL,'2023-05-10 14:48:55'),(506,470,0,6,NULL,1381.0000,NULL,'2023-05-10 14:48:55'),(507,477,0,6,NULL,1247.0000,NULL,'2023-05-10 14:48:55'),(508,484,0,6,NULL,1247.0000,NULL,'2023-05-10 14:48:55'),(509,491,0,6,NULL,1336.0000,NULL,'2023-05-10 14:48:55'),(510,498,0,6,NULL,1336.0000,NULL,'2023-05-10 14:48:55'),(511,505,0,6,NULL,1426.0000,NULL,'2023-05-10 14:48:55'),(512,512,0,6,NULL,1336.0000,NULL,'2023-05-10 14:48:55'),(513,569,0,6,NULL,1041.0000,NULL,'2023-05-10 14:48:55'),(514,864,0,6,NULL,1604.0000,NULL,'2023-05-10 14:48:55'),(515,865,0,6,NULL,2051.0000,NULL,'2023-05-10 14:48:55'),(516,867,0,6,NULL,1604.0000,NULL,'2023-05-10 14:48:55'),(517,877,0,6,NULL,3151.0000,NULL,'2023-05-10 14:48:55'),(518,880,0,6,NULL,1381.0000,NULL,'2023-05-10 14:48:55'),(519,881,0,6,NULL,5898.0000,NULL,'2023-05-10 14:48:55'),(520,882,0,6,NULL,675.0000,NULL,'2023-05-10 14:48:55'),(521,883,0,6,NULL,1336.0000,NULL,'2023-05-10 14:48:55'),(522,886,0,6,NULL,3571.0000,NULL,'2023-05-10 14:48:55'),(523,888,0,6,NULL,1426.0000,NULL,'2023-05-10 14:48:55'),(524,890,0,6,NULL,1426.0000,NULL,'2023-05-10 14:48:55'),(525,892,0,6,NULL,1515.0000,NULL,'2023-05-10 14:48:55'),(526,893,0,6,NULL,1426.0000,NULL,'2023-05-10 14:48:55'),(527,894,0,6,NULL,1515.0000,NULL,'2023-05-10 14:48:55'),(528,895,0,6,NULL,1515.0000,NULL,'2023-05-10 14:48:55'),(529,896,0,6,NULL,1515.0000,NULL,'2023-05-10 14:48:55'),(530,898,0,6,NULL,2588.0000,NULL,'2023-05-10 14:48:55'),(531,900,0,6,NULL,1515.0000,NULL,'2023-05-10 14:48:55'),(532,902,0,6,NULL,1515.0000,NULL,'2023-05-10 14:48:55'),(533,903,0,6,NULL,4460.0000,NULL,'2023-05-10 14:48:55'),(534,904,0,6,NULL,1515.0000,NULL,'2023-05-10 14:48:55'),(535,905,0,6,NULL,1448.0000,NULL,'2023-05-10 14:48:55'),(536,906,0,6,NULL,1694.0000,NULL,'2023-05-10 14:48:55'),(537,908,0,6,NULL,1783.0000,NULL,'2023-05-10 14:48:55'),(538,909,0,6,NULL,1393.0000,NULL,'2023-05-10 14:48:55'),(539,910,0,6,NULL,1426.0000,NULL,'2023-05-10 14:48:55'),(540,911,0,6,NULL,1247.0000,NULL,'2023-05-10 14:48:55'),(541,913,0,6,NULL,1247.0000,NULL,'2023-05-10 14:48:55'),(542,915,0,6,NULL,1426.0000,NULL,'2023-05-10 14:48:55'),(543,917,0,6,NULL,1247.0000,NULL,'2023-05-10 14:48:55'),(544,920,0,6,NULL,1247.0000,NULL,'2023-05-10 14:48:55'),(545,919,0,6,NULL,1604.0000,NULL,'2023-05-10 14:48:55'),(546,922,0,6,NULL,1694.0000,NULL,'2023-05-10 14:48:55'),(547,923,0,6,NULL,1604.0000,NULL,'2023-05-10 14:48:55'),(548,924,0,6,NULL,1515.0000,NULL,'2023-05-10 14:48:55'),(549,926,0,6,NULL,1694.0000,NULL,'2023-05-10 14:48:55'),(550,928,0,6,NULL,1694.0000,NULL,'2023-05-10 14:48:55'),(551,929,0,6,NULL,1694.0000,NULL,'2023-05-10 14:48:55'),(552,930,0,6,NULL,1694.0000,NULL,'2023-05-10 14:48:55'),(553,932,0,6,NULL,1595.0000,NULL,'2023-05-10 14:48:55'),(554,933,0,6,NULL,1595.0000,NULL,'2023-05-10 14:48:55'),(555,934,0,6,NULL,1595.0000,NULL,'2023-05-10 14:48:55'),(556,935,0,6,NULL,2274.0000,NULL,'2023-05-10 14:48:55'),(557,937,0,6,NULL,1695.0000,NULL,'2023-05-10 14:48:55'),(558,938,0,6,NULL,2740.2500,NULL,'2023-05-10 14:48:55'),(559,939,0,6,NULL,3531.0000,NULL,'2023-05-10 14:48:55'),(560,941,0,6,NULL,3793.9800,NULL,'2023-05-10 14:48:55'),(561,942,0,6,NULL,3083.6300,NULL,'2023-05-10 14:48:55'),(562,943,0,6,NULL,2189.8200,NULL,'2023-05-10 14:48:55'),(563,945,0,6,NULL,1698.2300,NULL,'2023-05-10 14:48:55'),(564,946,0,6,NULL,1340.7000,NULL,'2023-05-10 14:48:55'),(565,947,0,6,NULL,1251.3300,NULL,'2023-05-10 14:48:55'),(566,948,0,6,NULL,989.0000,NULL,'2023-05-10 14:48:55'),(567,951,0,6,NULL,1017.0000,NULL,'2023-05-10 14:48:55'),(568,949,0,6,NULL,985.0000,NULL,'2023-05-10 14:48:55'),(682,950,0,1,NULL,NULL,2,'2023-05-10 16:22:11'),(702,1100,0,1,NULL,NULL,2,'2023-05-17 16:06:42'),(571,1101,0,6,NULL,26995.0000,NULL,'2023-05-10 14:48:55'),(572,1104,0,6,NULL,9195.0000,NULL,'2023-05-10 14:48:55'),(573,1105,0,6,NULL,17330.0000,NULL,'2023-05-10 14:48:55'),(574,1106,0,6,NULL,17330.0000,NULL,'2023-05-10 14:48:55'),(575,1108,0,6,NULL,17595.0000,NULL,'2023-05-10 14:48:55'),(576,1109,0,6,NULL,17330.0000,NULL,'2023-05-10 14:48:55'),(577,1110,0,6,NULL,11995.0000,NULL,'2023-05-10 14:48:55'),(578,1112,0,6,NULL,8995.0000,NULL,'2023-05-10 14:48:55'),(706,1113,0,1,NULL,NULL,2,'2023-05-17 16:17:55'),(580,1114,0,6,NULL,17595.0000,NULL,'2023-05-10 14:48:55'),(581,1115,0,6,NULL,17995.0000,NULL,'2023-05-10 14:48:55'),(582,1120,0,6,NULL,19995.0000,NULL,'2023-05-10 14:48:55'),(583,1121,0,6,NULL,17330.0000,NULL,'2023-05-10 14:48:55'),(701,1122,0,6,NULL,13403.0000,NULL,'2023-05-15 16:07:48'),(585,1123,0,6,NULL,12220.0000,NULL,'2023-05-10 14:48:55'),(693,1125,0,6,NULL,3740.0000,NULL,'2023-05-15 16:00:07'),(587,1126,0,6,NULL,7795.0000,NULL,'2023-05-10 14:48:55'),(588,1127,0,6,NULL,17595.0000,NULL,'2023-05-10 14:48:55'),(589,1128,0,6,NULL,17995.0000,NULL,'2023-05-10 14:48:55'),(590,1129,0,6,NULL,17330.0000,NULL,'2023-05-10 14:48:55'),(710,1130,0,1,NULL,NULL,2,'2023-05-17 16:18:36'),(592,1131,0,6,NULL,14995.0000,NULL,'2023-05-10 14:48:55'),(593,1132,0,6,NULL,8995.0000,NULL,'2023-05-10 14:48:55'),(594,1133,0,6,NULL,5645.0000,NULL,'2023-05-10 14:48:55'),(595,1134,0,6,NULL,8995.0000,NULL,'2023-05-10 14:48:55'),(596,1136,0,6,NULL,9995.0000,NULL,'2023-05-10 14:48:55'),(597,1137,0,6,NULL,6975.0000,NULL,'2023-05-10 14:48:55'),(598,1138,0,6,NULL,19995.0000,NULL,'2023-05-10 14:48:55'),(599,1139,0,6,NULL,19995.0000,NULL,'2023-05-10 14:48:55'),(600,1140,0,6,NULL,12995.0000,NULL,'2023-05-10 14:48:55'),(601,1141,0,6,NULL,12995.0000,NULL,'2023-05-10 14:48:55'),(602,1142,0,6,NULL,12995.0000,NULL,'2023-05-10 14:48:55'),(603,1143,0,6,NULL,12995.0000,NULL,'2023-05-10 14:48:55'),(604,1144,0,6,NULL,11995.0000,NULL,'2023-05-10 14:48:55'),(605,1145,0,6,NULL,11995.0000,NULL,'2023-05-10 14:48:55'),(606,1146,0,6,NULL,11995.0000,NULL,'2023-05-10 14:48:55'),(607,1147,0,6,NULL,11995.0000,NULL,'2023-05-10 14:48:55'),(608,1148,0,6,NULL,8995.0000,NULL,'2023-05-10 14:48:55'),(609,1150,0,6,NULL,8995.0000,NULL,'2023-05-10 14:48:55'),(610,1151,0,6,NULL,8995.0000,NULL,'2023-05-10 14:48:55'),(611,1152,0,6,NULL,8995.0000,NULL,'2023-05-10 14:48:55'),(612,1153,0,6,NULL,7855.0000,NULL,'2023-05-10 14:48:55'),(613,1154,0,6,NULL,7855.0000,NULL,'2023-05-10 14:48:55'),(614,1155,0,6,NULL,6975.0000,NULL,'2023-05-10 14:48:55'),(615,1156,0,6,NULL,6975.0000,NULL,'2023-05-10 14:48:55'),(616,1157,0,6,NULL,6495.0000,NULL,'2023-05-10 14:48:55'),(617,1158,0,6,NULL,6495.0000,NULL,'2023-05-10 14:48:55'),(618,1159,0,6,NULL,6495.0000,NULL,'2023-05-10 14:48:55'),(619,1160,0,6,NULL,5645.0000,NULL,'2023-05-10 14:48:55'),(620,1161,0,6,NULL,5645.0000,NULL,'2023-05-10 14:48:55'),(621,1162,0,6,NULL,5645.0000,NULL,'2023-05-10 14:48:55'),(622,1163,0,6,NULL,6545.0000,NULL,'2023-05-10 14:48:55'),(623,1164,0,6,NULL,5645.0000,NULL,'2023-05-10 14:48:55'),(624,1165,0,6,NULL,7855.0000,NULL,'2023-05-10 14:48:55'),(625,1166,0,6,NULL,7855.0000,NULL,'2023-05-10 14:48:55'),(626,1172,0,6,NULL,1041.0000,NULL,'2023-05-10 14:48:55'),(627,1173,0,6,NULL,1604.0000,NULL,'2023-05-10 14:48:55'),(628,1175,0,6,NULL,2051.0000,NULL,'2023-05-10 14:48:55'),(629,1176,0,6,NULL,1515.0000,NULL,'2023-05-10 14:48:55'),(630,1177,0,6,NULL,1515.0000,NULL,'2023-05-10 14:48:55'),(631,1178,0,6,NULL,1515.0000,NULL,'2023-05-10 14:48:55'),(632,1179,0,6,NULL,1515.0000,NULL,'2023-05-10 14:48:55'),(633,1180,0,6,NULL,1426.0000,NULL,'2023-05-10 14:48:55'),(634,1181,0,6,NULL,1515.0000,NULL,'2023-05-10 14:48:55'),(635,1182,0,6,NULL,1426.0000,NULL,'2023-05-10 14:48:55'),(636,1183,0,6,NULL,1426.0000,NULL,'2023-05-10 14:48:55'),(637,1184,0,6,NULL,1336.0000,NULL,'2023-05-10 14:48:55'),(638,1185,0,6,NULL,675.0000,NULL,'2023-05-10 14:48:55'),(639,1186,0,6,NULL,1381.0000,NULL,'2023-05-10 14:48:55'),(640,1187,0,6,NULL,1694.0000,NULL,'2023-05-10 14:48:55'),(641,1188,0,6,NULL,1448.0000,NULL,'2023-05-10 14:48:55'),(642,1189,0,6,NULL,1515.0000,NULL,'2023-05-10 14:48:55'),(643,1190,0,6,NULL,1247.0000,NULL,'2023-05-10 14:48:55'),(644,1191,0,6,NULL,1426.0000,NULL,'2023-05-10 14:48:55'),(645,1192,0,6,NULL,1247.0000,NULL,'2023-05-10 14:48:55'),(646,1193,0,6,NULL,1247.0000,NULL,'2023-05-10 14:48:55'),(647,1194,0,6,NULL,1247.0000,NULL,'2023-05-10 14:48:55'),(648,1195,0,6,NULL,1426.0000,NULL,'2023-05-10 14:48:55'),(649,1196,0,6,NULL,1393.0000,NULL,'2023-05-10 14:48:55'),(650,1197,0,6,NULL,1783.0000,NULL,'2023-05-10 14:48:55'),(651,1198,0,6,NULL,1515.0000,NULL,'2023-05-10 14:48:55'),(652,1199,0,6,NULL,1604.0000,NULL,'2023-05-10 14:48:55'),(653,1200,0,6,NULL,1694.0000,NULL,'2023-05-10 14:48:55'),(654,1201,0,6,NULL,1604.0000,NULL,'2023-05-10 14:48:55'),(655,1202,0,6,NULL,1694.0000,NULL,'2023-05-10 14:48:55'),(656,1203,0,6,NULL,1694.0000,NULL,'2023-05-10 14:48:55'),(657,1204,0,6,NULL,1694.0000,NULL,'2023-05-10 14:48:55'),(658,1205,0,6,NULL,1694.0000,NULL,'2023-05-10 14:48:55'),(659,1210,0,6,NULL,1247.0000,NULL,'2023-05-10 14:48:55'),(660,1211,0,6,NULL,1247.0000,NULL,'2023-05-10 14:48:55'),(661,1213,0,6,NULL,1247.0000,NULL,'2023-05-10 14:48:55'),(662,1214,0,6,NULL,1247.0000,NULL,'2023-05-10 14:48:55'),(663,1215,0,6,NULL,1515.0000,NULL,'2023-05-10 14:48:55'),(664,1216,0,6,NULL,1381.0000,NULL,'2023-05-10 14:48:55'),(665,1217,0,6,NULL,1247.0000,NULL,'2023-05-10 14:48:55'),(666,1218,0,6,NULL,1247.0000,NULL,'2023-05-10 14:48:55'),(667,1219,0,6,NULL,1336.0000,NULL,'2023-05-10 14:48:55'),(668,1220,0,6,NULL,1336.0000,NULL,'2023-05-10 14:48:55'),(669,1221,0,6,NULL,1426.0000,NULL,'2023-05-10 14:48:55'),(670,1222,0,6,NULL,1336.0000,NULL,'2023-05-10 14:48:55'),(671,2310,0,6,NULL,1704.0000,NULL,'2023-05-10 14:48:55'),(672,2317,0,6,NULL,1611.0000,NULL,'2023-05-10 14:48:55'),(673,2324,0,6,NULL,1611.0000,NULL,'2023-05-10 14:48:55'),(674,2331,0,6,NULL,1611.0000,NULL,'2023-05-10 14:48:55'),(675,2338,0,6,NULL,1674.0000,NULL,'2023-05-10 14:48:55'),(676,2342,0,6,NULL,2304.0000,NULL,'2023-05-10 14:48:55'),(677,2345,0,6,NULL,2400.0000,NULL,'2023-05-10 14:48:55'),(678,2348,0,6,NULL,3551.0000,NULL,'2023-05-10 14:48:55'),(679,2352,0,6,NULL,1030.0000,NULL,'2023-05-10 14:48:55'),(680,2357,0,6,NULL,5898.0000,NULL,'2023-05-10 14:48:55');

--
-- Table structure for table `wpos_wpf_meta_keys`
--

CREATE TABLE `wpos_wpf_meta_keys` (
  `id` int NOT NULL AUTO_INCREMENT,
  `meta_mode` smallint NOT NULL,
  `meta_key` varchar(255) NOT NULL,
  `taxonomy` varchar(255) NOT NULL,
  `meta_like` smallint NOT NULL,
  `parent` int NOT NULL,
  `meta_type` smallint NOT NULL,
  `status` smallint NOT NULL,
  `added` timestamp NOT NULL DEFAULT CURRENT_TIMESTAMP,
  `updated` timestamp NOT NULL DEFAULT '0000-00-00 00:00:00',
  `locked` timestamp NOT NULL DEFAULT '0000-00-00 00:00:00',
  `calculated` timestamp NOT NULL DEFAULT '0000-00-00 00:00:00',
  PRIMARY KEY (`id`),
  UNIQUE KEY `meta_key` (`meta_key`)
) ENGINE=MyISAM AUTO_INCREMENT=8 DEFAULT CHARSET=utf8mb3;

--
-- Dumping data for table `wpos_wpf_meta_keys`
--

INSERT INTO `wpos_wpf_meta_keys` VALUES (1,0,'_wpf_product_type','_wpf_product_type',0,0,0,1,'2022-12-08 15:58:21','2023-05-10 14:48:55','2023-05-10 14:48:55','2023-05-10 14:48:55'),(2,0,'_product_attributes','_product_attributes',0,0,8,1,'2022-12-08 15:58:21','2023-05-10 14:48:55','2023-05-10 14:48:55','2023-05-10 14:48:55'),(3,0,'attribute_%','',1,0,0,1,'2022-12-08 15:58:21','2023-05-17 16:18:36','2022-12-08 15:58:21','2023-05-17 16:18:36'),(4,0,'_wc_average_rating','_wc_average_rating',0,0,3,1,'2022-12-08 15:58:21','2023-05-10 14:48:55','2023-05-10 14:48:55','2023-05-10 14:48:55'),(5,0,'_stock_status','_stock_status',0,0,0,1,'2022-12-08 15:58:21','2023-05-10 14:48:55','2023-05-10 14:48:55','2023-05-10 14:48:55'),(6,0,'_price','_price',0,0,1,1,'2022-12-08 15:58:21','2023-05-10 14:48:55','2023-05-10 14:48:55','2023-05-10 14:48:55'),(7,0,'_sale_price','_sale_price',0,0,1,1,'2022-12-08 15:58:21','2023-05-10 14:48:55','2023-05-10 14:48:55','2023-05-10 14:48:55');

--
-- Table structure for table `wpos_wpf_meta_values`
--

CREATE TABLE `wpos_wpf_meta_values` (
  `id` bigint NOT NULL AUTO_INCREMENT,
  `key_id` int NOT NULL,
  `key2` varchar(32) CHARACTER SET utf8mb3 COLLATE utf8mb3_bin NOT NULL,
  `key3` varchar(32) CHARACTER SET utf8mb3 COLLATE utf8mb3_bin NOT NULL,
  `key4` varchar(32) CHARACTER SET utf8mb3 COLLATE utf8mb3_bin NOT NULL,
  `value` varchar(150) CHARACTER SET utf8mb3 COLLATE utf8mb3_bin DEFAULT NULL,
  `product_cnt` int NOT NULL DEFAULT '0',
  `variation_cnt` int NOT NULL DEFAULT '0',
  PRIMARY KEY (`id`),
  UNIQUE KEY `uniq_key` (`key_id`,`key2`,`key3`,`key4`,`value`),
  KEY `i_key` (`key_id`,`value`(10))
) ENGINE=MyISAM AUTO_INCREMENT=6 DEFAULT CHARSET=utf8mb3;

--
-- Dumping data for table `wpos_wpf_meta_values`
--

INSERT INTO `wpos_wpf_meta_values` VALUES (1,1,'','','','variable',0,0),(2,1,'','','','single',1,0),(3,1,'','','','variation',0,0),(4,5,'','','','instock',1,0),(5,5,'','','','outofstock',1,0);

--
-- Table structure for table `wpos_wpf_meta_values_bk`
--

CREATE TABLE `wpos_wpf_meta_values_bk` (
  `id` bigint NOT NULL,
  `key_id` int NOT NULL,
  `key2` varchar(32) NOT NULL,
  `key3` varchar(32) NOT NULL,
  `key4` varchar(32) NOT NULL,
  `value` varchar(150) DEFAULT NULL,
  PRIMARY KEY (`id`),
  KEY `key_id` (`key_id`)
) ENGINE=MyISAM DEFAULT CHARSET=utf8mb3;

--
-- Dumping data for table `wpos_wpf_meta_values_bk`
--


--
-- Table structure for table `wpos_wpf_modules`
--

CREATE TABLE `wpos_wpf_modules` (
  `id` smallint NOT NULL AUTO_INCREMENT,
  `code` varchar(32) NOT NULL,
  `active` tinyint(1) NOT NULL DEFAULT '0',
  `type_id` tinyint(1) NOT NULL DEFAULT '0',
  `label` varchar(64) DEFAULT NULL,
  `ex_plug_dir` varchar(255) DEFAULT NULL,
  PRIMARY KEY (`id`),
  UNIQUE KEY `code` (`code`)
) ENGINE=MyISAM AUTO_INCREMENT=13 DEFAULT CHARSET=utf8mb3;

--
-- Dumping data for table `wpos_wpf_modules`
--

INSERT INTO `wpos_wpf_modules` VALUES (1,'adminmenu',1,1,'Admin Menu',NULL),(2,'options',1,1,'Options',NULL),(3,'user',1,1,'Users',NULL),(4,'pages',1,1,'Pages',NULL),(5,'templates',1,1,'templates',NULL),(6,'promo',1,1,'promo',NULL),(7,'admin_nav',1,1,'admin_nav',NULL),(8,'woofilters',1,1,'woofilters',NULL),(9,'woofilters_widget',1,1,'woofilters_widget',NULL),(10,'mail',1,1,'mail',NULL),(11,'meta',1,1,'meta',NULL),(12,'overview',1,1,'overview',NULL);

--
-- Table structure for table `wpos_wpf_modules_type`
--

CREATE TABLE `wpos_wpf_modules_type` (
  `id` smallint NOT NULL AUTO_INCREMENT,
  `label` varchar(32) NOT NULL,
  PRIMARY KEY (`id`)
) ENGINE=MyISAM AUTO_INCREMENT=7 DEFAULT CHARSET=utf8mb3;

--
-- Dumping data for table `wpos_wpf_modules_type`
--

INSERT INTO `wpos_wpf_modules_type` VALUES (1,'system'),(6,'addons');

--
-- Table structure for table `wpos_wpf_usage_stat`
--

CREATE TABLE `wpos_wpf_usage_stat` (
  `id` int NOT NULL AUTO_INCREMENT,
  `code` varchar(64) NOT NULL,
  `visits` int NOT NULL DEFAULT '0',
  `spent_time` int NOT NULL DEFAULT '0',
  `modify_timestamp` timestamp NOT NULL DEFAULT CURRENT_TIMESTAMP,
  PRIMARY KEY (`id`),
  UNIQUE KEY `code` (`code`)
) ENGINE=MyISAM AUTO_INCREMENT=2 DEFAULT CHARSET=utf8mb3;

--
-- Dumping data for table `wpos_wpf_usage_stat`
--

INSERT INTO `wpos_wpf_usage_stat` VALUES (1,'installed',1,0,'2022-12-08 16:42:38');

--
-- Table structure for table `wpos_wpfm_backup`
--

CREATE TABLE `wpos_wpfm_backup` (
  `id` int NOT NULL AUTO_INCREMENT,
  `backup_name` text COLLATE utf8mb4_unicode_520_ci,
  `backup_date` text COLLATE utf8mb4_unicode_520_ci,
  PRIMARY KEY (`id`)
) ENGINE=InnoDB DEFAULT CHARSET=utf8mb4 COLLATE=utf8mb4_unicode_520_ci;

--
-- Dumping data for table `wpos_wpfm_backup`
--


--
-- Table structure for table `wpos_wpmailsmtp_debug_events`
--

CREATE TABLE `wpos_wpmailsmtp_debug_events` (
  `id` int unsigned NOT NULL AUTO_INCREMENT,
  `content` text COLLATE utf8mb4_unicode_520_ci,
  `initiator` text COLLATE utf8mb4_unicode_520_ci,
  `event_type` tinyint unsigned NOT NULL DEFAULT '0',
  `created_at` timestamp NOT NULL DEFAULT CURRENT_TIMESTAMP,
  PRIMARY KEY (`id`)
) ENGINE=InnoDB AUTO_INCREMENT=56 DEFAULT CHARSET=utf8mb4 COLLATE=utf8mb4_unicode_520_ci;

--
-- Dumping data for table `wpos_wpmailsmtp_debug_events`
--

INSERT INTO `wpos_wpmailsmtp_debug_events` VALUES (1,'Mailer: Por defecto (ninguno)\r\nPHPMailer was able to connect to SMTP server but failed while trying to send an email.','{\"file\":\"\\/var\\/www\\/html\\/devv\\/wp-content\\/plugins\\/wp-mail-smtp\\/src\\/Admin\\/Pages\\/TestTab.php\",\"line\":345}',0,'2023-02-14 02:43:43'),(2,'Mailer: Gmail\r\ncURL error 6: Could not resolve host: oauth2.googleapis.com (see https://curl.haxx.se/libcurl/c/libcurl-errors.html)','',0,'2023-02-28 03:25:47'),(3,'Mailer: Gmail\r\ncURL error 6: Could not resolve host: oauth2.googleapis.com (see https://curl.haxx.se/libcurl/c/libcurl-errors.html)','',0,'2023-02-28 03:26:40'),(4,'Mailer: Gmail\r\ncURL error 6: Could not resolve host: oauth2.googleapis.com (see https://curl.haxx.se/libcurl/c/libcurl-errors.html)','',0,'2023-02-28 03:39:04'),(5,'Mailer: Gmail\r\ncURL error 6: Could not resolve host: oauth2.googleapis.com (see https://curl.haxx.se/libcurl/c/libcurl-errors.html)','',0,'2023-02-28 03:52:22'),(6,'Mailer: Gmail\r\ncURL error 6: Could not resolve host: oauth2.googleapis.com (see https://curl.haxx.se/libcurl/c/libcurl-errors.html)','',0,'2023-02-28 19:47:37'),(7,'Mailer: Gmail\r\ncURL error 6: Could not resolve host: oauth2.googleapis.com (see https://curl.haxx.se/libcurl/c/libcurl-errors.html)','{\"file\":\"\\/var\\/www\\/html\\/devv\\/wp-content\\/plugins\\/woocommerce\\/includes\\/emails\\/class-wc-email.php\",\"line\":688}',0,'2023-02-28 23:25:21'),(8,'Mailer: Google / Gmail\r\ncURL error 6: Could not resolve host: oauth2.googleapis.com (see https://curl.haxx.se/libcurl/c/libcurl-errors.html)','{\"file\":\"\\/var\\/www\\/html\\/devv\\/wp-content\\/plugins\\/woocommerce\\/includes\\/emails\\/class-wc-email.php\",\"line\":688}',0,'2023-02-28 23:25:51'),(9,'Mailer: Gmail\r\ncURL error 6: Could not resolve host: oauth2.googleapis.com (see https://curl.haxx.se/libcurl/c/libcurl-errors.html)','',0,'2023-03-01 19:21:55'),(10,'Mailer: Gmail\r\ncURL error 6: Could not resolve host: oauth2.googleapis.com (see https://curl.haxx.se/libcurl/c/libcurl-errors.html)','',0,'2023-03-01 19:23:27'),(11,'Mailer: Gmail\r\ncURL error 6: Could not resolve host: oauth2.googleapis.com (see https://curl.haxx.se/libcurl/c/libcurl-errors.html)','',0,'2023-03-01 19:24:58'),(12,'Mailer: Gmail\r\ncURL error 6: Could not resolve host: oauth2.googleapis.com (see https://curl.haxx.se/libcurl/c/libcurl-errors.html)','',0,'2023-03-01 19:26:26'),(13,'Mailer: Gmail\r\ncURL error 6: Could not resolve host: oauth2.googleapis.com (see https://curl.haxx.se/libcurl/c/libcurl-errors.html)','',0,'2023-03-01 19:26:44'),(14,'Mailer: Gmail\r\ncURL error 6: Could not resolve host: oauth2.googleapis.com (see https://curl.haxx.se/libcurl/c/libcurl-errors.html)','',0,'2023-03-02 00:13:40'),(15,'Mailer: Gmail\r\ncURL error 6: Could not resolve host: oauth2.googleapis.com (see https://curl.haxx.se/libcurl/c/libcurl-errors.html)','',0,'2023-03-02 00:14:52'),(16,'Mailer: Gmail\r\ncURL error 6: Could not resolve host: oauth2.googleapis.com (see https://curl.haxx.se/libcurl/c/libcurl-errors.html)','',0,'2023-03-02 00:15:50'),(17,'Mailer: Gmail\r\ncURL error 6: Could not resolve host: oauth2.googleapis.com (see https://curl.haxx.se/libcurl/c/libcurl-errors.html)','',0,'2023-03-02 00:15:50'),(18,'Mailer: Gmail\r\ncURL error 6: Could not resolve host: oauth2.googleapis.com (see https://curl.haxx.se/libcurl/c/libcurl-errors.html)','',0,'2023-03-02 00:18:12'),(19,'Mailer: Gmail\r\ncURL error 6: Could not resolve host: oauth2.googleapis.com (see https://curl.haxx.se/libcurl/c/libcurl-errors.html)','',0,'2023-03-02 00:18:24'),(20,'Mailer: Gmail\r\ncURL error 6: Could not resolve host: oauth2.googleapis.com (see https://curl.haxx.se/libcurl/c/libcurl-errors.html)','',0,'2023-03-02 00:19:51'),(21,'Mailer: Gmail\r\ncURL error 6: Could not resolve host: oauth2.googleapis.com (see https://curl.haxx.se/libcurl/c/libcurl-errors.html)','',0,'2023-03-02 00:20:06'),(22,'Mailer: Gmail\r\ncURL error 6: Could not resolve host: oauth2.googleapis.com (see https://curl.haxx.se/libcurl/c/libcurl-errors.html)','',0,'2023-03-02 00:20:21'),(23,'Mailer: Gmail\r\ncURL error 6: Could not resolve host: oauth2.googleapis.com (see https://curl.haxx.se/libcurl/c/libcurl-errors.html)','',0,'2023-03-02 00:20:24'),(24,'Mailer: Gmail\r\ncURL error 6: Could not resolve host: oauth2.googleapis.com (see https://curl.haxx.se/libcurl/c/libcurl-errors.html)','',0,'2023-03-02 00:20:25'),(25,'Mailer: Gmail\r\ncURL error 6: Could not resolve host: oauth2.googleapis.com (see https://curl.haxx.se/libcurl/c/libcurl-errors.html)','',0,'2023-03-02 00:21:09'),(26,'Mailer: Gmail\r\ncURL error 6: Could not resolve host: oauth2.googleapis.com (see https://curl.haxx.se/libcurl/c/libcurl-errors.html)','',0,'2023-03-02 00:21:17'),(27,'Mailer: Gmail\r\ncURL error 6: Could not resolve host: oauth2.googleapis.com (see https://curl.haxx.se/libcurl/c/libcurl-errors.html)','',0,'2023-03-02 00:21:20'),(28,'Mailer: Gmail\r\ncURL error 6: Could not resolve host: oauth2.googleapis.com (see https://curl.haxx.se/libcurl/c/libcurl-errors.html)','',0,'2023-03-02 00:21:24'),(29,'Mailer: Gmail\r\ncURL error 6: Could not resolve host: oauth2.googleapis.com (see https://curl.haxx.se/libcurl/c/libcurl-errors.html)','',0,'2023-03-02 00:21:25'),(30,'Mailer: Gmail\r\ncURL error 6: Could not resolve host: oauth2.googleapis.com (see https://curl.haxx.se/libcurl/c/libcurl-errors.html)','',0,'2023-03-02 00:21:25'),(31,'Mailer: Gmail\r\ncURL error 6: Could not resolve host: oauth2.googleapis.com (see https://curl.haxx.se/libcurl/c/libcurl-errors.html)','',0,'2023-03-02 00:21:25'),(32,'Mailer: Gmail\r\ncURL error 6: Could not resolve host: oauth2.googleapis.com (see https://curl.haxx.se/libcurl/c/libcurl-errors.html)','',0,'2023-03-02 00:21:26'),(33,'Mailer: Gmail\r\ncURL error 6: Could not resolve host: oauth2.googleapis.com (see https://curl.haxx.se/libcurl/c/libcurl-errors.html)','',0,'2023-03-02 00:21:28'),(34,'Mailer: Gmail\r\ncURL error 6: Could not resolve host: oauth2.googleapis.com (see https://curl.haxx.se/libcurl/c/libcurl-errors.html)','',0,'2023-03-02 00:21:28'),(35,'Mailer: Gmail\r\ncURL error 6: Could not resolve host: oauth2.googleapis.com (see https://curl.haxx.se/libcurl/c/libcurl-errors.html)','',0,'2023-03-02 00:21:28'),(36,'Mailer: Gmail\r\ncURL error 6: Could not resolve host: oauth2.googleapis.com (see https://curl.haxx.se/libcurl/c/libcurl-errors.html)','',0,'2023-03-02 00:21:28'),(37,'Mailer: Gmail\r\ncURL error 6: Could not resolve host: oauth2.googleapis.com (see https://curl.haxx.se/libcurl/c/libcurl-errors.html)','',0,'2023-03-02 00:21:29'),(38,'Mailer: Gmail\r\ncURL error 6: Could not resolve host: oauth2.googleapis.com (see https://curl.haxx.se/libcurl/c/libcurl-errors.html)','',0,'2023-03-02 00:21:33'),(39,'Mailer: Gmail\r\ncURL error 6: Could not resolve host: oauth2.googleapis.com (see https://curl.haxx.se/libcurl/c/libcurl-errors.html)','',0,'2023-03-02 00:42:29'),(40,'Mailer: Gmail\r\ncURL error 6: Could not resolve host: oauth2.googleapis.com (see https://curl.haxx.se/libcurl/c/libcurl-errors.html)','',0,'2023-03-02 00:42:43'),(41,'Mailer: Gmail\r\ncURL error 6: Could not resolve host: oauth2.googleapis.com (see https://curl.haxx.se/libcurl/c/libcurl-errors.html)','',0,'2023-03-04 02:52:27'),(42,'Mailer: Gmail\r\ncURL error 6: Could not resolve host: oauth2.googleapis.com (see https://curl.haxx.se/libcurl/c/libcurl-errors.html)','',0,'2023-03-07 23:26:02'),(43,'Mailer: Gmail\r\ncURL error 6: Could not resolve host: oauth2.googleapis.com (see https://curl.haxx.se/libcurl/c/libcurl-errors.html)','',0,'2023-03-07 23:26:34'),(44,'Mailer: Gmail\r\ncURL error 6: Could not resolve host: oauth2.googleapis.com (see https://curl.haxx.se/libcurl/c/libcurl-errors.html)','',0,'2023-03-08 00:08:27'),(45,'Mailer: Gmail\r\ncURL error 6: Could not resolve host: oauth2.googleapis.com (see https://curl.haxx.se/libcurl/c/libcurl-errors.html)','',0,'2023-03-08 00:13:30'),(46,'Mailer: Gmail\r\ncURL error 6: Could not resolve host: oauth2.googleapis.com (see https://curl.haxx.se/libcurl/c/libcurl-errors.html)','',0,'2023-03-08 19:47:10'),(47,'Mailer: Gmail\r\ncURL error 6: Could not resolve host: oauth2.googleapis.com (see https://curl.haxx.se/libcurl/c/libcurl-errors.html)','',0,'2023-03-08 19:48:54'),(48,'Mailer: Gmail\r\ncURL error 6: Could not resolve host: oauth2.googleapis.com (see https://curl.haxx.se/libcurl/c/libcurl-errors.html)','',0,'2023-03-08 19:50:56'),(49,'Mailer: Gmail\r\ncURL error 6: Could not resolve host: oauth2.googleapis.com (see https://curl.haxx.se/libcurl/c/libcurl-errors.html)','',0,'2023-03-08 20:43:32'),(50,'Mailer: Gmail\r\ncURL error 6: Could not resolve host: oauth2.googleapis.com (see https://curl.haxx.se/libcurl/c/libcurl-errors.html)','',0,'2023-03-08 20:45:18'),(51,'Mailer: Gmail\r\ncURL error 6: Could not resolve host: oauth2.googleapis.com (see https://curl.haxx.se/libcurl/c/libcurl-errors.html)','',0,'2023-03-08 20:49:53'),(52,'Mailer: Gmail\r\ncURL error 6: Could not resolve host: oauth2.googleapis.com (see https://curl.haxx.se/libcurl/c/libcurl-errors.html)','',0,'2023-03-08 20:53:51'),(53,'Mailer: Gmail\r\ncURL error 6: Could not resolve host: oauth2.googleapis.com (see https://curl.haxx.se/libcurl/c/libcurl-errors.html)','',0,'2023-03-08 21:02:59'),(54,'Mailer: Gmail\r\ncURL error 6: Could not resolve host: oauth2.googleapis.com (see https://curl.haxx.se/libcurl/c/libcurl-errors.html)','',0,'2023-03-08 21:15:38'),(55,'Mailer: Gmail\r\ncURL error 6: Could not resolve host: oauth2.googleapis.com (see https://curl.haxx.se/libcurl/c/libcurl-errors.html)','',0,'2023-03-09 02:33:53');

--
-- Table structure for table `wpos_wpmailsmtp_tasks_meta`
--

CREATE TABLE `wpos_wpmailsmtp_tasks_meta` (
  `id` bigint NOT NULL AUTO_INCREMENT,
  `action` varchar(255) COLLATE utf8mb4_unicode_520_ci NOT NULL,
  `data` longtext COLLATE utf8mb4_unicode_520_ci NOT NULL,
  `date` datetime NOT NULL,
  PRIMARY KEY (`id`)
) ENGINE=InnoDB AUTO_INCREMENT=38 DEFAULT CHARSET=utf8mb4 COLLATE=utf8mb4_unicode_520_ci;

--
-- Dumping data for table `wpos_wpmailsmtp_tasks_meta`
--



